{"id":1183,"date":"2024-12-02T11:40:09","date_gmt":"2024-12-02T10:40:09","guid":{"rendered":"https:\/\/www.scouts-europe.org\/eclaireurs\/?page_id=1183"},"modified":"2025-06-03T20:46:46","modified_gmt":"2025-06-03T18:46:46","slug":"progression-personnelle-du-chef","status":"publish","type":"page","link":"https:\/\/www.scouts-europe.org\/eclaireurs\/progression-personnelle-du-chef\/","title":{"rendered":"Progression personnelle du chef"},"content":{"rendered":"\t\t<div data-elementor-type=\"wp-page\" data-elementor-id=\"1183\" class=\"elementor elementor-1183\">\n\t\t\t\t\t\t<section class=\"elementor-section elementor-top-section elementor-element elementor-element-5bfe24d elementor-section-boxed elementor-section-height-default elementor-section-height-default\" data-id=\"5bfe24d\" data-element_type=\"section\" data-e-type=\"section\">\n\t\t\t\t\t\t<div class=\"elementor-container elementor-column-gap-default\">\n\t\t\t\t\t<div class=\"elementor-column elementor-col-100 elementor-top-column elementor-element elementor-element-77a2a8b\" data-id=\"77a2a8b\" data-element_type=\"column\" data-e-type=\"column\" data-settings=\"{&quot;background_background&quot;:&quot;classic&quot;}\">\n\t\t\t<div class=\"elementor-widget-wrap elementor-element-populated\">\n\t\t\t\t\t\t<div class=\"elementor-element elementor-element-8a3b43d elementor-widget elementor-widget-text-editor\" data-id=\"8a3b43d\" data-element_type=\"widget\" data-e-type=\"widget\" data-widget_type=\"text-editor.default\">\n\t\t\t\t<div class=\"elementor-widget-container\">\n\t\t\t\t\t\t\t\t\t<p class=\"card-text o_default_snippet_text\" style=\"margin-bottom: 16px;color: #212529;font-family: Poppins, 'Odoo Unicode Support Noto', sans-serif;font-size: 15px;font-style: normal;font-weight: 400;text-align: start\">\u00ab\u00a0Je te remercie de ta confiance. Je m\u2019engage \u00e0 t\u2019aider loyalement dans le respect de la loi scoute. Pour servir de mieux en mieux, je m\u2019engage aussi \u00e0 parfaire ma formation technique, p\u00e9dagogique, personnelle.\u00a0\u00bb C\u00e9r\u00e9monial d\u2019all\u00e9geance de l&rsquo;assistant chef de troupe.<\/p><p>Que tu sois chef, ou assistant, au moment de ton investiture, tu t&rsquo;engages \u00e0 poursuivre ta formation. On distingue dans le c\u00e9r\u00e9monial d&rsquo;all\u00e9geance cit\u00e9 juste au dessus, trois axes de formations :<\/p><p class=\"card-text o_default_snippet_text\" style=\"margin-bottom: 16px;color: #212529;font-family: Poppins, 'Odoo Unicode Support Noto', sans-serif;font-size: 15px;font-style: normal;font-weight: 400;text-align: start\">&#8211; la formation personnelle\u00a0: celle-ci, tu l&rsquo;as entam\u00e9 avec la route et tu d\u00e9sir la poursuivre, avant tout pour toi. C&rsquo;est cependant aussi un exemple que tu vas donner \u00e0 tes scouts et qu&rsquo;ils vont suivre;<\/p><p>&#8211; la formation p\u00e9dagogique : c&rsquo;est celle que tu dois d\u00e9sir\u00e9 avoir pour mieux servir tes scouts et que le mouvement te donne via les camps de formations notamment;<br \/>&#8211; la formation technique : pour pouvoir suivre tes scouts dans tous leurs aventures et projets, il va te falloir avoir un niveau technique au minimum \u00e9gale \u00e0 eux, tu va donc devoir te former pour mieux les servir.<\/p><p>Avec ce triptyque de formation, tu vas pouvoir \u00eatre pr\u00eat \u00e0 mieux servir tes scouts, \u00e0 \u00eatre un chef pr\u00eat \u00e0 servir.<\/p><blockquote style=\"margin-bottom: 16px;color: #212529;font-family: Poppins, 'Odoo Unicode Support Noto', sans-serif;font-size: 15px;font-style: normal;font-weight: 400;text-align: center\">\u00ab Sois pr\u00eat; et pour cela il faut que tu pratiques :<br \/>On n&rsquo;improvise pas les actes h\u00e9ro\u00efques,<br \/>Ils sont le r\u00e9sultat de long labeurs sto\u00efques. \u00bb<br \/>P\u00e8re Sevin (chant \u201c\u00catre pr\u00eat\u201d, 1921)\u00a0<\/blockquote>\t\t\t\t\t\t\t\t<\/div>\n\t\t\t\t<\/div>\n\t\t\t\t\t<\/div>\n\t\t<\/div>\n\t\t\t\t\t<\/div>\n\t\t<\/section>\n\t\t\t\t<section class=\"elementor-section elementor-top-section elementor-element elementor-element-bf23e3c elementor-section-boxed elementor-section-height-default elementor-section-height-default\" data-id=\"bf23e3c\" data-element_type=\"section\" data-e-type=\"section\">\n\t\t\t\t\t\t<div class=\"elementor-container elementor-column-gap-default\">\n\t\t\t\t\t<div class=\"elementor-column elementor-col-100 elementor-top-column elementor-element elementor-element-156bc84\" data-id=\"156bc84\" data-element_type=\"column\" data-e-type=\"column\" data-settings=\"{&quot;background_background&quot;:&quot;classic&quot;}\">\n\t\t\t<div class=\"elementor-widget-wrap elementor-element-populated\">\n\t\t\t\t\t\t<div class=\"elementor-element elementor-element-ae6e527 elementor-widget elementor-widget-spacer\" data-id=\"ae6e527\" data-element_type=\"widget\" data-e-type=\"widget\" data-widget_type=\"spacer.default\">\n\t\t\t\t<div class=\"elementor-widget-container\">\n\t\t\t\t\t\t\t<div class=\"elementor-spacer\">\n\t\t\t<div class=\"elementor-spacer-inner\"><\/div>\n\t\t<\/div>\n\t\t\t\t\t\t<\/div>\n\t\t\t\t<\/div>\n\t\t\t\t<div class=\"elementor-element elementor-element-5614170 elementor-widget elementor-widget-heading\" data-id=\"5614170\" data-element_type=\"widget\" data-e-type=\"widget\" data-widget_type=\"heading.default\">\n\t\t\t\t<div class=\"elementor-widget-container\">\n\t\t\t\t\t<h2 class=\"elementor-heading-title elementor-size-default\">Le CLAN Inter-Maitrise<\/h2>\t\t\t\t<\/div>\n\t\t\t\t<\/div>\n\t\t\t\t<div class=\"elementor-element elementor-element-d01aba0 elementor-widget elementor-widget-spacer\" data-id=\"d01aba0\" data-element_type=\"widget\" data-e-type=\"widget\" data-widget_type=\"spacer.default\">\n\t\t\t\t<div class=\"elementor-widget-container\">\n\t\t\t\t\t\t\t<div class=\"elementor-spacer\">\n\t\t\t<div class=\"elementor-spacer-inner\"><\/div>\n\t\t<\/div>\n\t\t\t\t\t\t<\/div>\n\t\t\t\t<\/div>\n\t\t\t\t<div class=\"elementor-element elementor-element-f48a0d8 elementor-widget elementor-widget-text-editor\" data-id=\"f48a0d8\" data-element_type=\"widget\" data-e-type=\"widget\" data-widget_type=\"text-editor.default\">\n\t\t\t\t<div class=\"elementor-widget-container\">\n\t\t\t\t\t\t\t\t\t<h3>plus couramment appel\u00e9 le CLIM<\/h3>\n<div id=\"attachment_549\" class=\"wp-caption alignright\">\n<p id=\"caption-attachment-549\" class=\"wp-caption-text\">\n<\/p><\/div>\n<p>Cette \u00e9quipe a pour objectif de t&rsquo;aider \u00e0 poursuivre ta formation personnelle. Comme tu l&rsquo;as promis lors de ton investiture de chef ou d&rsquo;assistant. Le CLIM est mis en place pour ton commissaire de district avec l&rsquo;aide de ton chef de clan ou d&rsquo;un assistant. Il te propose des activit\u00e9s dans l&rsquo;ann\u00e9e, que ce soit des soir\u00e9es ou des week-end. Cela te permet de mieux connaitre les autres chefs de ton district, d&rsquo;\u00e9changer avec eux, de vous soutenir, mais aussi d&rsquo;avancer dans ta vie d&rsquo;homme.<\/p>\t\t\t\t\t\t\t\t<\/div>\n\t\t\t\t<\/div>\n\t\t\t\t\t<\/div>\n\t\t<\/div>\n\t\t\t\t\t<\/div>\n\t\t<\/section>\n\t\t\t\t<\/div>\n\t\t","protected":false},"excerpt":{"rendered":"<p>\u00ab\u00a0Je te remercie de ta confiance. Je m\u2019engage \u00e0 t\u2019aider loyalement dans le respect de la loi scoute. Pour servir de mieux en mieux, je m\u2019engage aussi \u00e0 parfaire ma formation technique, p\u00e9dagogique, personnelle.\u00a0\u00bb C\u00e9r\u00e9monial d\u2019all\u00e9geance de l&rsquo;assistant chef de troupe. Que tu sois chef, ou assistant, au moment de ton investiture, tu t&rsquo;engages \u00e0 [&hellip;]<\/p>\n","protected":false},"author":4,"featured_media":3126,"parent":0,"menu_order":0,"comment_status":"closed","ping_status":"closed","template":"","meta":{"_seopress_robots_primary_cat":"","_seopress_titles_title":"","_seopress_titles_desc":"","_seopress_robots_index":"","site-sidebar-layout":"no-sidebar","site-content-layout":"page-builder","ast-site-content-layout":"full-width-container","site-content-style":"default","site-sidebar-style":"default","ast-global-header-display":"","ast-banner-title-visibility":"","ast-main-header-display":"","ast-hfb-above-header-display":"","ast-hfb-below-header-display":"","ast-hfb-mobile-header-display":"","site-post-title":"disabled","ast-breadcrumbs-content":"","ast-featured-img":"disabled","footer-sml-layout":"","theme-transparent-header-meta":"","adv-header-id-meta":"","stick-header-meta":"","header-above-stick-meta":"","header-main-stick-meta":"","header-below-stick-meta":"","astra-migrate-meta-layouts":"set","ast-page-background-enabled":"default","ast-page-background-meta":{"desktop":{"background-color":"var(--ast-global-color-4)","background-image":"","background-repeat":"repeat","background-position":"center center","background-size":"auto","background-attachment":"scroll","background-type":"","background-media":"","overlay-type":"","overlay-color":"","overlay-opacity":"","overlay-gradient":""},"tablet":{"background-color":"","background-image":"","background-repeat":"repeat","background-position":"center center","background-size":"auto","background-attachment":"scroll","background-type":"","background-media":"","overlay-type":"","overlay-color":"","overlay-opacity":"","overlay-gradient":""},"mobile":{"background-color":"","background-image":"","background-repeat":"repeat","background-position":"center center","background-size":"auto","background-attachment":"scroll","background-type":"","background-media":"","overlay-type":"","overlay-color":"","overlay-opacity":"","overlay-gradient":""}},"ast-content-background-meta":{"desktop":{"background-color":"var(--ast-global-color-5)","background-image":"","background-repeat":"repeat","background-position":"center center","background-size":"auto","background-attachment":"scroll","background-type":"","background-media":"","overlay-type":"","overlay-color":"","overlay-opacity":"","overlay-gradient":""},"tablet":{"background-color":"var(--ast-global-color-5)","background-image":"","background-repeat":"repeat","background-position":"center center","background-size":"auto","background-attachment":"scroll","background-type":"","background-media":"","overlay-type":"","overlay-color":"","overlay-opacity":"","overlay-gradient":""},"mobile":{"background-color":"var(--ast-global-color-5)","background-image":"","background-repeat":"repeat","background-position":"center center","background-size":"auto","background-attachment":"scroll","background-type":"","background-media":"","overlay-type":"","overlay-color":"","overlay-opacity":"","overlay-gradient":""}},"footnotes":""},"class_list":["post-1183","page","type-page","status-publish","has-post-thumbnail","hentry"],"_links":{"self":[{"href":"https:\/\/www.scouts-europe.org\/eclaireurs\/wp-json\/wp\/v2\/pages\/1183","targetHints":{"allow":["GET"]}}],"collection":[{"href":"https:\/\/www.scouts-europe.org\/eclaireurs\/wp-json\/wp\/v2\/pages"}],"about":[{"href":"https:\/\/www.scouts-europe.org\/eclaireurs\/wp-json\/wp\/v2\/types\/page"}],"author":[{"embeddable":true,"href":"https:\/\/www.scouts-europe.org\/eclaireurs\/wp-json\/wp\/v2\/users\/4"}],"replies":[{"embeddable":true,"href":"https:\/\/www.scouts-europe.org\/eclaireurs\/wp-json\/wp\/v2\/comments?post=1183"}],"version-history":[{"count":23,"href":"https:\/\/www.scouts-europe.org\/eclaireurs\/wp-json\/wp\/v2\/pages\/1183\/revisions"}],"predecessor-version":[{"id":3577,"href":"https:\/\/www.scouts-europe.org\/eclaireurs\/wp-json\/wp\/v2\/pages\/1183\/revisions\/3577"}],"wp:featuredmedia":[{"embeddable":true,"href":"https:\/\/www.scouts-europe.org\/eclaireurs\/wp-json\/wp\/v2\/media\/3126"}],"wp:attachment":[{"href":"https:\/\/www.scouts-europe.org\/eclaireurs\/wp-json\/wp\/v2\/media?parent=1183"}],"curies":[{"name":"wp","href":"https:\/\/api.w.org\/{rel}","templated":true}]}}