{"id":1378,"date":"2025-01-15T10:22:32","date_gmt":"2025-01-15T09:22:32","guid":{"rendered":"https:\/\/www.scouts-europe.org\/eclaireurs\/?page_id=1378"},"modified":"2025-06-02T20:24:35","modified_gmt":"2025-06-02T18:24:35","slug":"la-progression","status":"publish","type":"page","link":"https:\/\/www.scouts-europe.org\/eclaireurs\/les-fondamentaux-pedagogique\/la-progression\/","title":{"rendered":"La progression"},"content":{"rendered":"\t\t<div data-elementor-type=\"wp-page\" data-elementor-id=\"1378\" class=\"elementor elementor-1378\">\n\t\t\t\t\t\t<section class=\"elementor-section elementor-top-section elementor-element elementor-element-6de95938 elementor-section-boxed elementor-section-height-default elementor-section-height-default\" data-id=\"6de95938\" data-element_type=\"section\" data-e-type=\"section\">\n\t\t\t\t\t\t<div class=\"elementor-container elementor-column-gap-default\">\n\t\t\t\t\t<div class=\"elementor-column elementor-col-100 elementor-top-column elementor-element elementor-element-2665fb03\" data-id=\"2665fb03\" data-element_type=\"column\" data-e-type=\"column\" data-settings=\"{&quot;background_background&quot;:&quot;classic&quot;}\">\n\t\t\t<div class=\"elementor-widget-wrap elementor-element-populated\">\n\t\t\t\t\t\t<div class=\"elementor-element elementor-element-47afeda elementor-widget elementor-widget-heading\" data-id=\"47afeda\" data-element_type=\"widget\" data-e-type=\"widget\" data-widget_type=\"heading.default\">\n\t\t\t\t<div class=\"elementor-widget-container\">\n\t\t\t\t\t<h2 class=\"elementor-heading-title elementor-size-default\">La promesse<\/h2>\t\t\t\t<\/div>\n\t\t\t\t<\/div>\n\t\t\t\t<div class=\"elementor-element elementor-element-0834c26 elementor-widget elementor-widget-text-editor\" data-id=\"0834c26\" data-element_type=\"widget\" data-e-type=\"widget\" data-widget_type=\"text-editor.default\">\n\t\t\t\t<div class=\"elementor-widget-container\">\n\t\t\t\t\t\t\t\t\t<p class=\"has-text-align-center has-ast-global-color-0-color has-text-color has-link-color has-medium-font-size\"><strong>\u00ab\u00a0<em>Sur mon honneur, <\/em><br \/><em>avec la gr\u00e2ce de Dieu, <\/em><br \/><em>je m&rsquo;engage \u00e0 servir de mon mieux <\/em><br \/><em>Dieu, l&rsquo;Eglise, ma patrie et l&rsquo;Europe, <\/em><br \/><em>\u00e0 aider mon prochain en toutes circonstances, <\/em><br \/><em>\u00e0 observer la loi guide<\/em>. \u00ab\u00a0<\/strong><\/p>\n<p><!-- \/wp:paragraph --><!-- wp:paragraph --><\/p>\n<p>La <a href=\"https:\/\/www.scouts-europe.org\/eclaireuses\/etre-guide-deurope\/textes-du-ceremonial\/\">promesse<\/a> est la premi\u00e8re \u00e9tape de la vie scoute. C&rsquo;est l&rsquo;engagement qu&rsquo;un scout prend devant tous de vouloir vivre de la belle loi scoute !<\/p>\t\t\t\t\t\t\t\t<\/div>\n\t\t\t\t<\/div>\n\t\t\t\t<div class=\"elementor-element elementor-element-7decdb3 elementor-widget elementor-widget-heading\" data-id=\"7decdb3\" data-element_type=\"widget\" data-e-type=\"widget\" data-widget_type=\"heading.default\">\n\t\t\t\t<div class=\"elementor-widget-container\">\n\t\t\t\t\t<h2 class=\"elementor-heading-title elementor-size-default\">\n\n\nLes classes, badges et brevets majeurs<\/h2>\t\t\t\t<\/div>\n\t\t\t\t<\/div>\n\t\t\t\t<div class=\"elementor-element elementor-element-48d01f2 elementor-widget elementor-widget-text-editor\" data-id=\"48d01f2\" data-element_type=\"widget\" data-e-type=\"widget\" data-widget_type=\"text-editor.default\">\n\t\t\t\t<div class=\"elementor-widget-container\">\n\t\t\t\t\t\t\t\t\t<p>Apr\u00e8s la promesse, le scout continuera \u00e0 progresser avec les classes (2nd puis 1\u00e8re) et il pourra orner sa manche de badges et brevets majeurs qu&rsquo;il auras acquis fi\u00e8rement afin de suivre les pas du P\u00e8re Sevin :<\/p>\n<blockquote>\n<p>\u00ab\u00a0Il faut se cr\u00e9er le plus de comp\u00e9tences possibles afin de rendre service le plus souvent possible\u00a0\u00bb<\/p>\n<\/blockquote>\n<p>Ces axes de progression permettent de devenir moteur dans la patrouille et la troupe. Chaque \u00e9preuve valid\u00e9e lui permettra de grandir dans tous les buts du scoutisme<\/p>\n<p>\u00a0<\/p>\t\t\t\t\t\t\t\t<\/div>\n\t\t\t\t<\/div>\n\t\t\t\t\t<\/div>\n\t\t<\/div>\n\t\t\t\t\t<\/div>\n\t\t<\/section>\n\t\t\t\t<\/div>\n\t\t","protected":false},"excerpt":{"rendered":"<p>La promesse \u00ab\u00a0Sur mon honneur, avec la gr\u00e2ce de Dieu, je m&rsquo;engage \u00e0 servir de mon mieux Dieu, l&rsquo;Eglise, ma patrie et l&rsquo;Europe, \u00e0 aider mon prochain en toutes circonstances, \u00e0 observer la loi guide. \u00ab\u00a0 La promesse est la premi\u00e8re \u00e9tape de la vie scoute. C&rsquo;est l&rsquo;engagement qu&rsquo;un scout prend devant tous de vouloir [&hellip;]<\/p>\n","protected":false},"author":4,"featured_media":3126,"parent":1297,"menu_order":0,"comment_status":"closed","ping_status":"closed","template":"elementor_header_footer","meta":{"_seopress_robots_primary_cat":"","_seopress_titles_title":"","_seopress_titles_desc":"","_seopress_robots_index":"","site-sidebar-layout":"default","site-content-layout":"","ast-site-content-layout":"default","site-content-style":"default","site-sidebar-style":"default","ast-global-header-display":"","ast-banner-title-visibility":"","ast-main-header-display":"","ast-hfb-above-header-display":"","ast-hfb-below-header-display":"","ast-hfb-mobile-header-display":"","site-post-title":"disabled","ast-breadcrumbs-content":"","ast-featured-img":"","footer-sml-layout":"","theme-transparent-header-meta":"","adv-header-id-meta":"","stick-header-meta":"","header-above-stick-meta":"","header-main-stick-meta":"","header-below-stick-meta":"","astra-migrate-meta-layouts":"set","ast-page-background-enabled":"default","ast-page-background-meta":{"desktop":{"background-color":"var(--ast-global-color-4)","background-image":"","background-repeat":"repeat","background-position":"center center","background-size":"auto","background-attachment":"scroll","background-type":"","background-media":"","overlay-type":"","overlay-color":"","overlay-opacity":"","overlay-gradient":""},"tablet":{"background-color":"","background-image":"","background-repeat":"repeat","background-position":"center center","background-size":"auto","background-attachment":"scroll","background-type":"","background-media":"","overlay-type":"","overlay-color":"","overlay-opacity":"","overlay-gradient":""},"mobile":{"background-color":"","background-image":"","background-repeat":"repeat","background-position":"center center","background-size":"auto","background-attachment":"scroll","background-type":"","background-media":"","overlay-type":"","overlay-color":"","overlay-opacity":"","overlay-gradient":""}},"ast-content-background-meta":{"desktop":{"background-color":"var(--ast-global-color-5)","background-image":"","background-repeat":"repeat","background-position":"center center","background-size":"auto","background-attachment":"scroll","background-type":"","background-media":"","overlay-type":"","overlay-color":"","overlay-opacity":"","overlay-gradient":""},"tablet":{"background-color":"var(--ast-global-color-5)","background-image":"","background-repeat":"repeat","background-position":"center center","background-size":"auto","background-attachment":"scroll","background-type":"","background-media":"","overlay-type":"","overlay-color":"","overlay-opacity":"","overlay-gradient":""},"mobile":{"background-color":"var(--ast-global-color-5)","background-image":"","background-repeat":"repeat","background-position":"center center","background-size":"auto","background-attachment":"scroll","background-type":"","background-media":"","overlay-type":"","overlay-color":"","overlay-opacity":"","overlay-gradient":""}},"footnotes":""},"class_list":["post-1378","page","type-page","status-publish","has-post-thumbnail","hentry"],"_links":{"self":[{"href":"https:\/\/www.scouts-europe.org\/eclaireurs\/wp-json\/wp\/v2\/pages\/1378","targetHints":{"allow":["GET"]}}],"collection":[{"href":"https:\/\/www.scouts-europe.org\/eclaireurs\/wp-json\/wp\/v2\/pages"}],"about":[{"href":"https:\/\/www.scouts-europe.org\/eclaireurs\/wp-json\/wp\/v2\/types\/page"}],"author":[{"embeddable":true,"href":"https:\/\/www.scouts-europe.org\/eclaireurs\/wp-json\/wp\/v2\/users\/4"}],"replies":[{"embeddable":true,"href":"https:\/\/www.scouts-europe.org\/eclaireurs\/wp-json\/wp\/v2\/comments?post=1378"}],"version-history":[{"count":52,"href":"https:\/\/www.scouts-europe.org\/eclaireurs\/wp-json\/wp\/v2\/pages\/1378\/revisions"}],"predecessor-version":[{"id":3535,"href":"https:\/\/www.scouts-europe.org\/eclaireurs\/wp-json\/wp\/v2\/pages\/1378\/revisions\/3535"}],"up":[{"embeddable":true,"href":"https:\/\/www.scouts-europe.org\/eclaireurs\/wp-json\/wp\/v2\/pages\/1297"}],"wp:featuredmedia":[{"embeddable":true,"href":"https:\/\/www.scouts-europe.org\/eclaireurs\/wp-json\/wp\/v2\/media\/3126"}],"wp:attachment":[{"href":"https:\/\/www.scouts-europe.org\/eclaireurs\/wp-json\/wp\/v2\/media?parent=1378"}],"curies":[{"name":"wp","href":"https:\/\/api.w.org\/{rel}","templated":true}]}}