{"id":1303,"date":"2024-12-16T11:42:28","date_gmt":"2024-12-16T10:42:28","guid":{"rendered":"https:\/\/www.scouts-europe.org\/eclaireuses\/?page_id=1303"},"modified":"2025-10-18T16:12:57","modified_gmt":"2025-10-18T14:12:57","slug":"altair","status":"publish","type":"page","link":"https:\/\/www.scouts-europe.org\/eclaireuses\/altair\/","title":{"rendered":"Alta\u00efr"},"content":{"rendered":"\t\t<div data-elementor-type=\"wp-page\" data-elementor-id=\"1303\" class=\"elementor elementor-1303\">\n\t\t\t\t\t\t<section class=\"elementor-section elementor-top-section elementor-element elementor-element-ddaa36f elementor-section-boxed elementor-section-height-default elementor-section-height-default\" data-id=\"ddaa36f\" data-element_type=\"section\" data-e-type=\"section\">\n\t\t\t\t\t\t<div class=\"elementor-container elementor-column-gap-default\">\n\t\t\t\t\t<div class=\"elementor-column elementor-col-50 elementor-top-column elementor-element elementor-element-f11c22f\" data-id=\"f11c22f\" data-element_type=\"column\" data-e-type=\"column\" data-settings=\"{&quot;background_background&quot;:&quot;classic&quot;}\">\n\t\t\t<div class=\"elementor-widget-wrap elementor-element-populated\">\n\t\t\t\t\t\t<div class=\"elementor-element elementor-element-f424e74 elementor-widget elementor-widget-spacer\" data-id=\"f424e74\" data-element_type=\"widget\" data-e-type=\"widget\" data-widget_type=\"spacer.default\">\n\t\t\t\t<div class=\"elementor-widget-container\">\n\t\t\t\t\t\t\t<div class=\"elementor-spacer\">\n\t\t\t<div class=\"elementor-spacer-inner\"><\/div>\n\t\t<\/div>\n\t\t\t\t\t\t<\/div>\n\t\t\t\t<\/div>\n\t\t\t\t<div class=\"elementor-element elementor-element-ad91342 elementor-widget elementor-widget-text-editor\" data-id=\"ad91342\" data-element_type=\"widget\" data-e-type=\"widget\" data-widget_type=\"text-editor.default\">\n\t\t\t\t<div class=\"elementor-widget-container\">\n\t\t\t\t\t\t\t\t\t<p>Tu es CP, tu cherches, pour ta patrouille, un but qui l\u2019aide \u00e0 avancer ?Tu es guide d\u2019Europe et tu as soif d\u2019aventure \u00e0 ta mesure ?<br \/>Tu as envie d\u2019aller toujours plus haut ? Toujours plus loin ?Nous te proposons d\u2019accrocher tes r\u00eaves \u00e0 une \u00e9toile\u2026<\/p><p>Cette \u00e9toile, c\u2019est Alta\u00efr.\u00a0<strong>Es-tu pr\u00eate \u00e0 partir pour l\u2019aventure ?<\/strong><\/p>\t\t\t\t\t\t\t\t<\/div>\n\t\t\t\t<\/div>\n\t\t\t\t\t<\/div>\n\t\t<\/div>\n\t\t\t\t<div class=\"elementor-column elementor-col-50 elementor-top-column elementor-element elementor-element-c146910\" data-id=\"c146910\" data-element_type=\"column\" data-e-type=\"column\" data-settings=\"{&quot;background_background&quot;:&quot;classic&quot;}\">\n\t\t\t<div class=\"elementor-widget-wrap elementor-element-populated\">\n\t\t\t\t\t\t<div class=\"elementor-element elementor-element-ae0eccb elementor-widget elementor-widget-image\" data-id=\"ae0eccb\" data-element_type=\"widget\" data-e-type=\"widget\" data-widget_type=\"image.default\">\n\t\t\t\t<div class=\"elementor-widget-container\">\n\t\t\t\t\t\t\t\t\t\t\t\t\t\t\t<img decoding=\"async\" width=\"150\" height=\"150\" src=\"https:\/\/www.scouts-europe.org\/eclaireuses\/wp-content\/uploads\/sites\/105\/2025\/01\/altair-1-1-150x150-1.png\" class=\"attachment-large size-large wp-image-1508\" alt=\"altair 1 1 150x150 1\" srcset=\"https:\/\/www.scouts-europe.org\/eclaireuses\/wp-content\/uploads\/sites\/105\/2025\/01\/altair-1-1-150x150-1.png 150w, https:\/\/www.scouts-europe.org\/eclaireuses\/wp-content\/uploads\/sites\/105\/2025\/01\/elementor\/thumbs\/altair-1-1-150x150-1-r0buyb5ts5l91xn8ld2pcmm68rrj9yjc82h0j63v5g.png 50w, https:\/\/www.scouts-europe.org\/eclaireuses\/wp-content\/uploads\/sites\/105\/2025\/01\/elementor\/thumbs\/altair-1-1-150x150-1-r0buyb5ue2zguxq3stiaeo1crfvclu575yrllvch60.png 100w\" sizes=\"(max-width: 150px) 100vw, 150px\" \/>\t\t\t\t\t\t\t\t\t\t\t\t\t\t\t<\/div>\n\t\t\t\t<\/div>\n\t\t\t\t\t<\/div>\n\t\t<\/div>\n\t\t\t\t\t<\/div>\n\t\t<\/section>\n\t\t\t\t<section class=\"elementor-section elementor-top-section elementor-element elementor-element-dc97ce6 elementor-section-boxed elementor-section-height-default elementor-section-height-default\" data-id=\"dc97ce6\" data-element_type=\"section\" data-e-type=\"section\" data-settings=\"{&quot;background_background&quot;:&quot;classic&quot;}\">\n\t\t\t\t\t\t<div class=\"elementor-container elementor-column-gap-default\">\n\t\t\t\t\t<div class=\"elementor-column elementor-col-100 elementor-top-column elementor-element elementor-element-3d1cda0\" data-id=\"3d1cda0\" data-element_type=\"column\" data-e-type=\"column\">\n\t\t\t<div class=\"elementor-widget-wrap elementor-element-populated\">\n\t\t\t\t\t\t<div class=\"elementor-element elementor-element-40ee1cd elementor-widget elementor-widget-text-editor\" data-id=\"40ee1cd\" data-element_type=\"widget\" data-e-type=\"widget\" data-widget_type=\"text-editor.default\">\n\t\t\t\t<div class=\"elementor-widget-container\">\n\t\t\t\t\t\t\t\t\t<blockquote><p style=\"text-align: center\">Pas s\u00fbre de r\u00e9ussir ?\u2026 \u00c9coute Baden-Powell te dire :<br \/>\u00ab Rester immobile ne sert \u00e0 rien. Il faut choisir entre progresser ou r\u00e9gresser. Allons donc de l\u2019avant et le sourire aux l\u00e8vres. \u00bb<br \/>Tente quand m\u00eame l\u2019aventure !<\/p><\/blockquote>\t\t\t\t\t\t\t\t<\/div>\n\t\t\t\t<\/div>\n\t\t\t\t\t<\/div>\n\t\t<\/div>\n\t\t\t\t\t<\/div>\n\t\t<\/section>\n\t\t\t\t<section class=\"elementor-section elementor-top-section elementor-element elementor-element-f6353c5 elementor-section-boxed elementor-section-height-default elementor-section-height-default\" data-id=\"f6353c5\" data-element_type=\"section\" data-e-type=\"section\">\n\t\t\t\t\t\t<div class=\"elementor-container elementor-column-gap-default\">\n\t\t\t\t\t<div class=\"elementor-column elementor-col-100 elementor-top-column elementor-element elementor-element-91bbb9d\" data-id=\"91bbb9d\" data-element_type=\"column\" data-e-type=\"column\" data-settings=\"{&quot;background_background&quot;:&quot;classic&quot;}\">\n\t\t\t<div class=\"elementor-widget-wrap elementor-element-populated\">\n\t\t\t\t\t\t<div class=\"elementor-element elementor-element-26d9508 elementor-widget elementor-widget-spacer\" data-id=\"26d9508\" data-element_type=\"widget\" data-e-type=\"widget\" data-widget_type=\"spacer.default\">\n\t\t\t\t<div class=\"elementor-widget-container\">\n\t\t\t\t\t\t\t<div class=\"elementor-spacer\">\n\t\t\t<div class=\"elementor-spacer-inner\"><\/div>\n\t\t<\/div>\n\t\t\t\t\t\t<\/div>\n\t\t\t\t<\/div>\n\t\t\t\t<div class=\"elementor-element elementor-element-87556d6 elementor-widget elementor-widget-heading\" data-id=\"87556d6\" data-element_type=\"widget\" data-e-type=\"widget\" data-widget_type=\"heading.default\">\n\t\t\t\t<div class=\"elementor-widget-container\">\n\t\t\t\t\t<h2 class=\"elementor-heading-title elementor-size-default\">Conditions de d\u00e9part<\/h2>\t\t\t\t<\/div>\n\t\t\t\t<\/div>\n\t\t\t\t<div class=\"elementor-element elementor-element-33deb70 elementor-widget elementor-widget-text-editor\" data-id=\"33deb70\" data-element_type=\"widget\" data-e-type=\"widget\" data-widget_type=\"text-editor.default\">\n\t\t\t\t<div class=\"elementor-widget-container\">\n\t\t\t\t\t\t\t\t\t<h5>Pour MISSION ALTA\u00cfR :<\/h5><ul><li>Patrouille de 6 \u00e0 8 guides maximum (5 minimum pour une patrouille libre)<\/li><li>Un niveau minimal : l<strong><span style=\"font-weight: 400\">es niveaux exig\u00e9s pour candidater puis valider la qualification Alta\u00efr en fin d\u2019ann\u00e9e sont d\u00e9taill\u00e9s dans <a href=\"https:\/\/www.scouts-europe.org\/eclaireuses\/wp-content\/uploads\/sites\/105\/2025\/10\/Tableau-de-progression-individuelle.pdf\">ce tableau<\/a>. Ils tiennent compte de la configuration de ta patrouille. Si ta patrouille n\u2019est pas dans une de ces configurations, n\u2019h\u00e9site pas \u00e0 aller voir le projet <a href=\"https:\/\/www.scouts-europe.org\/eclaireuses\/coin-de-pat\/defi-phoenix\/\">Phoenix<\/a>.<\/span><\/strong><\/li><li><span style=\"font-weight: 400\">Une fiche d\u2019inscription \u00e0 compl\u00e9ter en CDP et faire valider par ta CCie dans le dossier d\u2019ann\u00e9e avant le <strong>31 octobre<\/strong> si une guide de la patrouille est candidate pour Semper Fidelis, et d\u2019ici le <strong>15 novembre<\/strong> pour les autres.<\/span><\/li><\/ul>\t\t\t\t\t\t\t\t<\/div>\n\t\t\t\t<\/div>\n\t\t\t\t\t<\/div>\n\t\t<\/div>\n\t\t\t\t\t<\/div>\n\t\t<\/section>\n\t\t\t\t<section class=\"elementor-section elementor-top-section elementor-element elementor-element-b13e62d elementor-section-boxed elementor-section-height-default elementor-section-height-default\" data-id=\"b13e62d\" data-element_type=\"section\" data-e-type=\"section\">\n\t\t\t\t\t\t<div class=\"elementor-container elementor-column-gap-default\">\n\t\t\t\t\t<div class=\"elementor-column elementor-col-100 elementor-top-column elementor-element elementor-element-0858d46\" data-id=\"0858d46\" data-element_type=\"column\" data-e-type=\"column\" data-settings=\"{&quot;background_background&quot;:&quot;classic&quot;}\">\n\t\t\t<div class=\"elementor-widget-wrap elementor-element-populated\">\n\t\t\t\t\t\t<div class=\"elementor-element elementor-element-5388672 elementor-widget elementor-widget-spacer\" data-id=\"5388672\" data-element_type=\"widget\" data-e-type=\"widget\" data-widget_type=\"spacer.default\">\n\t\t\t\t<div class=\"elementor-widget-container\">\n\t\t\t\t\t\t\t<div class=\"elementor-spacer\">\n\t\t\t<div class=\"elementor-spacer-inner\"><\/div>\n\t\t<\/div>\n\t\t\t\t\t\t<\/div>\n\t\t\t\t<\/div>\n\t\t\t\t<div class=\"elementor-element elementor-element-674c009 elementor-widget elementor-widget-heading\" data-id=\"674c009\" data-element_type=\"widget\" data-e-type=\"widget\" data-widget_type=\"heading.default\">\n\t\t\t\t<div class=\"elementor-widget-container\">\n\t\t\t\t\t<h2 class=\"elementor-heading-title elementor-size-default\">4 axes de mission Alta\u00efr<\/h2>\t\t\t\t<\/div>\n\t\t\t\t<\/div>\n\t\t\t\t\t<\/div>\n\t\t<\/div>\n\t\t\t\t\t<\/div>\n\t\t<\/section>\n\t\t\t\t<section class=\"elementor-section elementor-top-section elementor-element elementor-element-5da8e77 elementor-section-boxed elementor-section-height-default elementor-section-height-default\" data-id=\"5da8e77\" data-element_type=\"section\" data-e-type=\"section\">\n\t\t\t\t\t\t<div class=\"elementor-container elementor-column-gap-default\">\n\t\t\t\t\t<div class=\"elementor-column elementor-col-50 elementor-top-column elementor-element elementor-element-5df998c\" data-id=\"5df998c\" data-element_type=\"column\" data-e-type=\"column\" data-settings=\"{&quot;background_background&quot;:&quot;classic&quot;}\">\n\t\t\t<div class=\"elementor-widget-wrap elementor-element-populated\">\n\t\t\t\t\t\t<div class=\"elementor-element elementor-element-740ef6e elementor-widget elementor-widget-spacer\" data-id=\"740ef6e\" data-element_type=\"widget\" data-e-type=\"widget\" data-widget_type=\"spacer.default\">\n\t\t\t\t<div class=\"elementor-widget-container\">\n\t\t\t\t\t\t\t<div class=\"elementor-spacer\">\n\t\t\t<div class=\"elementor-spacer-inner\"><\/div>\n\t\t<\/div>\n\t\t\t\t\t\t<\/div>\n\t\t\t\t<\/div>\n\t\t\t\t<div class=\"elementor-element elementor-element-c90d7fb elementor-widget elementor-widget-text-editor\" data-id=\"c90d7fb\" data-element_type=\"widget\" data-e-type=\"widget\" data-widget_type=\"text-editor.default\">\n\t\t\t\t<div class=\"elementor-widget-container\">\n\t\t\t\t\t\t\t\t\t<h2>1. La progression\u00a0<\/h2><ul><li><span style=\"font-weight: 400\">La patrouille valide le <a href=\"https:\/\/www.scouts-europe.org\/eclaireuses\/wp-content\/uploads\/sites\/105\/2025\/10\/Tableau-de-progression-individuelle.pdf\">niveau minimal de progression<\/a>.\u00a0<\/span><\/li><\/ul><p><i><span style=\"font-weight: 400\">N\u2019oublie pas qu\u2019une guide 1\u00e8re classe suppl\u00e9mentaire permet de compter pour le pr\u00e9-requis de 2nde classe !\u00a0<\/span><\/i><\/p><ul><li><span style=\"font-weight: 400\">Obtenir, pour chaque guide, une classe ou badge suppl\u00e9mentaire, selon les objectifs fix\u00e9s et correspondant aux objectifs minimaux attendus. <\/span>Les aspirantes prononcent leur promesse avant le camp.<\/li><\/ul><h2>2. Campisme<\/h2><ul><li><p><span style=\"font-weight: 400\">Camper 10 nuits<\/span><span style=\"font-weight: 400\"> sous tente (en patrouille ou en compagnie) r\u00e9parties dans l\u2019ann\u00e9e.<\/span><\/p><\/li><li><p><span style=\"font-weight: 400\">Valider tout au long de l\u2019ann\u00e9e les crit\u00e8res de feu, de la cuisine, des installations et du campisme qui sont disponibles dans <a href=\"https:\/\/www.scouts-europe.org\/eclaireuses\/wp-content\/uploads\/sites\/105\/2025\/10\/Altair-Phoenix-Criteres-de-campisme.pdf\">ce tableau<\/a>.\u00a0<\/span><\/p><\/li><\/ul>\t\t\t\t\t\t\t\t<\/div>\n\t\t\t\t<\/div>\n\t\t\t\t\t<\/div>\n\t\t<\/div>\n\t\t\t\t<div class=\"elementor-column elementor-col-50 elementor-top-column elementor-element elementor-element-6f2f1f2\" data-id=\"6f2f1f2\" data-element_type=\"column\" data-e-type=\"column\" data-settings=\"{&quot;background_background&quot;:&quot;classic&quot;}\">\n\t\t\t<div class=\"elementor-widget-wrap elementor-element-populated\">\n\t\t\t\t\t\t<div class=\"elementor-element elementor-element-56d1363 elementor-widget elementor-widget-image\" data-id=\"56d1363\" data-element_type=\"widget\" data-e-type=\"widget\" data-widget_type=\"image.default\">\n\t\t\t\t<div class=\"elementor-widget-container\">\n\t\t\t\t\t\t\t\t\t\t\t\t<figure class=\"wp-caption\">\n\t\t\t\t\t\t\t\t\t\t<img fetchpriority=\"high\" decoding=\"async\" width=\"768\" height=\"512\" src=\"https:\/\/www.scouts-europe.org\/eclaireuses\/wp-content\/uploads\/sites\/105\/2025\/01\/0724_chevreuil_2elucon_missionaltair-marionnettes-1-768x512-1.jpg\" class=\"attachment-large size-large wp-image-2038\" alt=\"0724 chevreuil 2elucon missionaltair marionnettes 1 768x512 1\" srcset=\"https:\/\/www.scouts-europe.org\/eclaireuses\/wp-content\/uploads\/sites\/105\/2025\/01\/0724_chevreuil_2elucon_missionaltair-marionnettes-1-768x512-1.jpg 768w, https:\/\/www.scouts-europe.org\/eclaireuses\/wp-content\/uploads\/sites\/105\/2025\/01\/0724_chevreuil_2elucon_missionaltair-marionnettes-1-768x512-1-300x200.jpg 300w\" sizes=\"(max-width: 768px) 100vw, 768px\" \/>\t\t\t\t\t\t\t\t\t\t\t<figcaption class=\"widget-image-caption wp-caption-text\">Chevreuil 2\u00e8me Lu\u00e7on \u2013 Cr\u00e9ation d\u2019un spectacle de marionnettes (2024)<\/figcaption>\n\t\t\t\t\t\t\t\t\t\t<\/figure>\n\t\t\t\t\t\t\t\t\t<\/div>\n\t\t\t\t<\/div>\n\t\t\t\t\t<\/div>\n\t\t<\/div>\n\t\t\t\t\t<\/div>\n\t\t<\/section>\n\t\t\t\t<section class=\"elementor-section elementor-top-section elementor-element elementor-element-3bd384e elementor-section-boxed elementor-section-height-default elementor-section-height-default\" data-id=\"3bd384e\" data-element_type=\"section\" data-e-type=\"section\">\n\t\t\t\t\t\t<div class=\"elementor-container elementor-column-gap-default\">\n\t\t\t\t\t<div class=\"elementor-column elementor-col-33 elementor-top-column elementor-element elementor-element-5a08046\" data-id=\"5a08046\" data-element_type=\"column\" data-e-type=\"column\" data-settings=\"{&quot;background_background&quot;:&quot;classic&quot;}\">\n\t\t\t<div class=\"elementor-widget-wrap elementor-element-populated\">\n\t\t\t\t\t\t<div class=\"elementor-element elementor-element-3d46ee9 elementor-widget-tablet__width-initial elementor-widget elementor-widget-image\" data-id=\"3d46ee9\" data-element_type=\"widget\" data-e-type=\"widget\" data-widget_type=\"image.default\">\n\t\t\t\t<div class=\"elementor-widget-container\">\n\t\t\t\t\t\t\t\t\t\t\t\t<figure class=\"wp-caption\">\n\t\t\t\t\t\t\t\t\t\t<img decoding=\"async\" width=\"768\" height=\"433\" src=\"https:\/\/www.scouts-europe.org\/eclaireuses\/wp-content\/uploads\/sites\/105\/2025\/01\/0724_panthere_2eavignon-alpilles_wemissionnaire-1-768x433-1.jpg\" class=\"attachment-large size-large wp-image-2039\" alt=\"0724 panthere 2eavignon alpilles wemissionnaire 1 768x433 1\" srcset=\"https:\/\/www.scouts-europe.org\/eclaireuses\/wp-content\/uploads\/sites\/105\/2025\/01\/0724_panthere_2eavignon-alpilles_wemissionnaire-1-768x433-1.jpg 768w, https:\/\/www.scouts-europe.org\/eclaireuses\/wp-content\/uploads\/sites\/105\/2025\/01\/0724_panthere_2eavignon-alpilles_wemissionnaire-1-768x433-1-300x169.jpg 300w\" sizes=\"(max-width: 768px) 100vw, 768px\" \/>\t\t\t\t\t\t\t\t\t\t\t<figcaption class=\"widget-image-caption wp-caption-text\">Panth\u00e8re 2\u00e8me Avignon-Alpilles lors de son WE missionnaire (2024)<\/figcaption>\n\t\t\t\t\t\t\t\t\t\t<\/figure>\n\t\t\t\t\t\t\t\t\t<\/div>\n\t\t\t\t<\/div>\n\t\t\t\t\t<\/div>\n\t\t<\/div>\n\t\t\t\t<div class=\"elementor-column elementor-col-66 elementor-top-column elementor-element elementor-element-88ee648\" data-id=\"88ee648\" data-element_type=\"column\" data-e-type=\"column\" data-settings=\"{&quot;background_background&quot;:&quot;classic&quot;}\">\n\t\t\t<div class=\"elementor-widget-wrap elementor-element-populated\">\n\t\t\t\t\t\t<div class=\"elementor-element elementor-element-a2083c4 elementor-widget-tablet__width-initial elementor-widget elementor-widget-text-editor\" data-id=\"a2083c4\" data-element_type=\"widget\" data-e-type=\"widget\" data-widget_type=\"text-editor.default\">\n\t\t\t\t<div class=\"elementor-widget-container\">\n\t\t\t\t\t\t\t\t\t<h2>3. D\u00e9fi technique\u00a0<\/h2><ul><li><span style=\"font-weight: 400\">Travailler 1 ou 2 badge(s) en patrouille tout en les liant \u00e0 une technique d\u2019ann\u00e9e de la <\/span>compagnie<\/li><li>R\u00e9aliser un d\u00e9fi technique en lien avec ces badges.\u00a0<\/li><\/ul><h2>4. WE Missionnaire\u00a0<\/h2><ul><li><span style=\"font-weight: 400\">Inviter une jeune fille \u00e0 un week-end de patrouille pour lui faire d\u00e9couvrir le scoutisme.<\/span><\/li><li><strong>R\u00e9diger un r\u00e9cit de votre mission<\/strong> pour le publier parmi <a href=\"https:\/\/www.scouts-europe.org\/eclaireuses\/recits-daventure\/\">les r\u00e9cits d&rsquo;aventures\u00a0<\/a><br \/><div id=\"attachment_9453\" class=\"wp-caption aligncenter\">\u00a0<\/div><\/li><\/ul>\t\t\t\t\t\t\t\t<\/div>\n\t\t\t\t<\/div>\n\t\t\t\t\t<\/div>\n\t\t<\/div>\n\t\t\t\t\t<\/div>\n\t\t<\/section>\n\t\t\t\t<section class=\"elementor-section elementor-top-section elementor-element elementor-element-7499577 elementor-section-boxed elementor-section-height-default elementor-section-height-default\" data-id=\"7499577\" data-element_type=\"section\" data-e-type=\"section\">\n\t\t\t\t\t\t<div class=\"elementor-container elementor-column-gap-default\">\n\t\t\t\t\t<div class=\"elementor-column elementor-col-100 elementor-top-column elementor-element elementor-element-54004df\" data-id=\"54004df\" data-element_type=\"column\" data-e-type=\"column\" data-settings=\"{&quot;background_background&quot;:&quot;classic&quot;}\">\n\t\t\t<div class=\"elementor-widget-wrap elementor-element-populated\">\n\t\t\t\t\t\t<div class=\"elementor-element elementor-element-54a3c02 elementor-widget elementor-widget-text-editor\" data-id=\"54a3c02\" data-element_type=\"widget\" data-e-type=\"widget\" data-widget_type=\"text-editor.default\">\n\t\t\t\t<div class=\"elementor-widget-container\">\n\t\t\t\t\t\t\t\t\t<h2>Pr\u00eates \u00e0 vous lancer dans l\u2019aventure ? Rendez-vous sur la page \u201c<a href=\"https:\/\/www.scouts-europe.org\/eclaireuses\/comment-sinscrire\/\">inscription<\/a>\u201d\u00a0!<\/h2><div><ul><li><em>Ta patrouille n\u2019a pas le niveau de d\u00e9part mais tu penses quand m\u00eame pouvoir atteindre le niveau final attendu ? Contacte-nous pour t\u2019inscrire !<\/em><\/li><li><em>Toutes les patrouilles de ta compagnie veulent vivre la mission Alta\u00efr avec un d\u00e9fi de compagnie hors du commun ?\u00a0<br \/>Dis \u00e0 ta cheftaine de nous contacter : il est possible de devenir \u201ccompagnie Alta\u00efr\u201d !<\/em><\/li><\/ul><\/div>\t\t\t\t\t\t\t\t<\/div>\n\t\t\t\t<\/div>\n\t\t\t\t<div class=\"elementor-element elementor-element-68361c4 elementor-widget elementor-widget-text-editor\" data-id=\"68361c4\" data-element_type=\"widget\" data-e-type=\"widget\" data-widget_type=\"text-editor.default\">\n\t\t\t\t<div class=\"elementor-widget-container\">\n\t\t\t\t\t\t\t\t\t<p>Pour toutes questions, vous pouvez contacter l&rsquo;adresse mail suivante :\u00a0<\/p>\t\t\t\t\t\t\t\t<\/div>\n\t\t\t\t<\/div>\n\t\t\t\t<div class=\"elementor-element elementor-element-6ebf97d elementor-align-center elementor-widget elementor-widget-button\" data-id=\"6ebf97d\" data-element_type=\"widget\" data-e-type=\"widget\" data-widget_type=\"button.default\">\n\t\t\t\t<div class=\"elementor-widget-container\">\n\t\t\t\t\t\t\t\t\t<div class=\"elementor-button-wrapper\">\n\t\t\t\t\t<a class=\"elementor-button elementor-button-link elementor-size-sm\" href=\"mailto:mission-altair@scouts-europe.org\">\n\t\t\t\t\t\t<span class=\"elementor-button-content-wrapper\">\n\t\t\t\t\t\t\t\t\t<span class=\"elementor-button-text\">mission-altair@scouts-europe.org<\/span>\n\t\t\t\t\t<\/span>\n\t\t\t\t\t<\/a>\n\t\t\t\t<\/div>\n\t\t\t\t\t\t\t\t<\/div>\n\t\t\t\t<\/div>\n\t\t\t\t<div class=\"elementor-element elementor-element-f21c643 elementor-widget elementor-widget-spacer\" data-id=\"f21c643\" data-element_type=\"widget\" data-e-type=\"widget\" data-widget_type=\"spacer.default\">\n\t\t\t\t<div class=\"elementor-widget-container\">\n\t\t\t\t\t\t\t<div class=\"elementor-spacer\">\n\t\t\t<div class=\"elementor-spacer-inner\"><\/div>\n\t\t<\/div>\n\t\t\t\t\t\t<\/div>\n\t\t\t\t<\/div>\n\t\t\t\t\t<\/div>\n\t\t<\/div>\n\t\t\t\t\t<\/div>\n\t\t<\/section>\n\t\t\t\t<\/div>\n\t\t","protected":false},"excerpt":{"rendered":"<p>Tu es CP, tu cherches, pour ta patrouille, un but qui l\u2019aide \u00e0 avancer ?Tu es guide d\u2019Europe et tu as soif d\u2019aventure \u00e0 ta mesure ?Tu as envie d\u2019aller toujours plus haut ? Toujours plus loin ?Nous te proposons d\u2019accrocher tes r\u00eaves \u00e0 une \u00e9toile\u2026 Cette \u00e9toile, c\u2019est Alta\u00efr.\u00a0Es-tu pr\u00eate \u00e0 partir pour l\u2019aventure [&hellip;]<\/p>\n","protected":false},"author":4,"featured_media":1707,"parent":0,"menu_order":0,"comment_status":"closed","ping_status":"closed","template":"","meta":{"_seopress_robots_primary_cat":"","_seopress_titles_title":"","_seopress_titles_desc":"","_seopress_robots_index":"","site-sidebar-layout":"no-sidebar","site-content-layout":"page-builder","ast-site-content-layout":"full-width-container","site-content-style":"default","site-sidebar-style":"default","ast-global-header-display":"","ast-banner-title-visibility":"","ast-main-header-display":"","ast-hfb-above-header-display":"","ast-hfb-below-header-display":"","ast-hfb-mobile-header-display":"","site-post-title":"disabled","ast-breadcrumbs-content":"","ast-featured-img":"disabled","footer-sml-layout":"","theme-transparent-header-meta":"","adv-header-id-meta":"","stick-header-meta":"","header-above-stick-meta":"","header-main-stick-meta":"","header-below-stick-meta":"","astra-migrate-meta-layouts":"set","ast-page-background-enabled":"default","ast-page-background-meta":{"desktop":{"background-color":"var(--ast-global-color-4)","background-image":"","background-repeat":"repeat","background-position":"center center","background-size":"auto","background-attachment":"scroll","background-type":"","background-media":"","overlay-type":"","overlay-color":"","overlay-opacity":"","overlay-gradient":""},"tablet":{"background-color":"","background-image":"","background-repeat":"repeat","background-position":"center center","background-size":"auto","background-attachment":"scroll","background-type":"","background-media":"","overlay-type":"","overlay-color":"","overlay-opacity":"","overlay-gradient":""},"mobile":{"background-color":"","background-image":"","background-repeat":"repeat","background-position":"center center","background-size":"auto","background-attachment":"scroll","background-type":"","background-media":"","overlay-type":"","overlay-color":"","overlay-opacity":"","overlay-gradient":""}},"ast-content-background-meta":{"desktop":{"background-color":"var(--ast-global-color-5)","background-image":"","background-repeat":"repeat","background-position":"center center","background-size":"auto","background-attachment":"scroll","background-type":"","background-media":"","overlay-type":"","overlay-color":"","overlay-opacity":"","overlay-gradient":""},"tablet":{"background-color":"var(--ast-global-color-5)","background-image":"","background-repeat":"repeat","background-position":"center center","background-size":"auto","background-attachment":"scroll","background-type":"","background-media":"","overlay-type":"","overlay-color":"","overlay-opacity":"","overlay-gradient":""},"mobile":{"background-color":"var(--ast-global-color-5)","background-image":"","background-repeat":"repeat","background-position":"center center","background-size":"auto","background-attachment":"scroll","background-type":"","background-media":"","overlay-type":"","overlay-color":"","overlay-opacity":"","overlay-gradient":""}},"footnotes":""},"class_list":["post-1303","page","type-page","status-publish","has-post-thumbnail","hentry"],"_links":{"self":[{"href":"https:\/\/www.scouts-europe.org\/eclaireuses\/wp-json\/wp\/v2\/pages\/1303","targetHints":{"allow":["GET"]}}],"collection":[{"href":"https:\/\/www.scouts-europe.org\/eclaireuses\/wp-json\/wp\/v2\/pages"}],"about":[{"href":"https:\/\/www.scouts-europe.org\/eclaireuses\/wp-json\/wp\/v2\/types\/page"}],"author":[{"embeddable":true,"href":"https:\/\/www.scouts-europe.org\/eclaireuses\/wp-json\/wp\/v2\/users\/4"}],"replies":[{"embeddable":true,"href":"https:\/\/www.scouts-europe.org\/eclaireuses\/wp-json\/wp\/v2\/comments?post=1303"}],"version-history":[{"count":58,"href":"https:\/\/www.scouts-europe.org\/eclaireuses\/wp-json\/wp\/v2\/pages\/1303\/revisions"}],"predecessor-version":[{"id":3754,"href":"https:\/\/www.scouts-europe.org\/eclaireuses\/wp-json\/wp\/v2\/pages\/1303\/revisions\/3754"}],"wp:featuredmedia":[{"embeddable":true,"href":"https:\/\/www.scouts-europe.org\/eclaireuses\/wp-json\/wp\/v2\/media\/1707"}],"wp:attachment":[{"href":"https:\/\/www.scouts-europe.org\/eclaireuses\/wp-json\/wp\/v2\/media?parent=1303"}],"curies":[{"name":"wp","href":"https:\/\/api.w.org\/{rel}","templated":true}]}}