{"id":1378,"date":"2025-01-15T10:22:32","date_gmt":"2025-01-15T09:22:32","guid":{"rendered":"https:\/\/www.scouts-europe.org\/eclaireuses\/?page_id=1378"},"modified":"2025-06-23T16:09:53","modified_gmt":"2025-06-23T14:09:53","slug":"la-progression","status":"publish","type":"page","link":"https:\/\/www.scouts-europe.org\/eclaireuses\/les-fondamentaux-pedagogiques\/la-progression\/","title":{"rendered":"La progression"},"content":{"rendered":"\t\t<div data-elementor-type=\"wp-page\" data-elementor-id=\"1378\" class=\"elementor elementor-1378\">\n\t\t\t\t\t\t<section class=\"elementor-section elementor-top-section elementor-element elementor-element-cf0e513 elementor-section-boxed elementor-section-height-default elementor-section-height-default\" data-id=\"cf0e513\" data-element_type=\"section\" data-e-type=\"section\">\n\t\t\t\t\t\t<div class=\"elementor-container elementor-column-gap-default\">\n\t\t\t\t\t<div class=\"elementor-column elementor-col-100 elementor-top-column elementor-element elementor-element-28496cb\" data-id=\"28496cb\" data-element_type=\"column\" data-e-type=\"column\" data-settings=\"{&quot;background_background&quot;:&quot;classic&quot;}\">\n\t\t\t<div class=\"elementor-widget-wrap elementor-element-populated\">\n\t\t\t\t\t\t<div class=\"elementor-element elementor-element-48c64ba elementor-widget elementor-widget-spacer\" data-id=\"48c64ba\" data-element_type=\"widget\" data-e-type=\"widget\" data-widget_type=\"spacer.default\">\n\t\t\t\t<div class=\"elementor-widget-container\">\n\t\t\t\t\t\t\t<div class=\"elementor-spacer\">\n\t\t\t<div class=\"elementor-spacer-inner\"><\/div>\n\t\t<\/div>\n\t\t\t\t\t\t<\/div>\n\t\t\t\t<\/div>\n\t\t\t\t<div class=\"elementor-element elementor-element-4122890 elementor-widget elementor-widget-image\" data-id=\"4122890\" data-element_type=\"widget\" data-e-type=\"widget\" data-widget_type=\"image.default\">\n\t\t\t\t<div class=\"elementor-widget-container\">\n\t\t\t\t\t\t\t\t\t\t\t\t\t\t\t<img fetchpriority=\"high\" decoding=\"async\" width=\"1200\" height=\"273\" src=\"https:\/\/www.scouts-europe.org\/eclaireuses\/wp-content\/uploads\/sites\/105\/2025\/02\/bandeau-mailjet-11-1.png\" class=\"attachment-full size-full wp-image-2468\" alt=\"bandeau mailjet 11\" srcset=\"https:\/\/www.scouts-europe.org\/eclaireuses\/wp-content\/uploads\/sites\/105\/2025\/02\/bandeau-mailjet-11-1.png 1200w, https:\/\/www.scouts-europe.org\/eclaireuses\/wp-content\/uploads\/sites\/105\/2025\/02\/bandeau-mailjet-11-1-300x68.png 300w, https:\/\/www.scouts-europe.org\/eclaireuses\/wp-content\/uploads\/sites\/105\/2025\/02\/bandeau-mailjet-11-1-1024x233.png 1024w, https:\/\/www.scouts-europe.org\/eclaireuses\/wp-content\/uploads\/sites\/105\/2025\/02\/bandeau-mailjet-11-1-768x175.png 768w\" sizes=\"(max-width: 1200px) 100vw, 1200px\" \/>\t\t\t\t\t\t\t\t\t\t\t\t\t\t\t<\/div>\n\t\t\t\t<\/div>\n\t\t\t\t\t<\/div>\n\t\t<\/div>\n\t\t\t\t\t<\/div>\n\t\t<\/section>\n\t\t\t\t<section class=\"elementor-section elementor-top-section elementor-element elementor-element-a0b13d8 elementor-section-boxed elementor-section-height-default elementor-section-height-default\" data-id=\"a0b13d8\" data-element_type=\"section\" data-e-type=\"section\">\n\t\t\t\t\t\t<div class=\"elementor-container elementor-column-gap-default\">\n\t\t\t\t\t<div class=\"elementor-column elementor-col-100 elementor-top-column elementor-element elementor-element-b5305af\" data-id=\"b5305af\" data-element_type=\"column\" data-e-type=\"column\" data-settings=\"{&quot;background_background&quot;:&quot;classic&quot;}\">\n\t\t\t<div class=\"elementor-widget-wrap elementor-element-populated\">\n\t\t\t\t\t\t<div class=\"elementor-element elementor-element-52fc04f elementor-widget elementor-widget-spacer\" data-id=\"52fc04f\" data-element_type=\"widget\" data-e-type=\"widget\" data-widget_type=\"spacer.default\">\n\t\t\t\t<div class=\"elementor-widget-container\">\n\t\t\t\t\t\t\t<div class=\"elementor-spacer\">\n\t\t\t<div class=\"elementor-spacer-inner\"><\/div>\n\t\t<\/div>\n\t\t\t\t\t\t<\/div>\n\t\t\t\t<\/div>\n\t\t\t\t<div class=\"elementor-element elementor-element-c3638e6 elementor-widget elementor-widget-heading\" data-id=\"c3638e6\" data-element_type=\"widget\" data-e-type=\"widget\" data-widget_type=\"heading.default\">\n\t\t\t\t<div class=\"elementor-widget-container\">\n\t\t\t\t\t<h2 class=\"elementor-heading-title elementor-size-default\">L'all\u00e9geance<\/h2>\t\t\t\t<\/div>\n\t\t\t\t<\/div>\n\t\t\t\t<div class=\"elementor-element elementor-element-353f96b elementor-widget elementor-widget-text-editor\" data-id=\"353f96b\" data-element_type=\"widget\" data-e-type=\"widget\" data-widget_type=\"text-editor.default\">\n\t\t\t\t<div class=\"elementor-widget-container\">\n\t\t\t\t\t\t\t\t\t<p>Tu viens de monter \u00e0 la compagnie ou alors tu d\u00e9couvres le scoutisme pour la premi\u00e8re fois dans ta patrouille, apr\u00e8s quelques mois, tu vas prononcer <a href=\"https:\/\/www.scouts-europe.org\/eclaireuses\/etre-guide-deurope\/textes-du-ceremonial\/\">l&rsquo;all\u00e9geance<\/a> envers ta chef de patrouille (CP) et devenir ainsi \u00ab\u00a0aspirante\u00a0\u00bb. Avec cette all\u00e9geance, tu fais d\u00e9sormais partie de ta patrouille et re\u00e7ois tes flots aux couleurs de ton totem. Ainsi, tu commences ton chemin vers la promesse.<\/p>\t\t\t\t\t\t\t\t<\/div>\n\t\t\t\t<\/div>\n\t\t\t\t\t<\/div>\n\t\t<\/div>\n\t\t\t\t\t<\/div>\n\t\t<\/section>\n\t\t\t\t<section class=\"elementor-section elementor-top-section elementor-element elementor-element-6de95938 elementor-section-boxed elementor-section-height-default elementor-section-height-default\" data-id=\"6de95938\" data-element_type=\"section\" data-e-type=\"section\">\n\t\t\t\t\t\t<div class=\"elementor-container elementor-column-gap-default\">\n\t\t\t\t\t<div class=\"elementor-column elementor-col-100 elementor-top-column elementor-element elementor-element-2665fb03\" data-id=\"2665fb03\" data-element_type=\"column\" data-e-type=\"column\" data-settings=\"{&quot;background_background&quot;:&quot;classic&quot;}\">\n\t\t\t<div class=\"elementor-widget-wrap elementor-element-populated\">\n\t\t\t\t\t\t<div class=\"elementor-element elementor-element-47afeda elementor-widget elementor-widget-heading\" data-id=\"47afeda\" data-element_type=\"widget\" data-e-type=\"widget\" data-widget_type=\"heading.default\">\n\t\t\t\t<div class=\"elementor-widget-container\">\n\t\t\t\t\t<h2 class=\"elementor-heading-title elementor-size-default\">La promesse<\/h2>\t\t\t\t<\/div>\n\t\t\t\t<\/div>\n\t\t\t\t<div class=\"elementor-element elementor-element-0834c26 elementor-widget elementor-widget-text-editor\" data-id=\"0834c26\" data-element_type=\"widget\" data-e-type=\"widget\" data-widget_type=\"text-editor.default\">\n\t\t\t\t<div class=\"elementor-widget-container\">\n\t\t\t\t\t\t\t\t\t<p class=\"has-text-align-center has-ast-global-color-0-color has-text-color has-link-color has-medium-font-size\"><strong>\u00ab\u00a0<em>Sur mon honneur, <\/em><br \/><em>avec la gr\u00e2ce de Dieu, <\/em><br \/><em>je m&rsquo;engage \u00e0 servir de mon mieux <\/em><br \/><em>Dieu, l&rsquo;Eglise, ma patrie et l&rsquo;Europe, <\/em><br \/><em>\u00e0 aider mon prochain en toutes circonstances, <\/em><br \/><em>\u00e0 observer la loi guide<\/em>.\u00a0\u00bb<\/strong><\/p><p><!-- \/wp:paragraph --><!-- wp:paragraph --><\/p><p>La <a href=\"https:\/\/www.scouts-europe.org\/eclaireuses\/etre-guide-deurope\/textes-du-ceremonial\/\">promesse<\/a> est la premi\u00e8re \u00e9tape de la vie guide. C&rsquo;est l&rsquo;engagement que tu prends devant toutes tes s\u0153urs guides qui ont ouvert la voie avant toi !<\/p>\t\t\t\t\t\t\t\t<\/div>\n\t\t\t\t<\/div>\n\t\t\t\t<div class=\"elementor-element elementor-element-7decdb3 elementor-widget elementor-widget-heading\" data-id=\"7decdb3\" data-element_type=\"widget\" data-e-type=\"widget\" data-widget_type=\"heading.default\">\n\t\t\t\t<div class=\"elementor-widget-container\">\n\t\t\t\t\t<h2 class=\"elementor-heading-title elementor-size-default\">\n\n\nLes classes, badges et brevets majeurs<\/h2>\t\t\t\t<\/div>\n\t\t\t\t<\/div>\n\t\t\t\t<div class=\"elementor-element elementor-element-48d01f2 elementor-widget elementor-widget-text-editor\" data-id=\"48d01f2\" data-element_type=\"widget\" data-e-type=\"widget\" data-widget_type=\"text-editor.default\">\n\t\t\t\t<div class=\"elementor-widget-container\">\n\t\t\t\t\t\t\t\t\t<p>Apr\u00e8s ta promesse, tu continueras de progresser avec les classes (2nd puis 1\u00e8re) et tu pourras orner ta manche de badges et brevets majeurs que tu auras acquis fi\u00e8rement afin de suivre les pas du P\u00e8re Sevin :<\/p>\n<blockquote>\n<p>\u00ab\u00a0Il faut se cr\u00e9er le plus de comp\u00e9tences possibles afin de rendre service le plus souvent possible\u00a0\u00bb<\/p>\n<\/blockquote>\n<p>Ces axes de progression permettent de devenir moteur dans ta patrouille et ta compagnie. Chaque \u00e9preuve que tu devras valider te permettra de grandir dans tous les buts du scoutisme.<\/p>\t\t\t\t\t\t\t\t<\/div>\n\t\t\t\t<\/div>\n\t\t\t\t<div class=\"elementor-element elementor-element-eed0bc3 elementor-widget elementor-widget-heading\" data-id=\"eed0bc3\" data-element_type=\"widget\" data-e-type=\"widget\" data-widget_type=\"heading.default\">\n\t\t\t\t<div class=\"elementor-widget-container\">\n\t\t\t\t\t<h2 class=\"elementor-heading-title elementor-size-default\">Semper Fidelis<\/h2>\t\t\t\t<\/div>\n\t\t\t\t<\/div>\n\t\t\t\t<div class=\"elementor-element elementor-element-0f2915c elementor-widget elementor-widget-text-editor\" data-id=\"0f2915c\" data-element_type=\"widget\" data-e-type=\"widget\" data-widget_type=\"text-editor.default\">\n\t\t\t\t<div class=\"elementor-widget-container\">\n\t\t\t\t\t\t\t\t\t<p>Tu as soif d\u2019aventures ? Tu as l\u2019envie de te d\u00e9passer encore plus pour aller encore plus haut, encore plus loin ?<\/p>\n<p><a href=\"https:\/\/www.scouts-europe.org\/eclaireuses\/semper-fidelis\/\">Tente l\u2019aventure Semper Fidelis !<\/a><\/p>\t\t\t\t\t\t\t\t<\/div>\n\t\t\t\t<\/div>\n\t\t\t\t<div class=\"elementor-element elementor-element-789593f elementor-widget elementor-widget-heading\" data-id=\"789593f\" data-element_type=\"widget\" data-e-type=\"widget\" data-widget_type=\"heading.default\">\n\t\t\t\t<div class=\"elementor-widget-container\">\n\t\t\t\t\t<h2 class=\"elementor-heading-title elementor-size-default\">Les progressions de patrouille <\/h2>\t\t\t\t<\/div>\n\t\t\t\t<\/div>\n\t\t\t\t<div class=\"elementor-element elementor-element-09d6feb elementor-widget elementor-widget-text-editor\" data-id=\"09d6feb\" data-element_type=\"widget\" data-e-type=\"widget\" data-widget_type=\"text-editor.default\">\n\t\t\t\t<div class=\"elementor-widget-container\">\n\t\t\t\t\t\t\t\t\t<p>A ces progressions personnelles s\u2019ajoutent les progressions de la patrouille, notamment avec la <a href=\"https:\/\/www.scouts-europe.org\/eclaireuses\/altair\/\">Mission Alta\u00efr<\/a> ou le d\u00e9fi Phoenix (si ta patrouille ne r\u00e9pond pas aux crit\u00e8res minimaux pour acc\u00e9der \u00e0 l\u2019aventure de la mission Alta\u00efr).<\/p>\t\t\t\t\t\t\t\t<\/div>\n\t\t\t\t<\/div>\n\t\t\t\t<div class=\"elementor-element elementor-element-ea52c17 elementor-widget elementor-widget-heading\" data-id=\"ea52c17\" data-element_type=\"widget\" data-e-type=\"widget\" data-widget_type=\"heading.default\">\n\t\t\t\t<div class=\"elementor-widget-container\">\n\t\t\t\t\t<h2 class=\"elementor-heading-title elementor-size-default\">Et la suite ? <\/h2>\t\t\t\t<\/div>\n\t\t\t\t<\/div>\n\t\t\t\t<div class=\"elementor-element elementor-element-3e692ff elementor-widget elementor-widget-text-editor\" data-id=\"3e692ff\" data-element_type=\"widget\" data-e-type=\"widget\" data-widget_type=\"text-editor.default\">\n\t\t\t\t<div class=\"elementor-widget-container\">\n\t\t\t\t\t\t\t\t\t<p>A la fin de tes ann\u00e9es guides, la progression continue ! Le feu pilote t&rsquo;appelle pour de nouvelles aventures avec les guides ain\u00e9es de ton district.\u00a0<\/p>\n<p>Tu trouveras davantage d&rsquo;informations sur la page d\u00e9di\u00e9e : <a href=\"https:\/\/www.scouts-europe.org\/guides-ainees\/\">Site officiel des Guides A\u00een\u00e9es d&rsquo;Europe<\/a><\/p>\n<p>Parles-en \u00e0 ta cheftaine de compagnie ou ta commissaire de district. Elle sauront t&rsquo;aiguiller. La p\u00e9dagogie de la branche rouge est tellement riche, ne passe pas \u00e0 c\u00f4t\u00e9 !\u00a0<\/p>\t\t\t\t\t\t\t\t<\/div>\n\t\t\t\t<\/div>\n\t\t\t\t\t<\/div>\n\t\t<\/div>\n\t\t\t\t\t<\/div>\n\t\t<\/section>\n\t\t\t\t<\/div>\n\t\t","protected":false},"excerpt":{"rendered":"<p>L&rsquo;all\u00e9geance Tu viens de monter \u00e0 la compagnie ou alors tu d\u00e9couvres le scoutisme pour la premi\u00e8re fois dans ta patrouille, apr\u00e8s quelques mois, tu vas prononcer l&rsquo;all\u00e9geance envers ta chef de patrouille (CP) et devenir ainsi \u00ab\u00a0aspirante\u00a0\u00bb. Avec cette all\u00e9geance, tu fais d\u00e9sormais partie de ta patrouille et re\u00e7ois tes flots aux couleurs de [&hellip;]<\/p>\n","protected":false},"author":4,"featured_media":1711,"parent":1297,"menu_order":0,"comment_status":"closed","ping_status":"closed","template":"elementor_header_footer","meta":{"_seopress_robots_primary_cat":"","_seopress_titles_title":"","_seopress_titles_desc":"","_seopress_robots_index":"","site-sidebar-layout":"default","site-content-layout":"","ast-site-content-layout":"default","site-content-style":"default","site-sidebar-style":"default","ast-global-header-display":"","ast-banner-title-visibility":"","ast-main-header-display":"","ast-hfb-above-header-display":"","ast-hfb-below-header-display":"","ast-hfb-mobile-header-display":"","site-post-title":"disabled","ast-breadcrumbs-content":"","ast-featured-img":"","footer-sml-layout":"","theme-transparent-header-meta":"","adv-header-id-meta":"","stick-header-meta":"","header-above-stick-meta":"","header-main-stick-meta":"","header-below-stick-meta":"","astra-migrate-meta-layouts":"set","ast-page-background-enabled":"default","ast-page-background-meta":{"desktop":{"background-color":"var(--ast-global-color-4)","background-image":"","background-repeat":"repeat","background-position":"center center","background-size":"auto","background-attachment":"scroll","background-type":"","background-media":"","overlay-type":"","overlay-color":"","overlay-opacity":"","overlay-gradient":""},"tablet":{"background-color":"","background-image":"","background-repeat":"repeat","background-position":"center center","background-size":"auto","background-attachment":"scroll","background-type":"","background-media":"","overlay-type":"","overlay-color":"","overlay-opacity":"","overlay-gradient":""},"mobile":{"background-color":"","background-image":"","background-repeat":"repeat","background-position":"center center","background-size":"auto","background-attachment":"scroll","background-type":"","background-media":"","overlay-type":"","overlay-color":"","overlay-opacity":"","overlay-gradient":""}},"ast-content-background-meta":{"desktop":{"background-color":"var(--ast-global-color-5)","background-image":"","background-repeat":"repeat","background-position":"center center","background-size":"auto","background-attachment":"scroll","background-type":"","background-media":"","overlay-type":"","overlay-color":"","overlay-opacity":"","overlay-gradient":""},"tablet":{"background-color":"var(--ast-global-color-5)","background-image":"","background-repeat":"repeat","background-position":"center center","background-size":"auto","background-attachment":"scroll","background-type":"","background-media":"","overlay-type":"","overlay-color":"","overlay-opacity":"","overlay-gradient":""},"mobile":{"background-color":"var(--ast-global-color-5)","background-image":"","background-repeat":"repeat","background-position":"center center","background-size":"auto","background-attachment":"scroll","background-type":"","background-media":"","overlay-type":"","overlay-color":"","overlay-opacity":"","overlay-gradient":""}},"footnotes":""},"class_list":["post-1378","page","type-page","status-publish","has-post-thumbnail","hentry"],"_links":{"self":[{"href":"https:\/\/www.scouts-europe.org\/eclaireuses\/wp-json\/wp\/v2\/pages\/1378","targetHints":{"allow":["GET"]}}],"collection":[{"href":"https:\/\/www.scouts-europe.org\/eclaireuses\/wp-json\/wp\/v2\/pages"}],"about":[{"href":"https:\/\/www.scouts-europe.org\/eclaireuses\/wp-json\/wp\/v2\/types\/page"}],"author":[{"embeddable":true,"href":"https:\/\/www.scouts-europe.org\/eclaireuses\/wp-json\/wp\/v2\/users\/4"}],"replies":[{"embeddable":true,"href":"https:\/\/www.scouts-europe.org\/eclaireuses\/wp-json\/wp\/v2\/comments?post=1378"}],"version-history":[{"count":55,"href":"https:\/\/www.scouts-europe.org\/eclaireuses\/wp-json\/wp\/v2\/pages\/1378\/revisions"}],"predecessor-version":[{"id":3710,"href":"https:\/\/www.scouts-europe.org\/eclaireuses\/wp-json\/wp\/v2\/pages\/1378\/revisions\/3710"}],"up":[{"embeddable":true,"href":"https:\/\/www.scouts-europe.org\/eclaireuses\/wp-json\/wp\/v2\/pages\/1297"}],"wp:featuredmedia":[{"embeddable":true,"href":"https:\/\/www.scouts-europe.org\/eclaireuses\/wp-json\/wp\/v2\/media\/1711"}],"wp:attachment":[{"href":"https:\/\/www.scouts-europe.org\/eclaireuses\/wp-json\/wp\/v2\/media?parent=1378"}],"curies":[{"name":"wp","href":"https:\/\/api.w.org\/{rel}","templated":true}]}}