{"id":1383,"date":"2025-01-15T10:23:49","date_gmt":"2025-01-15T09:23:49","guid":{"rendered":"https:\/\/www.scouts-europe.org\/eclaireuses\/?page_id=1383"},"modified":"2025-04-07T20:59:49","modified_gmt":"2025-04-07T18:59:49","slug":"la-maitrise","status":"publish","type":"page","link":"https:\/\/www.scouts-europe.org\/eclaireuses\/les-fondamentaux-pedagogiques\/la-maitrise\/","title":{"rendered":"La maitrise"},"content":{"rendered":"\t\t<div data-elementor-type=\"wp-page\" data-elementor-id=\"1383\" class=\"elementor elementor-1383\">\n\t\t\t\t\t\t<section class=\"elementor-section elementor-top-section elementor-element elementor-element-294081d elementor-section-boxed elementor-section-height-default elementor-section-height-default\" data-id=\"294081d\" data-element_type=\"section\" data-e-type=\"section\">\n\t\t\t\t\t\t<div class=\"elementor-container elementor-column-gap-default\">\n\t\t\t\t\t<div class=\"elementor-column elementor-col-100 elementor-top-column elementor-element elementor-element-9b48d1f\" data-id=\"9b48d1f\" data-element_type=\"column\" data-e-type=\"column\" data-settings=\"{&quot;background_background&quot;:&quot;classic&quot;}\">\n\t\t\t<div class=\"elementor-widget-wrap elementor-element-populated\">\n\t\t\t\t\t\t<div class=\"elementor-element elementor-element-497d2f1 elementor-widget elementor-widget-spacer\" data-id=\"497d2f1\" data-element_type=\"widget\" data-e-type=\"widget\" data-widget_type=\"spacer.default\">\n\t\t\t\t<div class=\"elementor-widget-container\">\n\t\t\t\t\t\t\t<div class=\"elementor-spacer\">\n\t\t\t<div class=\"elementor-spacer-inner\"><\/div>\n\t\t<\/div>\n\t\t\t\t\t\t<\/div>\n\t\t\t\t<\/div>\n\t\t\t\t<div class=\"elementor-element elementor-element-9f37bdd elementor-widget elementor-widget-heading\" data-id=\"9f37bdd\" data-element_type=\"widget\" data-e-type=\"widget\" data-widget_type=\"heading.default\">\n\t\t\t\t<div class=\"elementor-widget-container\">\n\t\t\t\t\t<h2 class=\"elementor-heading-title elementor-size-default\">La cheftaine<\/h2>\t\t\t\t<\/div>\n\t\t\t\t<\/div>\n\t\t\t\t\t<\/div>\n\t\t<\/div>\n\t\t\t\t\t<\/div>\n\t\t<\/section>\n\t\t\t\t<section class=\"elementor-section elementor-top-section elementor-element elementor-element-7ffd53f elementor-section-boxed elementor-section-height-default elementor-section-height-default\" data-id=\"7ffd53f\" data-element_type=\"section\" data-e-type=\"section\">\n\t\t\t\t\t\t<div class=\"elementor-container elementor-column-gap-default\">\n\t\t\t\t\t<div class=\"elementor-column elementor-col-100 elementor-top-column elementor-element elementor-element-f0c9e9c\" data-id=\"f0c9e9c\" data-element_type=\"column\" data-e-type=\"column\" data-settings=\"{&quot;background_background&quot;:&quot;classic&quot;}\">\n\t\t\t<div class=\"elementor-widget-wrap elementor-element-populated\">\n\t\t\t\t\t\t<div class=\"elementor-element elementor-element-b591e8f elementor-widget elementor-widget-text-editor\" data-id=\"b591e8f\" data-element_type=\"widget\" data-e-type=\"widget\" data-widget_type=\"text-editor.default\">\n\t\t\t\t<div class=\"elementor-widget-container\">\n\t\t\t\t\t\t\t\t\t<p><strong>La cheftaine et ses assistantes composent une \u00ab\u00a0maitrise\u00a0\u00bb. Ensemble elles encadrent la compagnie. C&rsquo;est la cheftaine de compagnie qui en a la charge et qui, avec l&rsquo;aide de ses CP, s&rsquo;occupe et prend les d\u00e9cisions pour le bien de la compagnie en cour d&rsquo;honneur (CDH). <\/strong>La cheftaine connait toutes les guides de sa compagnie mais elle doit toujours veiller \u00e0 laisser la responsabilit\u00e9 \u00e0 la CP. En aidant le CP \u00e0 conduire sa patrouille, elle fait \u00e0 la fois grandir le CP et chaque guide de la patrouille.<\/p>\t\t\t\t\t\t\t\t<\/div>\n\t\t\t\t<\/div>\n\t\t\t\t\t<\/div>\n\t\t<\/div>\n\t\t\t\t\t<\/div>\n\t\t<\/section>\n\t\t\t\t<section class=\"elementor-section elementor-top-section elementor-element elementor-element-c5812e3 elementor-section-boxed elementor-section-height-default elementor-section-height-default\" data-id=\"c5812e3\" data-element_type=\"section\" data-e-type=\"section\">\n\t\t\t\t\t\t<div class=\"elementor-container elementor-column-gap-default\">\n\t\t\t\t\t<div class=\"elementor-column elementor-col-100 elementor-top-column elementor-element elementor-element-6ee3883\" data-id=\"6ee3883\" data-element_type=\"column\" data-e-type=\"column\" data-settings=\"{&quot;background_background&quot;:&quot;classic&quot;}\">\n\t\t\t<div class=\"elementor-widget-wrap elementor-element-populated\">\n\t\t\t\t\t\t<div class=\"elementor-element elementor-element-f1a1ad0 elementor-widget elementor-widget-spacer\" data-id=\"f1a1ad0\" data-element_type=\"widget\" data-e-type=\"widget\" data-widget_type=\"spacer.default\">\n\t\t\t\t<div class=\"elementor-widget-container\">\n\t\t\t\t\t\t\t<div class=\"elementor-spacer\">\n\t\t\t<div class=\"elementor-spacer-inner\"><\/div>\n\t\t<\/div>\n\t\t\t\t\t\t<\/div>\n\t\t\t\t<\/div>\n\t\t\t\t<div class=\"elementor-element elementor-element-9af80f9 elementor-widget elementor-widget-heading\" data-id=\"9af80f9\" data-element_type=\"widget\" data-e-type=\"widget\" data-widget_type=\"heading.default\">\n\t\t\t\t<div class=\"elementor-widget-container\">\n\t\t\t\t\t<h2 class=\"elementor-heading-title elementor-size-default\">Les assistantes<\/h2>\t\t\t\t<\/div>\n\t\t\t\t<\/div>\n\t\t\t\t\t<\/div>\n\t\t<\/div>\n\t\t\t\t\t<\/div>\n\t\t<\/section>\n\t\t\t\t<section class=\"elementor-section elementor-top-section elementor-element elementor-element-ab49b99 elementor-section-boxed elementor-section-height-default elementor-section-height-default\" data-id=\"ab49b99\" data-element_type=\"section\" data-e-type=\"section\">\n\t\t\t\t\t\t<div class=\"elementor-container elementor-column-gap-default\">\n\t\t\t\t\t<div class=\"elementor-column elementor-col-50 elementor-top-column elementor-element elementor-element-887f151\" data-id=\"887f151\" data-element_type=\"column\" data-e-type=\"column\" data-settings=\"{&quot;background_background&quot;:&quot;classic&quot;}\">\n\t\t\t<div class=\"elementor-widget-wrap elementor-element-populated\">\n\t\t\t\t\t\t<div class=\"elementor-element elementor-element-0918ec4 elementor-widget elementor-widget-text-editor\" data-id=\"0918ec4\" data-element_type=\"widget\" data-e-type=\"widget\" data-widget_type=\"text-editor.default\">\n\t\t\t\t<div class=\"elementor-widget-container\">\n\t\t\t\t\t\t\t\t\t<p><strong>La ma\u00eetrise ne doit pas \u00eatre trop nombreuse<\/strong>, sous peine d\u2019\u00eatre plus une charge qu\u2019une aide pour la cheftaine.\u00a0 Il faut adapter le nombre d&rsquo;assistantes au nombre de guides de la compagnie.<\/p><p>De m\u00eame qu\u2019une patrouille fonctionne bien lorsque chacune tient son poste d\u2019action, donner un r\u00f4le d\u00e9termin\u00e9 \u00e0 chaque assistante est un bon moyen de faire fonctionner la ma\u00eetrise. <strong>La cheftaine de compagnie doit savoir d\u00e9l\u00e9guer pour qu&rsquo;ainsi, chaque assistante trouve pleinement sa place.<\/strong> Une assistante qui se sent inutile devient rapidement une assistante fant\u00f4me (qui ne sera l\u00e0 qu\u2019une fois sur deux), ou qui rigolera avec les guides au lieu d\u2019aider la cheftaine. Tous les d\u00e9tails concrets dont se chargent les assistantes, d\u00e9chargent l\u2019esprit de la cheftaine, qui sera plus disponible pour les guides.<\/p><p>Cependant, ch\u00e8re assistante, il n&rsquo;est pas toujours facile pour ta cheftaine de compagnie de d\u00e9l\u00e9guer le travail \u00e0 faire. Il est important que tu te manifestes et que tu sois \u00e9galement force de propositions avant les activit\u00e9s. Montre lui que tu la soutiens !<\/p><blockquote><p>\u00a0Ensemble, nous formerons une \u00e9quipe unie pour servir. <a href=\"https:\/\/www.scouts-europe.org\/eclaireuses\/etre-guide-deurope\/textes-du-ceremonial\/\">C\u00e9r\u00e9monie de l&rsquo;all\u00e9geance de l\u2019assistante<\/a><\/p><\/blockquote>\t\t\t\t\t\t\t\t<\/div>\n\t\t\t\t<\/div>\n\t\t\t\t\t<\/div>\n\t\t<\/div>\n\t\t\t\t<div class=\"elementor-column elementor-col-50 elementor-top-column elementor-element elementor-element-d861bbd\" data-id=\"d861bbd\" data-element_type=\"column\" data-e-type=\"column\" data-settings=\"{&quot;background_background&quot;:&quot;classic&quot;}\">\n\t\t\t<div class=\"elementor-widget-wrap elementor-element-populated\">\n\t\t\t\t\t\t<div class=\"elementor-element elementor-element-dc93f61 elementor-widget elementor-widget-image\" data-id=\"dc93f61\" data-element_type=\"widget\" data-e-type=\"widget\" data-widget_type=\"image.default\">\n\t\t\t\t<div class=\"elementor-widget-container\">\n\t\t\t\t\t\t\t\t\t\t\t\t\t\t\t<img fetchpriority=\"high\" decoding=\"async\" width=\"800\" height=\"533\" src=\"https:\/\/www.scouts-europe.org\/eclaireuses\/wp-content\/uploads\/sites\/105\/2025\/01\/DSC_4808_preview.jpg\" class=\"attachment-large size-large wp-image-1867\" alt=\"dsc 4808 preview\" srcset=\"https:\/\/www.scouts-europe.org\/eclaireuses\/wp-content\/uploads\/sites\/105\/2025\/01\/DSC_4808_preview.jpg 800w, https:\/\/www.scouts-europe.org\/eclaireuses\/wp-content\/uploads\/sites\/105\/2025\/01\/DSC_4808_preview-300x200.jpg 300w, https:\/\/www.scouts-europe.org\/eclaireuses\/wp-content\/uploads\/sites\/105\/2025\/01\/DSC_4808_preview-768x512.jpg 768w\" sizes=\"(max-width: 800px) 100vw, 800px\" \/>\t\t\t\t\t\t\t\t\t\t\t\t\t\t\t<\/div>\n\t\t\t\t<\/div>\n\t\t\t\t\t<\/div>\n\t\t<\/div>\n\t\t\t\t\t<\/div>\n\t\t<\/section>\n\t\t\t\t<section class=\"elementor-section elementor-top-section elementor-element elementor-element-98d88b4 elementor-section-boxed elementor-section-height-default elementor-section-height-default\" data-id=\"98d88b4\" data-element_type=\"section\" data-e-type=\"section\">\n\t\t\t\t\t\t<div class=\"elementor-container elementor-column-gap-default\">\n\t\t\t\t\t<div class=\"elementor-column elementor-col-100 elementor-top-column elementor-element elementor-element-a3b051b\" data-id=\"a3b051b\" data-element_type=\"column\" data-e-type=\"column\" data-settings=\"{&quot;background_background&quot;:&quot;classic&quot;}\">\n\t\t\t<div class=\"elementor-widget-wrap elementor-element-populated\">\n\t\t\t\t\t\t<div class=\"elementor-element elementor-element-a397414 elementor-widget elementor-widget-text-editor\" data-id=\"a397414\" data-element_type=\"widget\" data-e-type=\"widget\" data-widget_type=\"text-editor.default\">\n\t\t\t\t<div class=\"elementor-widget-container\">\n\t\t\t\t\t\t\t\t\t<p><strong>L\u2019assistante n\u2019est pas pour une \u201csous-cheftaine\u201d ou uniquement l\u00e0 pour faire les corv\u00e9es !<\/strong> N\u2019ayant pas la responsabilit\u00e9 de mener la compagnie, ni la charge d&rsquo;\u00e2mes des guides, elle a plus de recul et de temps pour observer les guides, en \u201cspectateur\u201d. Elle peut ainsi conseiller et aider la cheftaine dans les d\u00e9cisions qu\u2019elle aura \u00e0 prendre. Car l\u2019assistante n\u2019est pas une \u201cassistante de compagnie\u201d, comme on le croit parfois, mais une <strong>\u201cassistante de la cheftaine\u00a0de compagnie\u201d<\/strong>. Si la nuance te para\u00eet subtile, elle ne l\u2019est pourtant pas.\u00a0<strong>L\u2019assistante est l\u00e0 pour \u00e9pauler la cheftaine dans sa mission<\/strong> (par exemple, en se chargeant d\u2019organiser les olympiades), mais son r\u00f4le n\u2019est pas d\u2019intervenir directement dans les patrouilles ou aupr\u00e8s des CP. L\u2019assistante doit toujours garder \u00e0 l\u2019esprit qu\u2019elle ne doit jamais faire quelque chose qu\u2019un CP peut faire, pour ne pas empi\u00e9ter sur le r\u00f4le de celle-ci, qui reste fondamental. <strong>Ainsi, si l\u2019assistante prend part \u00e0 la CdH, elle doit en amont se mettre d&rsquo;accord avec la cheftaine de compagnie de prendre la parole &#8230; ou pas !\u00a0\u00a0<\/strong><\/p>\t\t\t\t\t\t\t\t<\/div>\n\t\t\t\t<\/div>\n\t\t\t\t\t<\/div>\n\t\t<\/div>\n\t\t\t\t\t<\/div>\n\t\t<\/section>\n\t\t\t\t<section class=\"elementor-section elementor-top-section elementor-element elementor-element-b956006 elementor-section-boxed elementor-section-height-default elementor-section-height-default\" data-id=\"b956006\" data-element_type=\"section\" data-e-type=\"section\">\n\t\t\t\t\t\t<div class=\"elementor-container elementor-column-gap-default\">\n\t\t\t\t\t<div class=\"elementor-column elementor-col-100 elementor-top-column elementor-element elementor-element-4f9c15f\" data-id=\"4f9c15f\" data-element_type=\"column\" data-e-type=\"column\" data-settings=\"{&quot;background_background&quot;:&quot;classic&quot;}\">\n\t\t\t<div class=\"elementor-widget-wrap elementor-element-populated\">\n\t\t\t\t\t\t<div class=\"elementor-element elementor-element-5313716 elementor-widget elementor-widget-spacer\" data-id=\"5313716\" data-element_type=\"widget\" data-e-type=\"widget\" data-widget_type=\"spacer.default\">\n\t\t\t\t<div class=\"elementor-widget-container\">\n\t\t\t\t\t\t\t<div class=\"elementor-spacer\">\n\t\t\t<div class=\"elementor-spacer-inner\"><\/div>\n\t\t<\/div>\n\t\t\t\t\t\t<\/div>\n\t\t\t\t<\/div>\n\t\t\t\t<div class=\"elementor-element elementor-element-c49bd8b elementor-widget elementor-widget-heading\" data-id=\"c49bd8b\" data-element_type=\"widget\" data-e-type=\"widget\" data-widget_type=\"heading.default\">\n\t\t\t\t<div class=\"elementor-widget-container\">\n\t\t\t\t\t<h2 class=\"elementor-heading-title elementor-size-default\">Le conseiller religieux<\/h2>\t\t\t\t<\/div>\n\t\t\t\t<\/div>\n\t\t\t\t\t<\/div>\n\t\t<\/div>\n\t\t\t\t\t<\/div>\n\t\t<\/section>\n\t\t\t\t<section class=\"elementor-section elementor-top-section elementor-element elementor-element-237de36 elementor-section-boxed elementor-section-height-default elementor-section-height-default\" data-id=\"237de36\" data-element_type=\"section\" data-e-type=\"section\">\n\t\t\t\t\t\t<div class=\"elementor-container elementor-column-gap-default\">\n\t\t\t\t\t<div class=\"elementor-column elementor-col-100 elementor-top-column elementor-element elementor-element-384c5dc\" data-id=\"384c5dc\" data-element_type=\"column\" data-e-type=\"column\" data-settings=\"{&quot;background_background&quot;:&quot;classic&quot;}\">\n\t\t\t<div class=\"elementor-widget-wrap elementor-element-populated\">\n\t\t\t\t\t\t<div class=\"elementor-element elementor-element-e0e30de elementor-widget elementor-widget-text-editor\" data-id=\"e0e30de\" data-element_type=\"widget\" data-e-type=\"widget\" data-widget_type=\"text-editor.default\">\n\t\t\t\t<div class=\"elementor-widget-container\">\n\t\t\t\t\t\t\t\t\t<p>Ne r\u00e9duisez surtout pas la ma\u00eetrise \u00e0 la cheftaine et ses assistantes! Le conseiller religieux n\u2019est pas une option ou une annexe \u00e0 la ma\u00eetrise, il en fait partie, m\u00eame si sa place est \u00e9videmment particuli\u00e8re.\u00a0<strong>Il saura vous \u00e9clairer et vous conseiller, dans bien des situations, pas seulement pour le domaine religieux.\u00a0<\/strong>Son recul apporte souvent de la sagesse aux d\u00e9cisions que la ma\u00eetrise doit prendre ou aux situations difficiles qu\u2019il faut parfois g\u00e9rer. Il est bon que le CR apprenne \u00e0 conna\u00eetre les guides afin de pouvoir vous aider, mais qu\u2019il apprenne aussi \u00e0 vous conna\u00eetre.<\/p>\t\t\t\t\t\t\t\t<\/div>\n\t\t\t\t<\/div>\n\t\t\t\t\t<\/div>\n\t\t<\/div>\n\t\t\t\t\t<\/div>\n\t\t<\/section>\n\t\t\t\t<section class=\"elementor-section elementor-top-section elementor-element elementor-element-9e95bab elementor-section-boxed elementor-section-height-default elementor-section-height-default\" data-id=\"9e95bab\" data-element_type=\"section\" data-e-type=\"section\">\n\t\t\t\t\t\t<div class=\"elementor-container elementor-column-gap-default\">\n\t\t\t\t\t<div class=\"elementor-column elementor-col-100 elementor-top-column elementor-element elementor-element-6a9b9c2\" data-id=\"6a9b9c2\" data-element_type=\"column\" data-e-type=\"column\" data-settings=\"{&quot;background_background&quot;:&quot;classic&quot;}\">\n\t\t\t<div class=\"elementor-widget-wrap elementor-element-populated\">\n\t\t\t\t\t\t<div class=\"elementor-element elementor-element-6495e0e elementor-widget elementor-widget-spacer\" data-id=\"6495e0e\" data-element_type=\"widget\" data-e-type=\"widget\" data-widget_type=\"spacer.default\">\n\t\t\t\t<div class=\"elementor-widget-container\">\n\t\t\t\t\t\t\t<div class=\"elementor-spacer\">\n\t\t\t<div class=\"elementor-spacer-inner\"><\/div>\n\t\t<\/div>\n\t\t\t\t\t\t<\/div>\n\t\t\t\t<\/div>\n\t\t\t\t<div class=\"elementor-element elementor-element-cd02ab3 elementor-widget elementor-widget-heading\" data-id=\"cd02ab3\" data-element_type=\"widget\" data-e-type=\"widget\" data-widget_type=\"heading.default\">\n\t\t\t\t<div class=\"elementor-widget-container\">\n\t\t\t\t\t<h2 class=\"elementor-heading-title elementor-size-default\">Former une v\u00e9ritable \u00e9quipe<\/h2>\t\t\t\t<\/div>\n\t\t\t\t<\/div>\n\t\t\t\t\t<\/div>\n\t\t<\/div>\n\t\t\t\t\t<\/div>\n\t\t<\/section>\n\t\t\t\t<section class=\"elementor-section elementor-top-section elementor-element elementor-element-2a2ff64 elementor-section-boxed elementor-section-height-default elementor-section-height-default\" data-id=\"2a2ff64\" data-element_type=\"section\" data-e-type=\"section\">\n\t\t\t\t\t\t<div class=\"elementor-container elementor-column-gap-default\">\n\t\t\t\t\t<div class=\"elementor-column elementor-col-100 elementor-top-column elementor-element elementor-element-3ebd0b5\" data-id=\"3ebd0b5\" data-element_type=\"column\" data-e-type=\"column\" data-settings=\"{&quot;background_background&quot;:&quot;classic&quot;}\">\n\t\t\t<div class=\"elementor-widget-wrap elementor-element-populated\">\n\t\t\t\t\t\t<div class=\"elementor-element elementor-element-b3240a0 elementor-widget elementor-widget-text-editor\" data-id=\"b3240a0\" data-element_type=\"widget\" data-e-type=\"widget\" data-widget_type=\"text-editor.default\">\n\t\t\t\t<div class=\"elementor-widget-container\">\n\t\t\t\t\t\t\t\t\t<p>Il est \u00e9vident que l\u2019amiti\u00e9 doit \u00eatre pr\u00e9sente au sein de la ma\u00eetrise (attention cependant \u00e0 ce que cela ne tourne pas \u00e0 la bande de copines qui pense plus \u00e0 s\u2019amuser qu\u2019\u00e0 mener sa compagnie!)\u2026 il faut donc apprendre \u00e0 se conna\u00eetre, se voir r\u00e9guli\u00e8rement en dehors du cadre de la compagnie<strong>. Participer \u00e0 une route de Toussaint en ma\u00eetrise est par exemple un excellent moyen pour tisser des liens<\/strong>, en vivant un temps scout, sans la responsabilit\u00e9 de vos guides, tout en ayant le temps de parler de la compagnie sur la route.<\/p><blockquote><p>Ne perdez pas de vue que vous \u00eates un exemple pour les guides. Si les cheftaines forment une ma\u00eetrise unie et joyeuse, il en ira ainsi des patrouilles. Si la cheftaine d\u00e9l\u00e8gue et responsabilise ses assistantes, le chef de patrouille agira de m\u00eame avec ses guides.<\/p><\/blockquote>\t\t\t\t\t\t\t\t<\/div>\n\t\t\t\t<\/div>\n\t\t\t\t\t<\/div>\n\t\t<\/div>\n\t\t\t\t\t<\/div>\n\t\t<\/section>\n\t\t\t\t<\/div>\n\t\t","protected":false},"excerpt":{"rendered":"<p>La cheftaine La cheftaine et ses assistantes composent une \u00ab\u00a0maitrise\u00a0\u00bb. Ensemble elles encadrent la compagnie. C&rsquo;est la cheftaine de compagnie qui en a la charge et qui, avec l&rsquo;aide de ses CP, s&rsquo;occupe et prend les d\u00e9cisions pour le bien de la compagnie en cour d&rsquo;honneur (CDH). La cheftaine connait toutes les guides de sa [&hellip;]<\/p>\n","protected":false},"author":4,"featured_media":1711,"parent":1297,"menu_order":0,"comment_status":"closed","ping_status":"closed","template":"","meta":{"_seopress_robots_primary_cat":"","_seopress_titles_title":"","_seopress_titles_desc":"","_seopress_robots_index":"","site-sidebar-layout":"no-sidebar","site-content-layout":"page-builder","ast-site-content-layout":"full-width-container","site-content-style":"default","site-sidebar-style":"default","ast-global-header-display":"","ast-banner-title-visibility":"","ast-main-header-display":"","ast-hfb-above-header-display":"","ast-hfb-below-header-display":"","ast-hfb-mobile-header-display":"","site-post-title":"disabled","ast-breadcrumbs-content":"","ast-featured-img":"disabled","footer-sml-layout":"","theme-transparent-header-meta":"","adv-header-id-meta":"","stick-header-meta":"","header-above-stick-meta":"","header-main-stick-meta":"","header-below-stick-meta":"","astra-migrate-meta-layouts":"set","ast-page-background-enabled":"default","ast-page-background-meta":{"desktop":{"background-color":"var(--ast-global-color-4)","background-image":"","background-repeat":"repeat","background-position":"center center","background-size":"auto","background-attachment":"scroll","background-type":"","background-media":"","overlay-type":"","overlay-color":"","overlay-opacity":"","overlay-gradient":""},"tablet":{"background-color":"","background-image":"","background-repeat":"repeat","background-position":"center center","background-size":"auto","background-attachment":"scroll","background-type":"","background-media":"","overlay-type":"","overlay-color":"","overlay-opacity":"","overlay-gradient":""},"mobile":{"background-color":"","background-image":"","background-repeat":"repeat","background-position":"center center","background-size":"auto","background-attachment":"scroll","background-type":"","background-media":"","overlay-type":"","overlay-color":"","overlay-opacity":"","overlay-gradient":""}},"ast-content-background-meta":{"desktop":{"background-color":"var(--ast-global-color-5)","background-image":"","background-repeat":"repeat","background-position":"center center","background-size":"auto","background-attachment":"scroll","background-type":"","background-media":"","overlay-type":"","overlay-color":"","overlay-opacity":"","overlay-gradient":""},"tablet":{"background-color":"var(--ast-global-color-5)","background-image":"","background-repeat":"repeat","background-position":"center center","background-size":"auto","background-attachment":"scroll","background-type":"","background-media":"","overlay-type":"","overlay-color":"","overlay-opacity":"","overlay-gradient":""},"mobile":{"background-color":"var(--ast-global-color-5)","background-image":"","background-repeat":"repeat","background-position":"center center","background-size":"auto","background-attachment":"scroll","background-type":"","background-media":"","overlay-type":"","overlay-color":"","overlay-opacity":"","overlay-gradient":""}},"footnotes":""},"class_list":["post-1383","page","type-page","status-publish","has-post-thumbnail","hentry"],"_links":{"self":[{"href":"https:\/\/www.scouts-europe.org\/eclaireuses\/wp-json\/wp\/v2\/pages\/1383","targetHints":{"allow":["GET"]}}],"collection":[{"href":"https:\/\/www.scouts-europe.org\/eclaireuses\/wp-json\/wp\/v2\/pages"}],"about":[{"href":"https:\/\/www.scouts-europe.org\/eclaireuses\/wp-json\/wp\/v2\/types\/page"}],"author":[{"embeddable":true,"href":"https:\/\/www.scouts-europe.org\/eclaireuses\/wp-json\/wp\/v2\/users\/4"}],"replies":[{"embeddable":true,"href":"https:\/\/www.scouts-europe.org\/eclaireuses\/wp-json\/wp\/v2\/comments?post=1383"}],"version-history":[{"count":34,"href":"https:\/\/www.scouts-europe.org\/eclaireuses\/wp-json\/wp\/v2\/pages\/1383\/revisions"}],"predecessor-version":[{"id":3008,"href":"https:\/\/www.scouts-europe.org\/eclaireuses\/wp-json\/wp\/v2\/pages\/1383\/revisions\/3008"}],"up":[{"embeddable":true,"href":"https:\/\/www.scouts-europe.org\/eclaireuses\/wp-json\/wp\/v2\/pages\/1297"}],"wp:featuredmedia":[{"embeddable":true,"href":"https:\/\/www.scouts-europe.org\/eclaireuses\/wp-json\/wp\/v2\/media\/1711"}],"wp:attachment":[{"href":"https:\/\/www.scouts-europe.org\/eclaireuses\/wp-json\/wp\/v2\/media?parent=1383"}],"curies":[{"name":"wp","href":"https:\/\/api.w.org\/{rel}","templated":true}]}}