{"id":3887,"date":"2026-02-19T06:25:13","date_gmt":"2026-02-19T05:25:13","guid":{"rendered":"https:\/\/www.scouts-europe.org\/eclaireuses\/?page_id=3887"},"modified":"2026-02-19T06:28:20","modified_gmt":"2026-02-19T05:28:20","slug":"pour-aller-plus-loin-altair-et-phoenix","status":"publish","type":"page","link":"https:\/\/www.scouts-europe.org\/eclaireuses\/pour-aller-plus-loin-altair-et-phoenix\/","title":{"rendered":"Pour aller plus loin : Alta\u00efr et Phoenix"},"content":{"rendered":"\t\t<div data-elementor-type=\"wp-page\" data-elementor-id=\"3887\" class=\"elementor elementor-3887\">\n\t\t\t\t\t\t<section class=\"elementor-section elementor-top-section elementor-element elementor-element-53f9cb3 elementor-section-boxed elementor-section-height-default elementor-section-height-default\" data-id=\"53f9cb3\" data-element_type=\"section\" data-e-type=\"section\" data-settings=\"{&quot;background_background&quot;:&quot;classic&quot;}\">\n\t\t\t\t\t\t<div class=\"elementor-container elementor-column-gap-default\">\n\t\t\t\t\t<div class=\"elementor-column elementor-col-100 elementor-top-column elementor-element elementor-element-47dd908\" data-id=\"47dd908\" data-element_type=\"column\" data-e-type=\"column\">\n\t\t\t<div class=\"elementor-widget-wrap elementor-element-populated\">\n\t\t\t\t\t\t<div class=\"elementor-element elementor-element-451387d elementor-widget elementor-widget-heading\" data-id=\"451387d\" data-element_type=\"widget\" data-e-type=\"widget\" data-widget_type=\"heading.default\">\n\t\t\t\t<div class=\"elementor-widget-container\">\n\t\t\t\t\t<h2 class=\"elementor-heading-title elementor-size-default\">Pour aller plus loin : Alta\u00efr et Phoenix<\/h2>\t\t\t\t<\/div>\n\t\t\t\t<\/div>\n\t\t\t\t<div class=\"elementor-element elementor-element-665845d elementor-widget elementor-widget-text-editor\" data-id=\"665845d\" data-element_type=\"widget\" data-e-type=\"widget\" data-widget_type=\"text-editor.default\">\n\t\t\t\t<div class=\"elementor-widget-container\">\n\t\t\t\t\t\t\t\t\t<p>Pour aller plus loin, nous te proposons deux d\u00e9clinaisons du projet de patrouille qui t&rsquo;invitent \u00e0 te d\u00e9passer.\u00a0<\/p><p><a href=\"https:\/\/www.scouts-europe.org\/eclaireuses\/pedagogie\/defi-phoenix\/\">Projet Phoenix<\/a><\/p><p><a href=\"https:\/\/www.scouts-europe.org\/eclaireuses\/photos\/mission-altair\/\">Mission Alta\u00efr<\/a><\/p><p>\u00a0<\/p><p>Tu peux retrouver sur Sycomore les pr\u00e9sentations de ces deux aventures :<\/p><ul><li><a href=\"https:\/\/sycomore.scouts-europe.org\/Import\/2024103_135917_Pour%20toi%20CP,%20Mission%20Alta%c3%afr.pdf\">Pour toi CP, Mission Alta\u00efr<\/a><\/li><li><a href=\"https:\/\/sycomore.scouts-europe.org\/Import\/2025911_93658_Pour%20toi%20CP,%20Projet%20Phoenix.pdf\">Pour toi CP, Projet Phoenix<\/a>\u00a0\u00a0<\/li><\/ul>\t\t\t\t\t\t\t\t<\/div>\n\t\t\t\t<\/div>\n\t\t\t\t<div class=\"elementor-element elementor-element-ec57e0f elementor-widget-divider--view-line elementor-widget elementor-widget-divider\" data-id=\"ec57e0f\" data-element_type=\"widget\" data-e-type=\"widget\" data-widget_type=\"divider.default\">\n\t\t\t\t<div class=\"elementor-widget-container\">\n\t\t\t\t\t\t\t<div class=\"elementor-divider\">\n\t\t\t<span class=\"elementor-divider-separator\">\n\t\t\t\t\t\t<\/span>\n\t\t<\/div>\n\t\t\t\t\t\t<\/div>\n\t\t\t\t<\/div>\n\t\t\t\t<section class=\"elementor-section elementor-inner-section elementor-element elementor-element-1997910 elementor-section-boxed elementor-section-height-default elementor-section-height-default\" data-id=\"1997910\" data-element_type=\"section\" data-e-type=\"section\">\n\t\t\t\t\t\t<div class=\"elementor-container elementor-column-gap-default\">\n\t\t\t\t\t<div class=\"elementor-column elementor-col-50 elementor-inner-column elementor-element elementor-element-a50f371\" data-id=\"a50f371\" data-element_type=\"column\" data-e-type=\"column\">\n\t\t\t<div class=\"elementor-widget-wrap elementor-element-populated\">\n\t\t\t\t\t\t<div class=\"elementor-element elementor-element-195c40e elementor-widget elementor-widget-image\" data-id=\"195c40e\" data-element_type=\"widget\" data-e-type=\"widget\" data-widget_type=\"image.default\">\n\t\t\t\t<div class=\"elementor-widget-container\">\n\t\t\t\t\t\t\t\t\t\t\t\t\t\t\t<img decoding=\"async\" src=\"https:\/\/www.scouts-europe.org\/eclaireuses\/wp-content\/uploads\/sites\/105\/elementor\/thumbs\/phoenix-300x287-1-r0bv1e2ssj7awx8zt5g9kw1quwonu4dix7qw8is0rs.png\" title=\"phoenix 300&#215;287 1\" alt=\"phoenix 300x287 1\" loading=\"lazy\" \/>\t\t\t\t\t\t\t\t\t\t\t\t\t\t\t<\/div>\n\t\t\t\t<\/div>\n\t\t\t\t\t<\/div>\n\t\t<\/div>\n\t\t\t\t<div class=\"elementor-column elementor-col-50 elementor-inner-column elementor-element elementor-element-101bb78\" data-id=\"101bb78\" data-element_type=\"column\" data-e-type=\"column\">\n\t\t\t<div class=\"elementor-widget-wrap elementor-element-populated\">\n\t\t\t\t\t\t<div class=\"elementor-element elementor-element-6a7d75e elementor-widget elementor-widget-heading\" data-id=\"6a7d75e\" data-element_type=\"widget\" data-e-type=\"widget\" data-widget_type=\"heading.default\">\n\t\t\t\t<div class=\"elementor-widget-container\">\n\t\t\t\t\t<h2 class=\"elementor-heading-title elementor-size-default\">Projet Phoenix<\/h2>\t\t\t\t<\/div>\n\t\t\t\t<\/div>\n\t\t\t\t<div class=\"elementor-element elementor-element-828db31 elementor-widget elementor-widget-text-editor\" data-id=\"828db31\" data-element_type=\"widget\" data-e-type=\"widget\" data-widget_type=\"text-editor.default\">\n\t\t\t\t<div class=\"elementor-widget-container\">\n\t\t\t\t\t\t\t\t\t<p>Ta patrouille ne remplit pas les conditions de la mission Alta\u00efr mais le CDP a d\u00e9cid\u00e9 de faire un projet hors-norme ? Tu as une petite ou jeune patrouille mais vous souhaitez prendre votre envol ? Tel un phoenix, fais de ta faiblesse une force et rejoins le Projet Phoenix !\u00a0<\/p>\t\t\t\t\t\t\t\t<\/div>\n\t\t\t\t<\/div>\n\t\t\t\t<div class=\"elementor-element elementor-element-2e7fd1e elementor-widget elementor-widget-text-editor\" data-id=\"2e7fd1e\" data-element_type=\"widget\" data-e-type=\"widget\" data-widget_type=\"text-editor.default\">\n\t\t\t\t<div class=\"elementor-widget-container\">\n\t\t\t\t\t\t\t\t\t<p><i>Projet Phoenix s\u2019adresse \u00e0 toutes les patrouilles, peu importe le nombre et le niveau des guides.<\/i><\/p><p>La patrouille choisit en CDP si elle se lance dans l\u2019aventure. L\u2019implication de chaque guide est n\u00e9cessaire pour mener \u00e0 bien le projet Phoenix.<\/p><p>En effet, chaque guide doit aller plus loin dans sa formation et se fixer des objectifs de progression pour l&rsquo;ann\u00e9e qui soient \u00e0 la fois audacieux et atteignables: classes, badges, BM&#8230; Leur r\u00e9ussite conditionne la qualification Phoenix de la patrouille.<\/p>\t\t\t\t\t\t\t\t<\/div>\n\t\t\t\t<\/div>\n\t\t\t\t<div class=\"elementor-element elementor-element-d0e24f0 elementor-widget elementor-widget-text-editor\" data-id=\"d0e24f0\" data-element_type=\"widget\" data-e-type=\"widget\" data-widget_type=\"text-editor.default\">\n\t\t\t\t<div class=\"elementor-widget-container\">\n\t\t\t\t\t\t\t\t\t<p><b>Conditions de d\u00e9part :\u00a0<\/b><\/p><ul><li>Au moins 1 guide de 1\u00e8re classe.<\/li><li>Une fiche de pr\u00e9paration \u00e0 compl\u00e9ter en CDP et faire valider par ta CCie dans le dossier d\u2019ann\u00e9e avant le 31 octobre si une guide de la patrouille est candidate pour Semper Fidelis, et d\u2019ici le 15 novembre pour les autres.<\/li><\/ul>\t\t\t\t\t\t\t\t<\/div>\n\t\t\t\t<\/div>\n\t\t\t\t<div class=\"elementor-element elementor-element-8f08f64 elementor-widget elementor-widget-text-editor\" data-id=\"8f08f64\" data-element_type=\"widget\" data-e-type=\"widget\" data-widget_type=\"text-editor.default\">\n\t\t\t\t<div class=\"elementor-widget-container\">\n\t\t\t\t\t\t\t\t\t<p><b>Progression :<\/b><\/p><ul><li>Obtenir, pour chaque guide, une classe ou badge suppl\u00e9mentaire, selon les objectifs fix\u00e9s.<\/li><li>Les aspirantes prononcent leur promesse avant le camp.<\/li><\/ul>\t\t\t\t\t\t\t\t<\/div>\n\t\t\t\t<\/div>\n\t\t\t\t<div class=\"elementor-element elementor-element-0974ed1 elementor-widget elementor-widget-text-editor\" data-id=\"0974ed1\" data-element_type=\"widget\" data-e-type=\"widget\" data-widget_type=\"text-editor.default\">\n\t\t\t\t<div class=\"elementor-widget-container\">\n\t\t\t\t\t\t\t\t\t<p><b>Campisme :\u00a0<\/b><\/p><ul><li>Camper 8 nuits sous tente (en patrouille ou en compagnie) r\u00e9parties dans l\u2019ann\u00e9e.<\/li><li>Valider les <a href=\"https:\/\/sycomore.scouts-europe.org\/Import\/202599_103422_Criteres%20de%20campisme.pdf\">crit\u00e8res de campisme<\/a> autour du feu, de la cuisine, des installations et du campisme.<\/li><\/ul>\t\t\t\t\t\t\t\t<\/div>\n\t\t\t\t<\/div>\n\t\t\t\t<div class=\"elementor-element elementor-element-b71d7a6 elementor-widget elementor-widget-text-editor\" data-id=\"b71d7a6\" data-element_type=\"widget\" data-e-type=\"widget\" data-widget_type=\"text-editor.default\">\n\t\t\t\t<div class=\"elementor-widget-container\">\n\t\t\t\t\t\t\t\t\t<p><b>D\u00e9fi technique :\u00a0<\/b><\/p><ul><li>Travailler 1 ou 2 badge(s) en patrouille en approfondissant une technique d\u2019ann\u00e9e de la compagnie. <i>Il est recommand\u00e9 de s\u00e9lectionner un seul badge pour construire un projet Phoenix.<\/i><\/li><\/ul><ul><li>R\u00e9aliser un d\u00e9fi technique en lien avec ces badges.\u00a0<\/li><\/ul>\t\t\t\t\t\t\t\t<\/div>\n\t\t\t\t<\/div>\n\t\t\t\t<section class=\"elementor-section elementor-inner-section elementor-element elementor-element-3182dab elementor-section-boxed elementor-section-height-default elementor-section-height-default\" data-id=\"3182dab\" data-element_type=\"section\" data-e-type=\"section\">\n\t\t\t\t\t\t<div class=\"elementor-container elementor-column-gap-default\">\n\t\t\t\t\t<div class=\"elementor-column elementor-col-50 elementor-inner-column elementor-element elementor-element-a0c368d\" data-id=\"a0c368d\" data-element_type=\"column\" data-e-type=\"column\">\n\t\t\t<div class=\"elementor-widget-wrap elementor-element-populated\">\n\t\t\t\t\t\t<div class=\"elementor-element elementor-element-cebdcb7 elementor-widget elementor-widget-image\" data-id=\"cebdcb7\" data-element_type=\"widget\" data-e-type=\"widget\" data-widget_type=\"image.default\">\n\t\t\t\t<div class=\"elementor-widget-container\">\n\t\t\t\t\t\t\t\t\t\t\t\t\t\t\t<img decoding=\"async\" src=\"https:\/\/www.scouts-europe.org\/eclaireuses\/wp-content\/uploads\/sites\/105\/elementor\/thumbs\/altair-1-1-150x150-1-r0buyb5ts5l91xn8ld2pcmm68rrj9yjc82h0j63v5g.png\" title=\"altair 1 1 150&#215;150 1\" alt=\"altair 1 1 150x150 1\" loading=\"lazy\" \/>\t\t\t\t\t\t\t\t\t\t\t\t\t\t\t<\/div>\n\t\t\t\t<\/div>\n\t\t\t\t\t<\/div>\n\t\t<\/div>\n\t\t\t\t<div class=\"elementor-column elementor-col-50 elementor-inner-column elementor-element elementor-element-9dcebd2\" data-id=\"9dcebd2\" data-element_type=\"column\" data-e-type=\"column\">\n\t\t\t<div class=\"elementor-widget-wrap elementor-element-populated\">\n\t\t\t\t\t\t<div class=\"elementor-element elementor-element-3a78dae elementor-widget elementor-widget-text-editor\" data-id=\"3a78dae\" data-element_type=\"widget\" data-e-type=\"widget\" data-widget_type=\"text-editor.default\">\n\t\t\t\t<div class=\"elementor-widget-container\">\n\t\t\t\t\t\t\t\t\t<p><b>WE missionnaire :<\/b>\u00a0<\/p><ul><li>Inviter une jeune fille \u00e0 un week-end de patrouille pour lui faire d\u00e9couvrir le scoutisme<\/li><\/ul>\t\t\t\t\t\t\t\t<\/div>\n\t\t\t\t<\/div>\n\t\t\t\t\t<\/div>\n\t\t<\/div>\n\t\t\t\t\t<\/div>\n\t\t<\/section>\n\t\t\t\t\t<\/div>\n\t\t<\/div>\n\t\t\t\t\t<\/div>\n\t\t<\/section>\n\t\t\t\t<section class=\"elementor-section elementor-inner-section elementor-element elementor-element-34f7cbb elementor-section-boxed elementor-section-height-default elementor-section-height-default\" data-id=\"34f7cbb\" data-element_type=\"section\" data-e-type=\"section\">\n\t\t\t\t\t\t<div class=\"elementor-container elementor-column-gap-default\">\n\t\t\t\t\t<div class=\"elementor-column elementor-col-50 elementor-inner-column elementor-element elementor-element-8f7cbde\" data-id=\"8f7cbde\" data-element_type=\"column\" data-e-type=\"column\">\n\t\t\t<div class=\"elementor-widget-wrap elementor-element-populated\">\n\t\t\t\t\t\t<div class=\"elementor-element elementor-element-4113116 elementor-widget elementor-widget-image\" data-id=\"4113116\" data-element_type=\"widget\" data-e-type=\"widget\" data-widget_type=\"image.default\">\n\t\t\t\t<div class=\"elementor-widget-container\">\n\t\t\t\t\t\t\t\t\t\t\t\t\t\t\t<img decoding=\"async\" src=\"https:\/\/www.scouts-europe.org\/eclaireuses\/wp-content\/uploads\/sites\/105\/elementor\/thumbs\/altair-1-1-150x150-1-r0buyb5ue2zguxq3stiaeo1crfvclu575yrllvch60.png\" title=\"altair 1 1 150&#215;150 1\" alt=\"altair 1 1 150x150 1\" loading=\"lazy\" \/>\t\t\t\t\t\t\t\t\t\t\t\t\t\t\t<\/div>\n\t\t\t\t<\/div>\n\t\t\t\t\t<\/div>\n\t\t<\/div>\n\t\t\t\t<div class=\"elementor-column elementor-col-50 elementor-inner-column elementor-element elementor-element-c0a9be0\" data-id=\"c0a9be0\" data-element_type=\"column\" data-e-type=\"column\">\n\t\t\t<div class=\"elementor-widget-wrap elementor-element-populated\">\n\t\t\t\t\t\t<div class=\"elementor-element elementor-element-479cd45 elementor-widget elementor-widget-heading\" data-id=\"479cd45\" data-element_type=\"widget\" data-e-type=\"widget\" data-widget_type=\"heading.default\">\n\t\t\t\t<div class=\"elementor-widget-container\">\n\t\t\t\t\t<h2 class=\"elementor-heading-title elementor-size-default\">Mission Alta\u00efr<\/h2>\t\t\t\t<\/div>\n\t\t\t\t<\/div>\n\t\t\t\t<div class=\"elementor-element elementor-element-8ebeb5c elementor-widget elementor-widget-text-editor\" data-id=\"8ebeb5c\" data-element_type=\"widget\" data-e-type=\"widget\" data-widget_type=\"text-editor.default\">\n\t\t\t\t<div class=\"elementor-widget-container\">\n\t\t\t\t\t\t\t\t\t<p>Tu as envie d\u2019aller toujours plus haut ? Toujours plus loin ? Nous te proposons d\u2019accrocher tes r\u00eaves \u00e0 une \u00e9toile&#8230;<\/p><p>Cette \u00e9toile, c\u2019est Alta\u00efr. Es-tu pr\u00eate \u00e0 partir pour l\u2019aventure ?<\/p><p>Pas s\u00fbre de r\u00e9ussir ?&#8230; \u00c9coute Baden-Powell te dire :<\/p><p>\u00ab Rester immobile ne sert \u00e0 rien. Il faut choisir entre progresser ou r\u00e9gresser. Allons donc de l\u2019avant et le sourire aux l\u00e8vres.\u201d\u00a0<\/p>\t\t\t\t\t\t\t\t<\/div>\n\t\t\t\t<\/div>\n\t\t\t\t<div class=\"elementor-element elementor-element-5c7a99e elementor-widget elementor-widget-text-editor\" data-id=\"5c7a99e\" data-element_type=\"widget\" data-e-type=\"widget\" data-widget_type=\"text-editor.default\">\n\t\t\t\t<div class=\"elementor-widget-container\">\n\t\t\t\t\t\t\t\t\t<p>La patrouille choisit en CDP de se lancer dans cette grande aventure. L\u2019implication de chaque guide est n\u00e9cessaire pour mener \u00e0 bien la mission Alta\u00efr.<\/p><p>En effet, chaque guide doit aller plus loin dans sa formation et se fixer des objectifs de progression pour l&rsquo;ann\u00e9e qui soient \u00e0 la fois audacieux et atteignables: classes, badges, BM&#8230; Leur r\u00e9ussite conditionne la qualification Alta\u00efr de la patrouille.<\/p>\t\t\t\t\t\t\t\t<\/div>\n\t\t\t\t<\/div>\n\t\t\t\t<div class=\"elementor-element elementor-element-af55406 elementor-widget elementor-widget-text-editor\" data-id=\"af55406\" data-element_type=\"widget\" data-e-type=\"widget\" data-widget_type=\"text-editor.default\">\n\t\t\t\t<div class=\"elementor-widget-container\">\n\t\t\t\t\t\t\t\t\t<p><b>Conditions de d\u00e9part :\u00a0<\/b><\/p><ul><li style=\"list-style-type: none\"><ul><li>Une patrouille de 6 \u00e0 8 guides (au moins 5 pour une patrouille libre).<\/li><li>Un niveau de progression minimal de d\u00e9part (au 31 octobre).<br \/><i>Les niveaux exig\u00e9s pour candidater puis valider la qualification Alta\u00efr en fin d\u2019ann\u00e9e sont d\u00e9taill\u00e9s dans le tableau ci-dessous. Ils tiennent compte de la configuration de ta patrouille. Si ta patrouille n\u2019est pas dans une de ces configurations, n\u2019h\u00e9site pas \u00e0 aller voir le Projet Phoenix <\/i><i>!<\/i><\/li><\/ul><ul><li>Une <a href=\"https:\/\/sycomore.scouts-europe.org\/Import\/2025724_15282_Fiche%20CP%20-%20Mission%20Alta%c3%afr.pdf\">fiche de pr\u00e9paration<\/a><i>\u00a0<\/i>est \u00e0 compl\u00e9ter en CDP et faire valider par ta CCie dans le dossier d\u2019ann\u00e9e avant le 31 octobre si une guide de la patrouille est candidate pour Semper Fidelis, et d\u2019ici le 15 novembre pour les autres.<\/li><\/ul><\/li><\/ul>\t\t\t\t\t\t\t\t<\/div>\n\t\t\t\t<\/div>\n\t\t\t\t<div class=\"elementor-element elementor-element-41b646b elementor-widget elementor-widget-text-editor\" data-id=\"41b646b\" data-element_type=\"widget\" data-e-type=\"widget\" data-widget_type=\"text-editor.default\">\n\t\t\t\t<div class=\"elementor-widget-container\">\n\t\t\t\t\t\t\t\t\t<p><b>Progression :<\/b><\/p><ul><li>La patrouille valide le niveau minimal de progression.\u00a0<\/li><\/ul><p><i>N\u2019oublie pas qu\u2019une guide 1\u00e8re classe suppl\u00e9mentaire permet de compter pour le pr\u00e9-requis de 2nde classe !\u00a0<\/i><\/p><ul><li>Chaque guide progresse (classes, badges, BM\u2026) selon les objectifs fix\u00e9s et cela permet d\u2019atteindre les objectifs minimaux attendus.<\/li><li>Les aspirantes prononcent leur promesse avant le camp.<\/li><\/ul>\t\t\t\t\t\t\t\t<\/div>\n\t\t\t\t<\/div>\n\t\t\t\t<div class=\"elementor-element elementor-element-ebd40e7 elementor-widget elementor-widget-image\" data-id=\"ebd40e7\" data-element_type=\"widget\" data-e-type=\"widget\" data-widget_type=\"image.default\">\n\t\t\t\t<div class=\"elementor-widget-container\">\n\t\t\t\t\t\t\t\t\t\t\t\t\t\t\t<img fetchpriority=\"high\" decoding=\"async\" width=\"1024\" height=\"719\" src=\"https:\/\/www.scouts-europe.org\/eclaireuses\/wp-content\/uploads\/sites\/105\/2026\/02\/Capture-decran-2026-02-19-a-06.25.01-1024x719.png\" class=\"attachment-large size-large wp-image-3889\" alt=\"capture d\u2019e\u0301cran 2026 02 19 a\u0300 06.25.01\" srcset=\"https:\/\/www.scouts-europe.org\/eclaireuses\/wp-content\/uploads\/sites\/105\/2026\/02\/Capture-decran-2026-02-19-a-06.25.01-1024x719.png 1024w, https:\/\/www.scouts-europe.org\/eclaireuses\/wp-content\/uploads\/sites\/105\/2026\/02\/Capture-decran-2026-02-19-a-06.25.01-300x211.png 300w, https:\/\/www.scouts-europe.org\/eclaireuses\/wp-content\/uploads\/sites\/105\/2026\/02\/Capture-decran-2026-02-19-a-06.25.01-768x540.png 768w, https:\/\/www.scouts-europe.org\/eclaireuses\/wp-content\/uploads\/sites\/105\/2026\/02\/Capture-decran-2026-02-19-a-06.25.01.png 1506w\" sizes=\"(max-width: 1024px) 100vw, 1024px\" \/>\t\t\t\t\t\t\t\t\t\t\t\t\t\t\t<\/div>\n\t\t\t\t<\/div>\n\t\t\t\t<div class=\"elementor-element elementor-element-d6838b8 elementor-widget elementor-widget-text-editor\" data-id=\"d6838b8\" data-element_type=\"widget\" data-e-type=\"widget\" data-widget_type=\"text-editor.default\">\n\t\t\t\t<div class=\"elementor-widget-container\">\n\t\t\t\t\t\t\t\t\t<p><b>Campisme :\u00a0<\/b><\/p><ul><li>Camper 10 nuits sous tente (en patrouille ou en compagnie) r\u00e9parties dans l\u2019ann\u00e9e.<\/li><li>Valider tout au long de l\u2019ann\u00e9e les <a href=\"https:\/\/sycomore.scouts-europe.org\/Import\/202599_103422_Criteres%20de%20campisme.pdf\">crit\u00e8res de campisme<\/a> autour du feu, de la cuisine, des installations et du campisme.<\/li><\/ul>\t\t\t\t\t\t\t\t<\/div>\n\t\t\t\t<\/div>\n\t\t\t\t<div class=\"elementor-element elementor-element-73cd640 elementor-widget elementor-widget-text-editor\" data-id=\"73cd640\" data-element_type=\"widget\" data-e-type=\"widget\" data-widget_type=\"text-editor.default\">\n\t\t\t\t<div class=\"elementor-widget-container\">\n\t\t\t\t\t\t\t\t\t<p><b>D\u00e9fi technique :\u00a0<\/b><\/p><ul><li>Travailler 1 ou 2 badge(s) en patrouille en approfondissant une technique d\u2019ann\u00e9e de la compagnie.<\/li><\/ul><ul><li>R\u00e9aliser un d\u00e9fi technique en lien avec ces badges.\u00a0<\/li><\/ul>\t\t\t\t\t\t\t\t<\/div>\n\t\t\t\t<\/div>\n\t\t\t\t<section class=\"elementor-section elementor-inner-section elementor-element elementor-element-e021606 elementor-section-boxed elementor-section-height-default elementor-section-height-default\" data-id=\"e021606\" data-element_type=\"section\" data-e-type=\"section\">\n\t\t\t\t\t\t<div class=\"elementor-container elementor-column-gap-default\">\n\t\t\t\t\t<div class=\"elementor-column elementor-col-50 elementor-inner-column elementor-element elementor-element-690eae6\" data-id=\"690eae6\" data-element_type=\"column\" data-e-type=\"column\">\n\t\t\t<div class=\"elementor-widget-wrap elementor-element-populated\">\n\t\t\t\t\t\t<div class=\"elementor-element elementor-element-9a5a997 elementor-widget elementor-widget-image\" data-id=\"9a5a997\" data-element_type=\"widget\" data-e-type=\"widget\" data-widget_type=\"image.default\">\n\t\t\t\t<div class=\"elementor-widget-container\">\n\t\t\t\t\t\t\t\t\t\t\t\t\t\t\t<img decoding=\"async\" src=\"https:\/\/www.scouts-europe.org\/eclaireuses\/wp-content\/uploads\/sites\/105\/elementor\/thumbs\/altair-1-1-150x150-1-r0buyb5ts5l91xn8ld2pcmm68rrj9yjc82h0j63v5g.png\" title=\"altair 1 1 150&#215;150 1\" alt=\"altair 1 1 150x150 1\" loading=\"lazy\" \/>\t\t\t\t\t\t\t\t\t\t\t\t\t\t\t<\/div>\n\t\t\t\t<\/div>\n\t\t\t\t\t<\/div>\n\t\t<\/div>\n\t\t\t\t<div class=\"elementor-column elementor-col-50 elementor-inner-column elementor-element elementor-element-632c755\" data-id=\"632c755\" data-element_type=\"column\" data-e-type=\"column\">\n\t\t\t<div class=\"elementor-widget-wrap elementor-element-populated\">\n\t\t\t\t\t\t<div class=\"elementor-element elementor-element-8e26c3a elementor-widget elementor-widget-text-editor\" data-id=\"8e26c3a\" data-element_type=\"widget\" data-e-type=\"widget\" data-widget_type=\"text-editor.default\">\n\t\t\t\t<div class=\"elementor-widget-container\">\n\t\t\t\t\t\t\t\t\t<p><b>WE missionnaire :<\/b>\u00a0<\/p><ul><li>Inviter une jeune fille \u00e0 un week-end de patrouille pour lui faire d\u00e9couvrir le scoutisme<\/li><\/ul>\t\t\t\t\t\t\t\t<\/div>\n\t\t\t\t<\/div>\n\t\t\t\t\t<\/div>\n\t\t<\/div>\n\t\t\t\t\t<\/div>\n\t\t<\/section>\n\t\t\t\t<div class=\"elementor-element elementor-element-bcd294d elementor-widget elementor-widget-text-editor\" data-id=\"bcd294d\" data-element_type=\"widget\" data-e-type=\"widget\" data-widget_type=\"text-editor.default\">\n\t\t\t\t<div class=\"elementor-widget-container\">\n\t\t\t\t\t\t\t\t\t<p><b>Tu es convaincue que c\u2019est le projet dans lequel te lancer avec ta patrouille ?<\/b><\/p><p><b><i>\ud83d\udc49 <\/i><\/b><i>Va consulter l\u2019article \u201cComment s\u2019inscrire ?\u201d <\/i><b><i>\u00a0<\/i><\/b><\/p><p>\u00a0<\/p><p><b>Tu as besoin de plus de d\u00e9tails sur ces deux aventures ?<\/b><\/p><p><b><i>\ud83d\udc49 <\/i><\/b><i>Va consulter nos articles d\u00e9di\u00e9s sur chacun des 4 axes.<\/i><\/p>\t\t\t\t\t\t\t\t<\/div>\n\t\t\t\t<\/div>\n\t\t\t\t\t<\/div>\n\t\t<\/div>\n\t\t\t\t\t<\/div>\n\t\t<\/section>\n\t\t\t\t\t<\/div>\n\t\t<\/div>\n\t\t\t\t\t<\/div>\n\t\t<\/section>\n\t\t\t\t<\/div>\n\t\t","protected":false},"excerpt":{"rendered":"<p>Pour aller plus loin : Alta\u00efr et Phoenix Pour aller plus loin, nous te proposons deux d\u00e9clinaisons du projet de patrouille qui t&rsquo;invitent \u00e0 te d\u00e9passer.\u00a0 Projet Phoenix Mission Alta\u00efr \u00a0 Tu peux retrouver sur Sycomore les pr\u00e9sentations de ces deux aventures : Pour toi CP, Mission Alta\u00efr Pour toi CP, Projet Phoenix\u00a0\u00a0 Projet Phoenix [&hellip;]<\/p>\n","protected":false},"author":83,"featured_media":0,"parent":0,"menu_order":0,"comment_status":"closed","ping_status":"closed","template":"","meta":{"_seopress_robots_primary_cat":"","_seopress_titles_title":"","_seopress_titles_desc":"","_seopress_robots_index":"","site-sidebar-layout":"no-sidebar","site-content-layout":"page-builder","ast-site-content-layout":"full-width-container","site-content-style":"default","site-sidebar-style":"default","ast-global-header-display":"","ast-banner-title-visibility":"","ast-main-header-display":"","ast-hfb-above-header-display":"","ast-hfb-below-header-display":"","ast-hfb-mobile-header-display":"","site-post-title":"","ast-breadcrumbs-content":"","ast-featured-img":"disabled","footer-sml-layout":"","theme-transparent-header-meta":"","adv-header-id-meta":"","stick-header-meta":"","header-above-stick-meta":"","header-main-stick-meta":"","header-below-stick-meta":"","astra-migrate-meta-layouts":"set","ast-page-background-enabled":"default","ast-page-background-meta":{"desktop":{"background-color":"var(--ast-global-color-4)","background-image":"","background-repeat":"repeat","background-position":"center center","background-size":"auto","background-attachment":"scroll","background-type":"","background-media":"","overlay-type":"","overlay-color":"","overlay-opacity":"","overlay-gradient":""},"tablet":{"background-color":"","background-image":"","background-repeat":"repeat","background-position":"center center","background-size":"auto","background-attachment":"scroll","background-type":"","background-media":"","overlay-type":"","overlay-color":"","overlay-opacity":"","overlay-gradient":""},"mobile":{"background-color":"","background-image":"","background-repeat":"repeat","background-position":"center center","background-size":"auto","background-attachment":"scroll","background-type":"","background-media":"","overlay-type":"","overlay-color":"","overlay-opacity":"","overlay-gradient":""}},"ast-content-background-meta":{"desktop":{"background-color":"var(--ast-global-color-5)","background-image":"","background-repeat":"repeat","background-position":"center center","background-size":"auto","background-attachment":"scroll","background-type":"","background-media":"","overlay-type":"","overlay-color":"","overlay-opacity":"","overlay-gradient":""},"tablet":{"background-color":"var(--ast-global-color-5)","background-image":"","background-repeat":"repeat","background-position":"center center","background-size":"auto","background-attachment":"scroll","background-type":"","background-media":"","overlay-type":"","overlay-color":"","overlay-opacity":"","overlay-gradient":""},"mobile":{"background-color":"var(--ast-global-color-5)","background-image":"","background-repeat":"repeat","background-position":"center center","background-size":"auto","background-attachment":"scroll","background-type":"","background-media":"","overlay-type":"","overlay-color":"","overlay-opacity":"","overlay-gradient":""}},"footnotes":""},"class_list":["post-3887","page","type-page","status-publish","hentry"],"_links":{"self":[{"href":"https:\/\/www.scouts-europe.org\/eclaireuses\/wp-json\/wp\/v2\/pages\/3887","targetHints":{"allow":["GET"]}}],"collection":[{"href":"https:\/\/www.scouts-europe.org\/eclaireuses\/wp-json\/wp\/v2\/pages"}],"about":[{"href":"https:\/\/www.scouts-europe.org\/eclaireuses\/wp-json\/wp\/v2\/types\/page"}],"author":[{"embeddable":true,"href":"https:\/\/www.scouts-europe.org\/eclaireuses\/wp-json\/wp\/v2\/users\/83"}],"replies":[{"embeddable":true,"href":"https:\/\/www.scouts-europe.org\/eclaireuses\/wp-json\/wp\/v2\/comments?post=3887"}],"version-history":[{"count":4,"href":"https:\/\/www.scouts-europe.org\/eclaireuses\/wp-json\/wp\/v2\/pages\/3887\/revisions"}],"predecessor-version":[{"id":3892,"href":"https:\/\/www.scouts-europe.org\/eclaireuses\/wp-json\/wp\/v2\/pages\/3887\/revisions\/3892"}],"wp:attachment":[{"href":"https:\/\/www.scouts-europe.org\/eclaireuses\/wp-json\/wp\/v2\/media?parent=3887"}],"curies":[{"name":"wp","href":"https:\/\/api.w.org\/{rel}","templated":true}]}}