{"id":106,"date":"2022-05-17T11:26:08","date_gmt":"2022-05-17T09:26:08","guid":{"rendered":"http:\/\/agse.dev.overscan.io\/branche\/?page_id=106"},"modified":"2025-05-20T10:46:36","modified_gmt":"2025-05-20T08:46:36","slug":"boite-a-outils","status":"publish","type":"page","link":"https:\/\/www.scouts-europe.org\/guides-ainees\/boite-a-outils\/","title":{"rendered":"Boite \u00e0 outils"},"content":{"rendered":"\t\t<div data-elementor-type=\"wp-page\" data-elementor-id=\"106\" class=\"elementor elementor-106\">\n\t\t\t\t\t\t<section class=\"elementor-section elementor-top-section elementor-element elementor-element-4c5e79b elementor-section-boxed elementor-section-height-default elementor-section-height-default\" data-id=\"4c5e79b\" data-element_type=\"section\" data-e-type=\"section\">\n\t\t\t\t\t\t<div class=\"elementor-container elementor-column-gap-default\">\n\t\t\t\t\t<div class=\"elementor-column elementor-col-100 elementor-top-column elementor-element elementor-element-bbdd1ae\" data-id=\"bbdd1ae\" data-element_type=\"column\" data-e-type=\"column\" data-settings=\"{&quot;background_background&quot;:&quot;classic&quot;}\">\n\t\t\t<div class=\"elementor-widget-wrap elementor-element-populated\">\n\t\t\t\t\t\t<div class=\"elementor-element elementor-element-4565e18 elementor-widget elementor-widget-elementskit-blog-posts\" data-id=\"4565e18\" data-element_type=\"widget\" data-e-type=\"widget\" data-widget_type=\"elementskit-blog-posts.default\">\n\t\t\t\t<div class=\"elementor-widget-container\">\n\t\t\t\t\t<div class=\"ekit-wid-con\" >        <div id=\"post-items--4565e18\" class=\"row post-items\">\n                    <div class=\"col-lg-4 col-md-6\">\n\n                                    <div class=\"elementskit-post-image-card\">\n                        <div class=\"elementskit-entry-header\">\n                                                            <a href=\"https:\/\/www.scouts-europe.org\/guides-ainees\/2025\/05\/12\/accompagner-une-pilote-vers-sa-promesse\/\" class=\"elementskit-entry-thumb\">\n                                    <img decoding=\"async\" src=\"https:\/\/www.scouts-europe.org\/guides-ainees\/wp-content\/uploads\/sites\/103\/2025\/05\/Design-sans-titre-2025-05-12T151713.220-1024x1024.png\" alt=\"Accompagner une pilote vers sa promesse\">\n                                <\/a><!-- .elementskit-entry-thumb END -->\n                                                            \n                                                            <div class=\"elementskit-meta-categories\">\n                                    <span class=\"elementskit-meta-wraper\">\n                                        <span><a href=\"https:\/\/www.scouts-europe.org\/guides-ainees\/maitrise\/\" rel=\"category tag\">Ma\u00eetrise<\/a><\/span><span><a href=\"https:\/\/www.scouts-europe.org\/guides-ainees\/maitrises\/\" rel=\"category tag\">Maitrises<\/a><\/span>\n                                    <\/span>\n                                <\/div>\n                            \n\t\t\t\t\t\t\t\t\t\t\t\t\t<\/div><!-- .elementskit-entry-header END -->\n\n\t\t\t\t\t\t<div class=\"elementskit-post-body \">\n\t\t\t\t\t\t\t\n\t\t\t\t\t\t\t\t\t\t\t\t\t\t\t\t\t\t\t\t\t\t\t\t\t\t\t\t\t\t\n\t\t\t\t\t\t\t\t\n\t\t\t\t\t\t\t\t\t\t\t\t\t\t\t\t\t\t\t\t\t<h2 class=\"entry-title\">\n\t\t\t\t\t<a href=\"https:\/\/www.scouts-europe.org\/guides-ainees\/2025\/05\/12\/accompagner-une-pilote-vers-sa-promesse\/\">\n\t\t\t\t\t\tAccompagner une pilote vers sa promesse\t\t\t\t\t<\/a>\n\t\t\t\t<\/h2>\n\t\t\t\t\t\t\t\t\t\t\t\t\t\t\t\t\t\t\t\t\t\t\t\t\t\t\t\t\t\t\t\t\t\t\t\t\t\t\t\t\t\t<p>Une nouvelle arrive dans ton feu :\u00a0 comment s\u2019y prendre pour l\u2019int\u00e9grer et l\u2019aider \u00e0 pr\u00e9parer sa promesse ? Tous\u2026<\/p>\n\t\t\t\t\t\t\t\t\t\t\t\t\t\t\t\t\t\t\t\t\t\t                                                            <div class=\"btn-wraper\">\n                                    \n                                                                            <a class=\"elementskit-btn whitespace--normal\" id=\"\" href=\"https:\/\/www.scouts-europe.org\/guides-ainees\/2025\/05\/12\/accompagner-une-pilote-vers-sa-promesse\/\">\n                                        \t                                            D\u00e9couvrir                                        <\/a>\n                                                                    <\/div>\n                                                    <\/div><!-- .elementskit-post-body END -->\n                    <\/div>\n                \n            <\/div>\n                    <div class=\"col-lg-4 col-md-6\">\n\n                                    <div class=\"elementskit-post-image-card\">\n                        <div class=\"elementskit-entry-header\">\n                                                            <a href=\"https:\/\/www.scouts-europe.org\/guides-ainees\/2025\/02\/26\/flot-rouge-couleur-de-la-charite\/\" class=\"elementskit-entry-thumb\">\n                                    <img decoding=\"async\" src=\"https:\/\/www.scouts-europe.org\/guides-ainees\/wp-content\/uploads\/sites\/103\/2025\/02\/Design-sans-titre-2025-02-26T110857.293.png\" alt=\"Flot rouge, couleur de la charit\u00e9\">\n                                <\/a><!-- .elementskit-entry-thumb END -->\n                                                            \n                                                            <div class=\"elementskit-meta-categories\">\n                                    <span class=\"elementskit-meta-wraper\">\n                                        <span><a href=\"https:\/\/www.scouts-europe.org\/guides-ainees\/progression\/\" rel=\"category tag\">Progression<\/a><\/span><span><a href=\"https:\/\/www.scouts-europe.org\/guides-ainees\/trace-ta-route\/\" rel=\"category tag\">Trace ta route<\/a><\/span>\n                                    <\/span>\n                                <\/div>\n                            \n\t\t\t\t\t\t\t\t\t\t\t\t\t<\/div><!-- .elementskit-entry-header END -->\n\n\t\t\t\t\t\t<div class=\"elementskit-post-body \">\n\t\t\t\t\t\t\t\n\t\t\t\t\t\t\t\t\t\t\t\t\t\t\t\t\t\t\t\t\t\t\t\t\t\t\t\t\t\t\n\t\t\t\t\t\t\t\t\n\t\t\t\t\t\t\t\t\t\t\t\t\t\t\t\t\t\t\t\t\t<h2 class=\"entry-title\">\n\t\t\t\t\t<a href=\"https:\/\/www.scouts-europe.org\/guides-ainees\/2025\/02\/26\/flot-rouge-couleur-de-la-charite\/\">\n\t\t\t\t\t\tFlot rouge, couleur de la charit\u00e9\t\t\t\t\t<\/a>\n\t\t\t\t<\/h2>\n\t\t\t\t\t\t\t\t\t\t\t\t\t\t\t\t\t\t\t\t\t\t\t\t\t\t\t\t\t\t\t\t\t\t\t\t\t\t\t\t\t\t<p>Si le flot rouge est rarement pris pendant les ann\u00e9es pilotes, il est important de savoir d\u00e8s maintenant \u00e0 quoi\u2026<\/p>\n\t\t\t\t\t\t\t\t\t\t\t\t\t\t\t\t\t\t\t\t\t\t                                                            <div class=\"btn-wraper\">\n                                    \n                                                                            <a class=\"elementskit-btn whitespace--normal\" id=\"\" href=\"https:\/\/www.scouts-europe.org\/guides-ainees\/2025\/02\/26\/flot-rouge-couleur-de-la-charite\/\">\n                                        \t                                            D\u00e9couvrir                                        <\/a>\n                                                                    <\/div>\n                                                    <\/div><!-- .elementskit-post-body END -->\n                    <\/div>\n                \n            <\/div>\n                    <div class=\"col-lg-4 col-md-6\">\n\n                                    <div class=\"elementskit-post-image-card\">\n                        <div class=\"elementskit-entry-header\">\n                                                            <a href=\"https:\/\/www.scouts-europe.org\/guides-ainees\/2025\/02\/26\/route-et-etudes-des-choix-compatibles\/\" class=\"elementskit-entry-thumb\">\n                                    <img decoding=\"async\" src=\"https:\/\/www.scouts-europe.org\/guides-ainees\/wp-content\/uploads\/sites\/103\/2025\/02\/Design-sans-titre-2025-02-26T103357.968.png\" alt=\"Route et \u00e9tudes : des choix compatibles\">\n                                <\/a><!-- .elementskit-entry-thumb END -->\n                                                            \n                                                            <div class=\"elementskit-meta-categories\">\n                                    <span class=\"elementskit-meta-wraper\">\n                                        <span><a href=\"https:\/\/www.scouts-europe.org\/guides-ainees\/progression-personnelle\/\" rel=\"category tag\">Progression personnelle<\/a><\/span><span><a href=\"https:\/\/www.scouts-europe.org\/guides-ainees\/trace-ta-route\/\" rel=\"category tag\">Trace ta route<\/a><\/span>\n                                    <\/span>\n                                <\/div>\n                            \n\t\t\t\t\t\t\t\t\t\t\t\t\t<\/div><!-- .elementskit-entry-header END -->\n\n\t\t\t\t\t\t<div class=\"elementskit-post-body \">\n\t\t\t\t\t\t\t\n\t\t\t\t\t\t\t\t\t\t\t\t\t\t\t\t\t\t\t\t\t\t\t\t\t\t\t\t\t\t\n\t\t\t\t\t\t\t\t\n\t\t\t\t\t\t\t\t\t\t\t\t\t\t\t\t\t\t\t\t\t<h2 class=\"entry-title\">\n\t\t\t\t\t<a href=\"https:\/\/www.scouts-europe.org\/guides-ainees\/2025\/02\/26\/route-et-etudes-des-choix-compatibles\/\">\n\t\t\t\t\t\tRoute et \u00e9tudes : des choix compatibles\t\t\t\t\t<\/a>\n\t\t\t\t<\/h2>\n\t\t\t\t\t\t\t\t\t\t\t\t\t\t\t\t\t\t\t\t\t\t\t\t\t\t\t\t\t\t\t\t\t\t\t\t\t\t\t\t\t\t<p>Cet article s\u2019adresse \u00e0 tous, qui vous demandez si la route se vit aussi en \u00e9tudes sup\u00e9rieures\u2026<\/p>\n\t\t\t\t\t\t\t\t\t\t\t\t\t\t\t\t\t\t\t\t\t\t                                                            <div class=\"btn-wraper\">\n                                    \n                                                                            <a class=\"elementskit-btn whitespace--normal\" id=\"\" href=\"https:\/\/www.scouts-europe.org\/guides-ainees\/2025\/02\/26\/route-et-etudes-des-choix-compatibles\/\">\n                                        \t                                            D\u00e9couvrir                                        <\/a>\n                                                                    <\/div>\n                                                    <\/div><!-- .elementskit-post-body END -->\n                    <\/div>\n                \n            <\/div>\n                    <div class=\"col-lg-4 col-md-6\">\n\n                                    <div class=\"elementskit-post-image-card\">\n                        <div class=\"elementskit-entry-header\">\n                                                            <a href=\"https:\/\/www.scouts-europe.org\/guides-ainees\/2025\/02\/26\/bivouac-les-6-regles-a-respecter\/\" class=\"elementskit-entry-thumb\">\n                                    <img decoding=\"async\" src=\"https:\/\/www.scouts-europe.org\/guides-ainees\/wp-content\/uploads\/sites\/103\/2025\/02\/Design-sans-titre-2025-02-26T102121.304.png\" alt=\"Bivouac : les 6 r\u00e8gles \u00e0 respecter\">\n                                <\/a><!-- .elementskit-entry-thumb END -->\n                                                            \n                                                            <div class=\"elementskit-meta-categories\">\n                                    <span class=\"elementskit-meta-wraper\">\n                                        <span><a href=\"https:\/\/www.scouts-europe.org\/guides-ainees\/technique\/\" rel=\"category tag\">Technique<\/a><\/span><span><a href=\"https:\/\/www.scouts-europe.org\/guides-ainees\/trace-ta-route\/\" rel=\"category tag\">Trace ta route<\/a><\/span>\n                                    <\/span>\n                                <\/div>\n                            \n\t\t\t\t\t\t\t\t\t\t\t\t\t<\/div><!-- .elementskit-entry-header END -->\n\n\t\t\t\t\t\t<div class=\"elementskit-post-body \">\n\t\t\t\t\t\t\t\n\t\t\t\t\t\t\t\t\t\t\t\t\t\t\t\t\t\t\t\t\t\t\t\t\t\t\t\t\t\t\n\t\t\t\t\t\t\t\t\n\t\t\t\t\t\t\t\t\t\t\t\t\t\t\t\t\t\t\t\t\t<h2 class=\"entry-title\">\n\t\t\t\t\t<a href=\"https:\/\/www.scouts-europe.org\/guides-ainees\/2025\/02\/26\/bivouac-les-6-regles-a-respecter\/\">\n\t\t\t\t\t\tBivouac : les 6 r\u00e8gles \u00e0 respecter\t\t\t\t\t<\/a>\n\t\t\t\t<\/h2>\n\t\t\t\t\t\t\t\t\t\t\t\t\t\t\t\t\t\t\t\t\t\t\t\t\t\t\t\t\t\t\t\t\t\t\t\t\t\t\t\t\t\t<p>Une route d\u2019hiver ou d\u2019\u00e9t\u00e9 est toujours un moment fort dans la vie du feu ou du clan. C\u2019est aussi\u2026<\/p>\n\t\t\t\t\t\t\t\t\t\t\t\t\t\t\t\t\t\t\t\t\t\t                                                            <div class=\"btn-wraper\">\n                                    \n                                                                            <a class=\"elementskit-btn whitespace--normal\" id=\"\" href=\"https:\/\/www.scouts-europe.org\/guides-ainees\/2025\/02\/26\/bivouac-les-6-regles-a-respecter\/\">\n                                        \t                                            D\u00e9couvrir                                        <\/a>\n                                                                    <\/div>\n                                                    <\/div><!-- .elementskit-post-body END -->\n                    <\/div>\n                \n            <\/div>\n                    <div class=\"col-lg-4 col-md-6\">\n\n                                    <div class=\"elementskit-post-image-card\">\n                        <div class=\"elementskit-entry-header\">\n                                                            <a href=\"https:\/\/www.scouts-europe.org\/guides-ainees\/2025\/02\/26\/flot-vert-couleur-desperance\/\" class=\"elementskit-entry-thumb\">\n                                    <img decoding=\"async\" src=\"https:\/\/www.scouts-europe.org\/guides-ainees\/wp-content\/uploads\/sites\/103\/2025\/02\/Design-sans-titre-2025-02-26T095030.871.png\" alt=\"Flot vert, couleur d&rsquo;esp\u00e9rance\">\n                                <\/a><!-- .elementskit-entry-thumb END -->\n                                                            \n                                                            <div class=\"elementskit-meta-categories\">\n                                    <span class=\"elementskit-meta-wraper\">\n                                        <span><a href=\"https:\/\/www.scouts-europe.org\/guides-ainees\/progression\/\" rel=\"category tag\">Progression<\/a><\/span><span><a href=\"https:\/\/www.scouts-europe.org\/guides-ainees\/trace-ta-route\/\" rel=\"category tag\">Trace ta route<\/a><\/span>\n                                    <\/span>\n                                <\/div>\n                            \n\t\t\t\t\t\t\t\t\t\t\t\t\t<\/div><!-- .elementskit-entry-header END -->\n\n\t\t\t\t\t\t<div class=\"elementskit-post-body \">\n\t\t\t\t\t\t\t\n\t\t\t\t\t\t\t\t\t\t\t\t\t\t\t\t\t\t\t\t\t\t\t\t\t\t\t\t\t\t\n\t\t\t\t\t\t\t\t\n\t\t\t\t\t\t\t\t\t\t\t\t\t\t\t\t\t\t\t\t\t<h2 class=\"entry-title\">\n\t\t\t\t\t<a href=\"https:\/\/www.scouts-europe.org\/guides-ainees\/2025\/02\/26\/flot-vert-couleur-desperance\/\">\n\t\t\t\t\t\tFlot vert, couleur d&rsquo;esp\u00e9rance\t\t\t\t\t<\/a>\n\t\t\t\t<\/h2>\n\t\t\t\t\t\t\t\t\t\t\t\t\t\t\t\t\t\t\t\t\t\t\t\t\t\t\t\t\t\t\t\t\t\t\t\t\t\t\t\t\t\t<p>Flot vert, couleur d\u2019esp\u00e9rance Tu as pris ton flot jaune\u00a0? Tu as fait un grand pas, mais il ne faut\u2026<\/p>\n\t\t\t\t\t\t\t\t\t\t\t\t\t\t\t\t\t\t\t\t\t\t                                                            <div class=\"btn-wraper\">\n                                    \n                                                                            <a class=\"elementskit-btn whitespace--normal\" id=\"\" href=\"https:\/\/www.scouts-europe.org\/guides-ainees\/2025\/02\/26\/flot-vert-couleur-desperance\/\">\n                                        \t                                            D\u00e9couvrir                                        <\/a>\n                                                                    <\/div>\n                                                    <\/div><!-- .elementskit-post-body END -->\n                    <\/div>\n                \n            <\/div>\n                <\/div>\n       <\/div>\t\t\t\t<\/div>\n\t\t\t\t<\/div>\n\t\t\t\t\t<\/div>\n\t\t<\/div>\n\t\t\t\t\t<\/div>\n\t\t<\/section>\n\t\t\t\t<\/div>\n\t\t","protected":false},"excerpt":{"rendered":"<p>Ma\u00eetriseMaitrises Accompagner une pilote vers sa promesse Une nouvelle arrive dans ton feu :\u00a0 comment s\u2019y prendre pour l\u2019int\u00e9grer et l\u2019aider \u00e0 pr\u00e9parer sa promesse ? Tous\u2026 D\u00e9couvrir ProgressionTrace ta route Flot rouge, couleur de la charit\u00e9 Si le flot rouge est rarement pris pendant les ann\u00e9es pilotes, il est important de savoir d\u00e8s maintenant [&hellip;]<\/p>\n","protected":false},"author":1,"featured_media":1348,"parent":0,"menu_order":0,"comment_status":"closed","ping_status":"closed","template":"","meta":{"_seopress_robots_primary_cat":"","_seopress_titles_title":"","_seopress_titles_desc":"","_seopress_robots_index":"","site-sidebar-layout":"no-sidebar","site-content-layout":"page-builder","ast-site-content-layout":"full-width-container","site-content-style":"unboxed","site-sidebar-style":"unboxed","ast-global-header-display":"","ast-banner-title-visibility":"","ast-main-header-display":"","ast-hfb-above-header-display":"","ast-hfb-below-header-display":"","ast-hfb-mobile-header-display":"","site-post-title":"disabled","ast-breadcrumbs-content":"","ast-featured-img":"disabled","footer-sml-layout":"","theme-transparent-header-meta":"","adv-header-id-meta":"","stick-header-meta":"","header-above-stick-meta":"","header-main-stick-meta":"","header-below-stick-meta":"","astra-migrate-meta-layouts":"set","ast-page-background-enabled":"default","ast-page-background-meta":{"desktop":{"background-color":"var(--ast-global-color-4)","background-image":"","background-repeat":"repeat","background-position":"center center","background-size":"auto","background-attachment":"scroll","background-type":"","background-media":"","overlay-type":"","overlay-color":"","overlay-opacity":"","overlay-gradient":""},"tablet":{"background-color":"","background-image":"","background-repeat":"repeat","background-position":"center center","background-size":"auto","background-attachment":"scroll","background-type":"","background-media":"","overlay-type":"","overlay-color":"","overlay-opacity":"","overlay-gradient":""},"mobile":{"background-color":"","background-image":"","background-repeat":"repeat","background-position":"center center","background-size":"auto","background-attachment":"scroll","background-type":"","background-media":"","overlay-type":"","overlay-color":"","overlay-opacity":"","overlay-gradient":""}},"ast-content-background-meta":{"desktop":{"background-color":"var(--ast-global-color-5)","background-image":"","background-repeat":"repeat","background-position":"center center","background-size":"auto","background-attachment":"scroll","background-type":"","background-media":"","overlay-type":"","overlay-color":"","overlay-opacity":"","overlay-gradient":""},"tablet":{"background-color":"var(--ast-global-color-5)","background-image":"","background-repeat":"repeat","background-position":"center center","background-size":"auto","background-attachment":"scroll","background-type":"","background-media":"","overlay-type":"","overlay-color":"","overlay-opacity":"","overlay-gradient":""},"mobile":{"background-color":"var(--ast-global-color-5)","background-image":"","background-repeat":"repeat","background-position":"center center","background-size":"auto","background-attachment":"scroll","background-type":"","background-media":"","overlay-type":"","overlay-color":"","overlay-opacity":"","overlay-gradient":""}},"footnotes":""},"class_list":["post-106","page","type-page","status-publish","has-post-thumbnail","hentry"],"_links":{"self":[{"href":"https:\/\/www.scouts-europe.org\/guides-ainees\/wp-json\/wp\/v2\/pages\/106","targetHints":{"allow":["GET"]}}],"collection":[{"href":"https:\/\/www.scouts-europe.org\/guides-ainees\/wp-json\/wp\/v2\/pages"}],"about":[{"href":"https:\/\/www.scouts-europe.org\/guides-ainees\/wp-json\/wp\/v2\/types\/page"}],"author":[{"embeddable":true,"href":"https:\/\/www.scouts-europe.org\/guides-ainees\/wp-json\/wp\/v2\/users\/1"}],"replies":[{"embeddable":true,"href":"https:\/\/www.scouts-europe.org\/guides-ainees\/wp-json\/wp\/v2\/comments?post=106"}],"version-history":[{"count":35,"href":"https:\/\/www.scouts-europe.org\/guides-ainees\/wp-json\/wp\/v2\/pages\/106\/revisions"}],"predecessor-version":[{"id":1809,"href":"https:\/\/www.scouts-europe.org\/guides-ainees\/wp-json\/wp\/v2\/pages\/106\/revisions\/1809"}],"wp:featuredmedia":[{"embeddable":true,"href":"https:\/\/www.scouts-europe.org\/guides-ainees\/wp-json\/wp\/v2\/media\/1348"}],"wp:attachment":[{"href":"https:\/\/www.scouts-europe.org\/guides-ainees\/wp-json\/wp\/v2\/media?parent=106"}],"curies":[{"name":"wp","href":"https:\/\/api.w.org\/{rel}","templated":true}]}}