{"id":1331,"date":"2025-02-13T15:21:38","date_gmt":"2025-02-13T14:21:38","guid":{"rendered":"https:\/\/www.scouts-europe.org\/louvetisme\/?page_id=1331"},"modified":"2025-06-17T15:01:45","modified_gmt":"2025-06-17T13:01:45","slug":"les-fondamentaux-pedagogiques","status":"publish","type":"page","link":"https:\/\/www.scouts-europe.org\/louvetisme\/les-fondamentaux-pedagogiques\/","title":{"rendered":"Les fondamentaux p\u00e9dagogiques"},"content":{"rendered":"\t\t<div data-elementor-type=\"wp-page\" data-elementor-id=\"1331\" class=\"elementor elementor-1331\">\n\t\t\t\t\t\t<section class=\"elementor-section elementor-top-section elementor-element elementor-element-8742823 elementor-section-boxed elementor-section-height-default elementor-section-height-default\" data-id=\"8742823\" data-element_type=\"section\" data-e-type=\"section\">\n\t\t\t\t\t\t<div class=\"elementor-container elementor-column-gap-default\">\n\t\t\t\t\t<div class=\"elementor-column elementor-col-100 elementor-top-column elementor-element elementor-element-b34abf8\" data-id=\"b34abf8\" data-element_type=\"column\" data-e-type=\"column\" data-settings=\"{&quot;background_background&quot;:&quot;classic&quot;}\">\n\t\t\t<div class=\"elementor-widget-wrap elementor-element-populated\">\n\t\t\t\t\t\t<div class=\"elementor-element elementor-element-190c8d9 elementor-widget elementor-widget-spacer\" data-id=\"190c8d9\" data-element_type=\"widget\" data-e-type=\"widget\" data-widget_type=\"spacer.default\">\n\t\t\t\t<div class=\"elementor-widget-container\">\n\t\t\t\t\t\t\t<div class=\"elementor-spacer\">\n\t\t\t<div class=\"elementor-spacer-inner\"><\/div>\n\t\t<\/div>\n\t\t\t\t\t\t<\/div>\n\t\t\t\t<\/div>\n\t\t\t\t<div class=\"elementor-element elementor-element-392f2b4 elementor-widget elementor-widget-heading\" data-id=\"392f2b4\" data-element_type=\"widget\" data-e-type=\"widget\" data-widget_type=\"heading.default\">\n\t\t\t\t<div class=\"elementor-widget-container\">\n\t\t\t\t\t<h2 class=\"elementor-heading-title elementor-size-default\">Qu\u2019est-ce que le louvetisme ?<\/h2>\t\t\t\t<\/div>\n\t\t\t\t<\/div>\n\t\t\t\t<div class=\"elementor-element elementor-element-d95b39a elementor-widget elementor-widget-text-editor\" data-id=\"d95b39a\" data-element_type=\"widget\" data-e-type=\"widget\" data-widget_type=\"text-editor.default\">\n\t\t\t\t<div class=\"elementor-widget-container\">\n\t\t\t\t\t\t\t\t\t<p>Le mouvement scout propose \u00e0 chaque enfant une p\u00e9dagogie adapt\u00e9e \u00e0 son \u00e2ge\u00a0: le louvetisme rassemble les enfants de 8 \u00e0 12\u00a0ans dans des groupes de filles, les louvettes, et des groupes de gar\u00e7ons, les louveteaux. La formation de l\u2019enfant se poursuit dans les branches plus \u00e2g\u00e9es\u00a0: les \u00e9claireurs et \u00e9claireuses de 12 \u00e0 17\u00a0ans, les routiers et les guides-a\u00een\u00e9es au-del\u00e0.<\/p><p>Le but du louvetisme est d\u2019\u00e9panouir la personnalit\u00e9 des enfants en d\u00e9veloppant leur esprit de communaut\u00e9, leur habilet\u00e9 manuelle, leurs aptitudes physiques dans un esprit chr\u00e9tien, et de pr\u00e9parer ainsi l\u2019enfant \u00e0 son adolescence et \u00e0 sa vie future d\u2019adulte, \u00ab citoyen chr\u00e9tien de son pays \u00bb.<\/p>\t\t\t\t\t\t\t\t<\/div>\n\t\t\t\t<\/div>\n\t\t\t\t<div class=\"elementor-element elementor-element-13de912 elementor-widget elementor-widget-spacer\" data-id=\"13de912\" data-element_type=\"widget\" data-e-type=\"widget\" data-widget_type=\"spacer.default\">\n\t\t\t\t<div class=\"elementor-widget-container\">\n\t\t\t\t\t\t\t<div class=\"elementor-spacer\">\n\t\t\t<div class=\"elementor-spacer-inner\"><\/div>\n\t\t<\/div>\n\t\t\t\t\t\t<\/div>\n\t\t\t\t<\/div>\n\t\t\t\t\t<\/div>\n\t\t<\/div>\n\t\t\t\t\t<\/div>\n\t\t<\/section>\n\t\t\t\t<section class=\"elementor-section elementor-top-section elementor-element elementor-element-0fc3ce3 elementor-section-boxed elementor-section-height-default elementor-section-height-default\" data-id=\"0fc3ce3\" data-element_type=\"section\" data-e-type=\"section\">\n\t\t\t\t\t\t<div class=\"elementor-container elementor-column-gap-default\">\n\t\t\t\t\t<div class=\"elementor-column elementor-col-25 elementor-top-column elementor-element elementor-element-c7e9595\" data-id=\"c7e9595\" data-element_type=\"column\" data-e-type=\"column\" data-settings=\"{&quot;background_background&quot;:&quot;classic&quot;}\">\n\t\t\t<div class=\"elementor-widget-wrap elementor-element-populated\">\n\t\t\t\t\t\t<div class=\"elementor-element elementor-element-cb46b20 ekit-equal-height-disable elementor-widget elementor-widget-elementskit-icon-box\" data-id=\"cb46b20\" data-element_type=\"widget\" data-e-type=\"widget\" data-widget_type=\"elementskit-icon-box.default\">\n\t\t\t\t<div class=\"elementor-widget-container\">\n\t\t\t\t\t<div class=\"ekit-wid-con\" >        <!-- link opening -->\n                <!-- end link opening -->\n\n        <div class=\"elementskit-infobox text-center text- icon-top-align elementor-animation-   \">\n                            <div class=\"elementskit-box-header\">\n                <div class=\"elementskit-info-box-icon \">\n                    <img fetchpriority=\"high\" decoding=\"async\" width=\"1080\" height=\"1080\" src=\"https:\/\/www.scouts-europe.org\/louvetisme\/wp-content\/uploads\/sites\/108\/2025\/05\/Design-sans-titre-82-2.svg\" class=\"attachment- size-\" alt=\"design sans titre (82)\" \/>                <\/div>\n          <\/div>\n                <div class=\"box-body\">\n                            <h3 class=\"elementskit-info-box-title\">\n                    Explications p\u00e9dagogie                <\/h3>\n                                                    <div class=\"box-footer disable_hover_button\">\n                    <div class=\"btn-wraper\">\n                                                            <a class=\"elementskit-btn whitespace--normal elementor-animation-grow\" href=\"https:\/\/www.scouts-europe.org\/louvetisme\/les-fondamentaux-pedagogiques\/explication-pedagogie\/\">\n                                        <i aria-hidden=\"true\" class=\"fas fa-arrow-alt-circle-down\"><\/i>                                                                            <\/a>\n                                                        <\/div>\n                <\/div>\n                    <\/div>\n        \n        \n                <\/div>\n        <\/div>\t\t\t\t<\/div>\n\t\t\t\t<\/div>\n\t\t\t\t\t<\/div>\n\t\t<\/div>\n\t\t\t\t<div class=\"elementor-column elementor-col-25 elementor-top-column elementor-element elementor-element-330d967\" data-id=\"330d967\" data-element_type=\"column\" data-e-type=\"column\" data-settings=\"{&quot;background_background&quot;:&quot;classic&quot;}\">\n\t\t\t<div class=\"elementor-widget-wrap elementor-element-populated\">\n\t\t\t\t\t\t<div class=\"elementor-element elementor-element-a90fc4a ekit-equal-height-disable elementor-widget elementor-widget-elementskit-icon-box\" data-id=\"a90fc4a\" data-element_type=\"widget\" data-e-type=\"widget\" data-widget_type=\"elementskit-icon-box.default\">\n\t\t\t\t<div class=\"elementor-widget-container\">\n\t\t\t\t\t<div class=\"ekit-wid-con\" >        <!-- link opening -->\n                <!-- end link opening -->\n\n        <div class=\"elementskit-infobox text-center text- icon-top-align elementor-animation-   \">\n                            <div class=\"elementskit-box-header\">\n                <div class=\"elementskit-info-box-icon \">\n                    <img decoding=\"async\" width=\"621\" height=\"800\" src=\"https:\/\/www.scouts-europe.org\/louvetisme\/wp-content\/uploads\/sites\/108\/2025\/03\/Design-sans-titre-73.svg\" class=\"attachment- size-\" alt=\"design sans titre (73)\" \/>                <\/div>\n          <\/div>\n                <div class=\"box-body\">\n                            <h3 class=\"elementskit-info-box-title\">\n                    Uniforme                <\/h3>\n                                                    <div class=\"box-footer disable_hover_button\">\n                    <div class=\"btn-wraper\">\n                                                            <a class=\"elementskit-btn whitespace--normal elementor-animation-grow\" href=\"https:\/\/www.scouts-europe.org\/louvetisme\/les-fondamentaux-pedagogiques\/luniforme\/\">\n                                        <i aria-hidden=\"true\" class=\"fas fa-arrow-alt-circle-down\"><\/i>                                                                            <\/a>\n                                                        <\/div>\n                <\/div>\n                    <\/div>\n        \n        \n                <\/div>\n        <\/div>\t\t\t\t<\/div>\n\t\t\t\t<\/div>\n\t\t\t\t\t<\/div>\n\t\t<\/div>\n\t\t\t\t<div class=\"elementor-column elementor-col-25 elementor-top-column elementor-element elementor-element-2180fd7\" data-id=\"2180fd7\" data-element_type=\"column\" data-e-type=\"column\" data-settings=\"{&quot;background_background&quot;:&quot;classic&quot;}\">\n\t\t\t<div class=\"elementor-widget-wrap elementor-element-populated\">\n\t\t\t\t\t\t<div class=\"elementor-element elementor-element-e168fad ekit-equal-height-disable elementor-widget elementor-widget-elementskit-icon-box\" data-id=\"e168fad\" data-element_type=\"widget\" data-e-type=\"widget\" data-widget_type=\"elementskit-icon-box.default\">\n\t\t\t\t<div class=\"elementor-widget-container\">\n\t\t\t\t\t<div class=\"ekit-wid-con\" >        <!-- link opening -->\n                <!-- end link opening -->\n\n        <div class=\"elementskit-infobox text-center text- icon-top-align elementor-animation-   \">\n                            <div class=\"elementskit-box-header\">\n                <div class=\"elementskit-info-box-icon \">\n                    <img decoding=\"async\" width=\"1080\" height=\"1080\" src=\"https:\/\/www.scouts-europe.org\/louvetisme\/wp-content\/uploads\/sites\/108\/2025\/05\/Design-sans-titre-2025-05-21T160435.750.png\" class=\"attachment- size-\" alt=\"design sans titre 2025 05 21t160435.750\" srcset=\"https:\/\/www.scouts-europe.org\/louvetisme\/wp-content\/uploads\/sites\/108\/2025\/05\/Design-sans-titre-2025-05-21T160435.750.png 1080w, https:\/\/www.scouts-europe.org\/louvetisme\/wp-content\/uploads\/sites\/108\/2025\/05\/Design-sans-titre-2025-05-21T160435.750-300x300.png 300w, https:\/\/www.scouts-europe.org\/louvetisme\/wp-content\/uploads\/sites\/108\/2025\/05\/Design-sans-titre-2025-05-21T160435.750-1024x1024.png 1024w, https:\/\/www.scouts-europe.org\/louvetisme\/wp-content\/uploads\/sites\/108\/2025\/05\/Design-sans-titre-2025-05-21T160435.750-150x150.png 150w, https:\/\/www.scouts-europe.org\/louvetisme\/wp-content\/uploads\/sites\/108\/2025\/05\/Design-sans-titre-2025-05-21T160435.750-768x768.png 768w\" sizes=\"(max-width: 1080px) 100vw, 1080px\" \/>                <\/div>\n          <\/div>\n                <div class=\"box-body\">\n                            <h3 class=\"elementskit-info-box-title\">\n                    Le r\u00f4le des parents                <\/h3>\n                                                    <div class=\"box-footer disable_hover_button\">\n                    <div class=\"btn-wraper\">\n                                                            <a class=\"elementskit-btn whitespace--normal elementor-animation-grow\" href=\"https:\/\/www.scouts-europe.org\/louvetisme\/les-fondamentaux-pedagogiques\/le-role-des-parents\/\">\n                                        <i aria-hidden=\"true\" class=\"fas fa-arrow-alt-circle-down\"><\/i>                                                                            <\/a>\n                                                        <\/div>\n                <\/div>\n                    <\/div>\n        \n        \n                <\/div>\n        <\/div>\t\t\t\t<\/div>\n\t\t\t\t<\/div>\n\t\t\t\t\t<\/div>\n\t\t<\/div>\n\t\t\t\t<div class=\"elementor-column elementor-col-25 elementor-top-column elementor-element elementor-element-8ee39c0\" data-id=\"8ee39c0\" data-element_type=\"column\" data-e-type=\"column\" data-settings=\"{&quot;background_background&quot;:&quot;classic&quot;}\">\n\t\t\t<div class=\"elementor-widget-wrap elementor-element-populated\">\n\t\t\t\t\t\t<div class=\"elementor-element elementor-element-e606c00 ekit-equal-height-disable elementor-widget elementor-widget-elementskit-icon-box\" data-id=\"e606c00\" data-element_type=\"widget\" data-e-type=\"widget\" data-widget_type=\"elementskit-icon-box.default\">\n\t\t\t\t<div class=\"elementor-widget-container\">\n\t\t\t\t\t<div class=\"ekit-wid-con\" >        <!-- link opening -->\n                <!-- end link opening -->\n\n        <div class=\"elementskit-infobox text-center text- icon-top-align elementor-animation-   \">\n                            <div class=\"elementskit-box-header\">\n                <div class=\"elementskit-info-box-icon \">\n                    <img loading=\"lazy\" decoding=\"async\" width=\"1080\" height=\"1080\" src=\"https:\/\/www.scouts-europe.org\/louvetisme\/wp-content\/uploads\/sites\/108\/2025\/05\/Design-sans-titre-2025-05-21T160705.660.png\" class=\"attachment- size-\" alt=\"design sans titre 2025 05 21t160705.660\" srcset=\"https:\/\/www.scouts-europe.org\/louvetisme\/wp-content\/uploads\/sites\/108\/2025\/05\/Design-sans-titre-2025-05-21T160705.660.png 1080w, https:\/\/www.scouts-europe.org\/louvetisme\/wp-content\/uploads\/sites\/108\/2025\/05\/Design-sans-titre-2025-05-21T160705.660-300x300.png 300w, https:\/\/www.scouts-europe.org\/louvetisme\/wp-content\/uploads\/sites\/108\/2025\/05\/Design-sans-titre-2025-05-21T160705.660-1024x1024.png 1024w, https:\/\/www.scouts-europe.org\/louvetisme\/wp-content\/uploads\/sites\/108\/2025\/05\/Design-sans-titre-2025-05-21T160705.660-150x150.png 150w, https:\/\/www.scouts-europe.org\/louvetisme\/wp-content\/uploads\/sites\/108\/2025\/05\/Design-sans-titre-2025-05-21T160705.660-768x768.png 768w\" sizes=\"(max-width: 1080px) 100vw, 1080px\" \/>                <\/div>\n          <\/div>\n                <div class=\"box-body\">\n                            <h3 class=\"elementskit-info-box-title\">\n                    Le livre de la Jungle                <\/h3>\n                                                    <div class=\"box-footer disable_hover_button\">\n                    <div class=\"btn-wraper\">\n                                                            <a class=\"elementskit-btn whitespace--normal elementor-animation-grow\" href=\"https:\/\/www.scouts-europe.org\/louvetisme\/les-fondamentaux-pedagogiques\/le-livre-de-la-jungle\/\">\n                                        <i aria-hidden=\"true\" class=\"fas fa-arrow-alt-circle-down\"><\/i>                                                                            <\/a>\n                                                        <\/div>\n                <\/div>\n                    <\/div>\n        \n        \n                <\/div>\n        <\/div>\t\t\t\t<\/div>\n\t\t\t\t<\/div>\n\t\t\t\t\t<\/div>\n\t\t<\/div>\n\t\t\t\t\t<\/div>\n\t\t<\/section>\n\t\t\t\t<\/div>\n\t\t","protected":false},"excerpt":{"rendered":"<p>Qu\u2019est-ce que le louvetisme ? Le mouvement scout propose \u00e0 chaque enfant une p\u00e9dagogie adapt\u00e9e \u00e0 son \u00e2ge\u00a0: le louvetisme rassemble les enfants de 8 \u00e0 12\u00a0ans dans des groupes de filles, les louvettes, et des groupes de gar\u00e7ons, les louveteaux. La formation de l\u2019enfant se poursuit dans les branches plus \u00e2g\u00e9es\u00a0: les \u00e9claireurs et [&hellip;]<\/p>\n","protected":false},"author":4,"featured_media":1333,"parent":0,"menu_order":0,"comment_status":"closed","ping_status":"closed","template":"","meta":{"_seopress_robots_primary_cat":"","_seopress_titles_title":"","_seopress_titles_desc":"","_seopress_robots_index":"","site-sidebar-layout":"no-sidebar","site-content-layout":"page-builder","ast-site-content-layout":"full-width-container","site-content-style":"default","site-sidebar-style":"default","ast-global-header-display":"","ast-banner-title-visibility":"","ast-main-header-display":"","ast-hfb-above-header-display":"","ast-hfb-below-header-display":"","ast-hfb-mobile-header-display":"","site-post-title":"disabled","ast-breadcrumbs-content":"","ast-featured-img":"disabled","footer-sml-layout":"","theme-transparent-header-meta":"","adv-header-id-meta":"","stick-header-meta":"","header-above-stick-meta":"","header-main-stick-meta":"","header-below-stick-meta":"","astra-migrate-meta-layouts":"set","ast-page-background-enabled":"default","ast-page-background-meta":{"desktop":{"background-color":"var(--ast-global-color-4)","background-image":"","background-repeat":"repeat","background-position":"center center","background-size":"auto","background-attachment":"scroll","background-type":"","background-media":"","overlay-type":"","overlay-color":"","overlay-opacity":"","overlay-gradient":""},"tablet":{"background-color":"","background-image":"","background-repeat":"repeat","background-position":"center center","background-size":"auto","background-attachment":"scroll","background-type":"","background-media":"","overlay-type":"","overlay-color":"","overlay-opacity":"","overlay-gradient":""},"mobile":{"background-color":"","background-image":"","background-repeat":"repeat","background-position":"center center","background-size":"auto","background-attachment":"scroll","background-type":"","background-media":"","overlay-type":"","overlay-color":"","overlay-opacity":"","overlay-gradient":""}},"ast-content-background-meta":{"desktop":{"background-color":"var(--ast-global-color-5)","background-image":"","background-repeat":"repeat","background-position":"center center","background-size":"auto","background-attachment":"scroll","background-type":"","background-media":"","overlay-type":"","overlay-color":"","overlay-opacity":"","overlay-gradient":""},"tablet":{"background-color":"var(--ast-global-color-5)","background-image":"","background-repeat":"repeat","background-position":"center center","background-size":"auto","background-attachment":"scroll","background-type":"","background-media":"","overlay-type":"","overlay-color":"","overlay-opacity":"","overlay-gradient":""},"mobile":{"background-color":"var(--ast-global-color-5)","background-image":"","background-repeat":"repeat","background-position":"center center","background-size":"auto","background-attachment":"scroll","background-type":"","background-media":"","overlay-type":"","overlay-color":"","overlay-opacity":"","overlay-gradient":""}},"footnotes":""},"class_list":["post-1331","page","type-page","status-publish","has-post-thumbnail","hentry"],"_links":{"self":[{"href":"https:\/\/www.scouts-europe.org\/louvetisme\/wp-json\/wp\/v2\/pages\/1331","targetHints":{"allow":["GET"]}}],"collection":[{"href":"https:\/\/www.scouts-europe.org\/louvetisme\/wp-json\/wp\/v2\/pages"}],"about":[{"href":"https:\/\/www.scouts-europe.org\/louvetisme\/wp-json\/wp\/v2\/types\/page"}],"author":[{"embeddable":true,"href":"https:\/\/www.scouts-europe.org\/louvetisme\/wp-json\/wp\/v2\/users\/4"}],"replies":[{"embeddable":true,"href":"https:\/\/www.scouts-europe.org\/louvetisme\/wp-json\/wp\/v2\/comments?post=1331"}],"version-history":[{"count":110,"href":"https:\/\/www.scouts-europe.org\/louvetisme\/wp-json\/wp\/v2\/pages\/1331\/revisions"}],"predecessor-version":[{"id":2761,"href":"https:\/\/www.scouts-europe.org\/louvetisme\/wp-json\/wp\/v2\/pages\/1331\/revisions\/2761"}],"wp:featuredmedia":[{"embeddable":true,"href":"https:\/\/www.scouts-europe.org\/louvetisme\/wp-json\/wp\/v2\/media\/1333"}],"wp:attachment":[{"href":"https:\/\/www.scouts-europe.org\/louvetisme\/wp-json\/wp\/v2\/media?parent=1331"}],"curies":[{"name":"wp","href":"https:\/\/api.w.org\/{rel}","templated":true}]}}