{"id":1836,"date":"2025-02-27T10:55:37","date_gmt":"2025-02-27T09:55:37","guid":{"rendered":"https:\/\/www.scouts-europe.org\/louvetisme\/?page_id=1836"},"modified":"2025-04-17T14:33:07","modified_gmt":"2025-04-17T12:33:07","slug":"temoignages","status":"publish","type":"page","link":"https:\/\/www.scouts-europe.org\/louvetisme\/temoignages\/","title":{"rendered":"T\u00e9moignages"},"content":{"rendered":"\t\t<div data-elementor-type=\"wp-page\" data-elementor-id=\"1836\" class=\"elementor elementor-1836\">\n\t\t\t\t\t\t<section class=\"elementor-section elementor-top-section elementor-element elementor-element-4f75b19 elementor-section-boxed elementor-section-height-default elementor-section-height-default\" data-id=\"4f75b19\" data-element_type=\"section\" data-e-type=\"section\">\n\t\t\t\t\t\t<div class=\"elementor-container elementor-column-gap-default\">\n\t\t\t\t\t<div class=\"elementor-column elementor-col-100 elementor-top-column elementor-element elementor-element-1d83e54\" data-id=\"1d83e54\" data-element_type=\"column\" data-e-type=\"column\" data-settings=\"{&quot;background_background&quot;:&quot;classic&quot;}\">\n\t\t\t<div class=\"elementor-widget-wrap elementor-element-populated\">\n\t\t\t\t\t\t<div class=\"elementor-element elementor-element-37e38a2 elementor-widget elementor-widget-spacer\" data-id=\"37e38a2\" data-element_type=\"widget\" data-e-type=\"widget\" data-widget_type=\"spacer.default\">\n\t\t\t\t<div class=\"elementor-widget-container\">\n\t\t\t\t\t\t\t<div class=\"elementor-spacer\">\n\t\t\t<div class=\"elementor-spacer-inner\"><\/div>\n\t\t<\/div>\n\t\t\t\t\t\t<\/div>\n\t\t\t\t<\/div>\n\t\t\t\t<div class=\"elementor-element elementor-element-1c61bc8 elementor-widget elementor-widget-text-editor\" data-id=\"1c61bc8\" data-element_type=\"widget\" data-e-type=\"widget\" data-widget_type=\"text-editor.default\">\n\t\t\t\t<div class=\"elementor-widget-container\">\n\t\t\t\t\t\t\t\t\t<div class=\"row ptb--20 text-justify\"><div class=\" col-lg-12 \"><div class=\"row\"><div class=\" col-lg-11 \"><div class=\"lead text-justify \"><strong style=\"font-size: 1.5em;\">Chef ? Pourquoi pas&#8230;<\/strong><\/div><\/div><\/div><\/div><\/div><div class=\"row ptb--20 text-justify\"><div class=\" col-lg-12 \"><div class=\"row\"><div class=\" col-lg-11 \"><div class=\"lead text-justify \"><p>Un chef est avant tout un serviteur. Cet axiome, s\u2019il va de soi pour quiconque a prononc\u00e9 la promesse scoute, m\u00e9rite d\u2019\u00eatre ici d\u00e9velopp\u00e9 \u00e0 destination des visiteurs ext\u00e9rieurs, et de ceux qui ont la m\u00e9moire courte\u2026<\/p><p>Servir les jeunes, cela signifie les \u00e9duquer, t\u00e2che immense et belle que nous accomplissons en compl\u00e9ment des parents. \u00c9duquer un gar\u00e7on de 8 ans \u00e0 12 ans, cela consiste principalement \u00e0 le soutenir pour d\u00e9velopper ses capacit\u00e9s, et \u00e0 le recadrer lorsqu\u2019il utilise ses comp\u00e9tences \u00e0 mauvais escient.<\/p><p>Par exemple, \u00e9duquer un gar\u00e7on hyperactif, qui s\u2019ennuie et qui a tendance \u00e0 commettre des sottises, consiste \u00e0 lui confier plus de services, afin qu\u2019il se d\u00e9pense et s\u2019amuse tout en servant la famille heureuse qu\u2019est la meute.<\/p><p>Pour servir les enfants et leur famille, il faut tout d\u2019abord apprendre \u00e0 les aimer de mani\u00e8re chr\u00e9tienne.<\/p><p>Par le service, en tant que chef louvetier, j\u2019ai donc la gr\u00e2ce de pouvoir d\u00e9velopper concr\u00e8tement la vertu de charit\u00e9, et ses petites s\u0153urs\u00a0: \u00e9coute, patience, simplicit\u00e9.<\/p><p>Ce sont l\u00e0 des gr\u00e2ces re\u00e7ues du Bon Dieu et qu\u2019il convient de faire fructifier au quotidien. Servir les jeunes apporte donc des qualit\u00e9s humaines rendant plus vivables et plus joyeux les \u00e9changes avec tout un chacun.<\/p><\/div><\/div><\/div><\/div><\/div>\t\t\t\t\t\t\t\t<\/div>\n\t\t\t\t<\/div>\n\t\t\t\t<div class=\"elementor-element elementor-element-76a00d4 elementor-widget elementor-widget-text-editor\" data-id=\"76a00d4\" data-element_type=\"widget\" data-e-type=\"widget\" data-widget_type=\"text-editor.default\">\n\t\t\t\t<div class=\"elementor-widget-container\">\n\t\t\t\t\t\t\t\t\t<div class=\"row ptb--20 text-justify\"><div class=\" col-lg-12 \"><div class=\"row\"><div class=\" col-lg-11 \"><div class=\"lead text-justify \"><strong style=\"font-size: 1.5em;\">Le service<\/strong><\/div><\/div><\/div><\/div><\/div><div class=\"row ptb--20 text-justify\"><div class=\" col-lg-12 \"><div class=\"row\"><div class=\" col-lg-11 \"><div class=\"lead text-justify \"><p>Un chef est avant tout un serviteur. Cet axiome, s\u2019il va de soi pour quiconque a prononc\u00e9 la promesse scoute, m\u00e9rite d\u2019\u00eatre ici d\u00e9velopp\u00e9 \u00e0 destination des visiteurs ext\u00e9rieurs, et de ceux qui ont la m\u00e9moire courte\u2026<\/p><p>Servir les jeunes, cela signifie les \u00e9duquer, t\u00e2che immense et belle que nous accomplissons en compl\u00e9ment des parents. \u00c9duquer un gar\u00e7on de 8 ans \u00e0 12 ans, cela consiste principalement \u00e0 le soutenir pour d\u00e9velopper ses capacit\u00e9s, et \u00e0 le recadrer lorsqu\u2019il utilise ses comp\u00e9tences \u00e0 mauvais escient.<\/p><p>Par exemple, \u00e9duquer un gar\u00e7on hyperactif, qui s\u2019ennuie et qui a tendance \u00e0 commettre des sottises, consiste \u00e0 lui confier plus de services, afin qu\u2019il se d\u00e9pense et s\u2019amuse tout en servant la famille heureuse qu\u2019est la meute.<\/p><p>Pour servir les enfants et leur famille, il faut tout d\u2019abord apprendre \u00e0 les aimer de mani\u00e8re chr\u00e9tienne.<\/p><p>Par le service, en tant que chef louvetier, j\u2019ai donc la gr\u00e2ce de pouvoir d\u00e9velopper concr\u00e8tement la vertu de charit\u00e9, et ses petites s\u0153urs\u00a0: \u00e9coute, patience, simplicit\u00e9.<\/p><p>Ce sont l\u00e0 des gr\u00e2ces re\u00e7ues du Bon Dieu et qu\u2019il convient de faire fructifier au quotidien. Servir les jeunes apporte donc des qualit\u00e9s humaines rendant plus vivables et plus joyeux les \u00e9changes avec tout un chacun.<\/p><\/div><\/div><\/div><\/div><\/div>\t\t\t\t\t\t\t\t<\/div>\n\t\t\t\t<\/div>\n\t\t\t\t<div class=\"elementor-element elementor-element-f609584 elementor-widget elementor-widget-text-editor\" data-id=\"f609584\" data-element_type=\"widget\" data-e-type=\"widget\" data-widget_type=\"text-editor.default\">\n\t\t\t\t<div class=\"elementor-widget-container\">\n\t\t\t\t\t\t\t\t\t<div class=\"row ptb--20 text-justify\"><div class=\" col-lg-12 \"><div class=\"row\"><div class=\"  col-lg-11  \"><div class=\"lead  text-justify  \"><p><strong style=\"font-size: 1.5em;\">La formation<\/strong><\/p><\/div><\/div><\/div><\/div><\/div><div class=\"row ptb--20 text-justify\"><div class=\" col-lg-12 \"><div class=\"row\"><div class=\"  col-lg-11  \"><div class=\"lead  text-justify  \"><p>Mais quand bien m\u00eame le Ciel aide-t-il, l\u2019adage populaire rappelle qu\u2019il faut commencer par s\u2019aider soi-m\u00eame. Tr\u00e8s concr\u00e8tement, pour un chef, cela signifie accepter de prendre du temps sur ses cong\u00e9s pour suivre des formations\u00a0: camps \u00e9cole pr\u00e9paratoire, mais aussi formations ponctuelles avec des intervenants se d\u00e9pla\u00e7ant pour nous transmettre techniques et exp\u00e9riences. Cela peut \u00eatre une \u00ab\u00a0pointure\u00a0\u00bb du scoutisme venant nous enseigner des m\u00e9thodes d\u2019expression (chant, jeu de sc\u00e8ne\u2026), des parents nous parlant du foyer chr\u00e9tien, ou encore un pr\u00eatre nous entretenant du jeune et de la religion. Et ce ne sont l\u00e0 que de menus exemples tant est grande la libert\u00e9 qu\u2019offre le scoutisme pour quiconque veut prendre l\u2019initiative d\u2019organiser une session pour ses pairs.<\/p><p>Pour \u00eatre chef, les louvetiers doivent se former afin de comprendre la p\u00e9dagogie louvetisme, de comprendre l\u2019enfant pour pouvoir lui enseigner les valeurs du mouvement. Le camp \u00e9cole est l\u2019endroit id\u00e9al pour cela. M\u00eame si le chef arrive en camp \u00e9cole en tra\u00eenant des pieds, il en ressort \u00e0 chaque fois grandi par l\u2019enseignement et l\u2019\u00e9change avec les autres chefs qu\u2019il rencontre.<\/p><\/div><\/div><\/div><\/div><\/div>\t\t\t\t\t\t\t\t<\/div>\n\t\t\t\t<\/div>\n\t\t\t\t<div class=\"elementor-element elementor-element-dd65f18 elementor-widget elementor-widget-text-editor\" data-id=\"dd65f18\" data-element_type=\"widget\" data-e-type=\"widget\" data-widget_type=\"text-editor.default\">\n\t\t\t\t<div class=\"elementor-widget-container\">\n\t\t\t\t\t\t\t\t\t<section class=\"block-text intro_home ptb--50  default blanc\"><div class=\"container\"><div class=\"row ptb--20 text-justify\"><div class=\" col-lg-12 \"><div class=\"row\"><div class=\"  col-lg-11  \"><div class=\"lead  text-justify  \"><p><strong style=\"font-size: 1.5em;\">Une \u00e9cole de la vie<\/strong><\/p><\/div><\/div><\/div><\/div><\/div><div class=\"row ptb--20 text-justify\"><div class=\" col-lg-12 \"><div class=\"row\"><div class=\"  col-lg-11  \"><div class=\"lead  text-justify  \"><p>Enfin et cela est dans la logique du scoutisme, si nous apprenons aux enfants, aux jeunes, \u00e0 vivre ensemble, \u00e0 prendre des initiatives et \u00e0 se d\u00e9passer, eux-m\u00eames nous apprennent beaucoup. \u00c0 dix-huit ou vingt ans, bon nombre d\u2019entre eux, votre serviteur le premier, est \u00e9tonn\u00e9 de la rapidit\u00e9 d\u2019esprit de tel enfant, ou encore des capacit\u00e9s d\u2019endurance physique de tel autre lors d\u2019un jeu.<\/p><p>Vieillards de vingt ans, nous r\u00e9apprenons donc l\u2019\u00e9tonnement, mais aussi l\u2019admiration envers des personnes moins \u00e2g\u00e9es que nous. Cette capacit\u00e9 d\u2019\u00e9tonnement propre \u00e0 l\u2019enfance, nous la retrouvons en nous occupant des plus jeunes, et cela est une v\u00e9ritable richesse.<\/p><p>Les louveteaux nous apprennent ainsi beaucoup sur l\u2019esprit d\u2019enfance que nous avons remis\u00e9 aux oubliettes, mais aussi sur nous-m\u00eames, chefs. Rappelons que cet esprit d\u2019enfance est selon Bernanos, \u00ab\u00a0la seule part en nous qui m\u00e9rite d\u2019\u00eatre sauv\u00e9e\u00a0\u00bb. En effet, la simple discussion, voire la confrontation verbale avec un enfant de 8 ou 11 ans oblige \u00e0 prendre de la hauteur afin d\u2019apporter une \u00e9coute puis une r\u00e9ponse \u00e0 la fois juste et adapt\u00e9e. Cela demande ainsi de puiser dans ses propres ressources, voire d\u2019en d\u00e9velopper de nouvelles.<\/p><p>Servir les plus jeunes est donc \u00e9galement une voie pour appliquer l\u2019adage antique\u00a0: \u00ab\u00a0Connais-toi toi-m\u00eame\u2026\u00a0\u00bb<\/p><p>\u00a0<\/p><p>Servir comme louvetier \u00e0 la meute 3<sup>e<\/sup>\u00a0Chamb\u00e9ry repr\u00e9sente donc pour moi un moyen d\u2019\u0153uvrer au bien commun (\u00e9ducation d\u2019enfants en vue de devenir de bons citoyens et de bons chr\u00e9tiens), est une voie pour apprendre \u00e0 rendre plus fluides les relations interpersonnelles (pratique permanente du dialogue et de l\u2019\u00e9coute), et une occasion de me former humainement, intellectuellement et techniquement. Enfin, la gestion d\u2019un groupe de 18 \u00e0 24 enfants, \u00e9paul\u00e9 par 2 \u00e0 4 assistants repr\u00e9sente une forme d\u2019exercice permanent, entre micro-entreprise et macro-famille, soit, apr\u00e8s la foi, les deux points centraux d\u2019une vie d\u2019Europ\u00e9en adulte. \u00a0<\/p><\/div><\/div><\/div><\/div><\/div><\/div><\/section><div class=\"point-key gris\"><div class=\"sceneHome1Wrapper  ptb--50\" data-component=\"Testimonial\"><div class=\"point-key container  \">\u00a0<\/div><\/div><\/div>\t\t\t\t\t\t\t\t<\/div>\n\t\t\t\t<\/div>\n\t\t\t\t\t<\/div>\n\t\t<\/div>\n\t\t\t\t\t<\/div>\n\t\t<\/section>\n\t\t\t\t<\/div>\n\t\t","protected":false},"excerpt":{"rendered":"<p>Chef ? Pourquoi pas&#8230; Un chef est avant tout un serviteur. Cet axiome, s\u2019il va de soi pour quiconque a prononc\u00e9 la promesse scoute, m\u00e9rite d\u2019\u00eatre ici d\u00e9velopp\u00e9 \u00e0 destination des visiteurs ext\u00e9rieurs, et de ceux qui ont la m\u00e9moire courte\u2026 Servir les jeunes, cela signifie les \u00e9duquer, t\u00e2che immense et belle que nous accomplissons [&hellip;]<\/p>\n","protected":false},"author":4,"featured_media":1973,"parent":0,"menu_order":0,"comment_status":"closed","ping_status":"closed","template":"","meta":{"_seopress_robots_primary_cat":"","_seopress_titles_title":"","_seopress_titles_desc":"","_seopress_robots_index":"","site-sidebar-layout":"no-sidebar","site-content-layout":"page-builder","ast-site-content-layout":"full-width-container","site-content-style":"unboxed","site-sidebar-style":"unboxed","ast-global-header-display":"","ast-banner-title-visibility":"","ast-main-header-display":"","ast-hfb-above-header-display":"","ast-hfb-below-header-display":"","ast-hfb-mobile-header-display":"","site-post-title":"disabled","ast-breadcrumbs-content":"","ast-featured-img":"disabled","footer-sml-layout":"","theme-transparent-header-meta":"","adv-header-id-meta":"","stick-header-meta":"","header-above-stick-meta":"","header-main-stick-meta":"","header-below-stick-meta":"","astra-migrate-meta-layouts":"set","ast-page-background-enabled":"default","ast-page-background-meta":{"desktop":{"background-color":"var(--ast-global-color-4)","background-image":"","background-repeat":"repeat","background-position":"center center","background-size":"auto","background-attachment":"scroll","background-type":"","background-media":"","overlay-type":"","overlay-color":"","overlay-opacity":"","overlay-gradient":""},"tablet":{"background-color":"","background-image":"","background-repeat":"repeat","background-position":"center center","background-size":"auto","background-attachment":"scroll","background-type":"","background-media":"","overlay-type":"","overlay-color":"","overlay-opacity":"","overlay-gradient":""},"mobile":{"background-color":"","background-image":"","background-repeat":"repeat","background-position":"center center","background-size":"auto","background-attachment":"scroll","background-type":"","background-media":"","overlay-type":"","overlay-color":"","overlay-opacity":"","overlay-gradient":""}},"ast-content-background-meta":{"desktop":{"background-color":"var(--ast-global-color-5)","background-image":"","background-repeat":"repeat","background-position":"center center","background-size":"auto","background-attachment":"scroll","background-type":"","background-media":"","overlay-type":"","overlay-color":"","overlay-opacity":"","overlay-gradient":""},"tablet":{"background-color":"var(--ast-global-color-5)","background-image":"","background-repeat":"repeat","background-position":"center center","background-size":"auto","background-attachment":"scroll","background-type":"","background-media":"","overlay-type":"","overlay-color":"","overlay-opacity":"","overlay-gradient":""},"mobile":{"background-color":"var(--ast-global-color-5)","background-image":"","background-repeat":"repeat","background-position":"center center","background-size":"auto","background-attachment":"scroll","background-type":"","background-media":"","overlay-type":"","overlay-color":"","overlay-opacity":"","overlay-gradient":""}},"footnotes":""},"class_list":["post-1836","page","type-page","status-publish","has-post-thumbnail","hentry"],"_links":{"self":[{"href":"https:\/\/www.scouts-europe.org\/louvetisme\/wp-json\/wp\/v2\/pages\/1836","targetHints":{"allow":["GET"]}}],"collection":[{"href":"https:\/\/www.scouts-europe.org\/louvetisme\/wp-json\/wp\/v2\/pages"}],"about":[{"href":"https:\/\/www.scouts-europe.org\/louvetisme\/wp-json\/wp\/v2\/types\/page"}],"author":[{"embeddable":true,"href":"https:\/\/www.scouts-europe.org\/louvetisme\/wp-json\/wp\/v2\/users\/4"}],"replies":[{"embeddable":true,"href":"https:\/\/www.scouts-europe.org\/louvetisme\/wp-json\/wp\/v2\/comments?post=1836"}],"version-history":[{"count":16,"href":"https:\/\/www.scouts-europe.org\/louvetisme\/wp-json\/wp\/v2\/pages\/1836\/revisions"}],"predecessor-version":[{"id":2501,"href":"https:\/\/www.scouts-europe.org\/louvetisme\/wp-json\/wp\/v2\/pages\/1836\/revisions\/2501"}],"wp:featuredmedia":[{"embeddable":true,"href":"https:\/\/www.scouts-europe.org\/louvetisme\/wp-json\/wp\/v2\/media\/1973"}],"wp:attachment":[{"href":"https:\/\/www.scouts-europe.org\/louvetisme\/wp-json\/wp\/v2\/media?parent=1836"}],"curies":[{"name":"wp","href":"https:\/\/api.w.org\/{rel}","templated":true}]}}