{"id":277,"date":"2024-03-18T09:33:37","date_gmt":"2024-03-18T08:33:37","guid":{"rendered":"https:\/\/agse.dev.overscan.io\/branche\/?page_id=277"},"modified":"2025-12-01T21:17:51","modified_gmt":"2025-12-01T20:17:51","slug":"formations","status":"publish","type":"page","link":"https:\/\/www.scouts-europe.org\/route\/accueil\/formations\/","title":{"rendered":"Formations"},"content":{"rendered":"\t\t<div data-elementor-type=\"wp-page\" data-elementor-id=\"277\" class=\"elementor elementor-277\">\n\t\t\t\t\t\t<section class=\"elementor-section elementor-top-section elementor-element elementor-element-5ec3545 elementor-section-boxed elementor-section-height-default elementor-section-height-default\" data-id=\"5ec3545\" data-element_type=\"section\" data-e-type=\"section\">\n\t\t\t\t\t\t<div class=\"elementor-container elementor-column-gap-default\">\n\t\t\t\t\t<div class=\"elementor-column elementor-col-100 elementor-top-column elementor-element elementor-element-afee0c7\" data-id=\"afee0c7\" data-element_type=\"column\" data-e-type=\"column\" data-settings=\"{&quot;background_background&quot;:&quot;classic&quot;}\">\n\t\t\t<div class=\"elementor-widget-wrap elementor-element-populated\">\n\t\t\t\t\t\t<section class=\"elementor-section elementor-inner-section elementor-element elementor-element-7b36e4c elementor-section-boxed elementor-section-height-default elementor-section-height-default\" data-id=\"7b36e4c\" data-element_type=\"section\" data-e-type=\"section\">\n\t\t\t\t\t\t<div class=\"elementor-container elementor-column-gap-default\">\n\t\t\t\t\t<div class=\"elementor-column elementor-col-50 elementor-inner-column elementor-element elementor-element-04e567d\" data-id=\"04e567d\" data-element_type=\"column\" data-e-type=\"column\">\n\t\t\t<div class=\"elementor-widget-wrap elementor-element-populated\">\n\t\t\t\t\t\t<div class=\"elementor-element elementor-element-f5ae187 elementor-widget elementor-widget-image\" data-id=\"f5ae187\" data-element_type=\"widget\" data-e-type=\"widget\" data-widget_type=\"image.default\">\n\t\t\t\t<div class=\"elementor-widget-container\">\n\t\t\t\t\t\t\t\t\t\t\t\t\t\t\t<img fetchpriority=\"high\" decoding=\"async\" width=\"1024\" height=\"682\" src=\"https:\/\/www.scouts-europe.org\/route\/wp-content\/uploads\/sites\/101\/2024\/09\/33B9059-1024x682.jpg\" class=\"attachment-large size-large wp-image-586\" alt=\"Topo en route \u00e9cole\" srcset=\"https:\/\/www.scouts-europe.org\/route\/wp-content\/uploads\/sites\/101\/2024\/09\/33B9059-1024x682.jpg 1024w, https:\/\/www.scouts-europe.org\/route\/wp-content\/uploads\/sites\/101\/2024\/09\/33B9059-300x200.jpg 300w, https:\/\/www.scouts-europe.org\/route\/wp-content\/uploads\/sites\/101\/2024\/09\/33B9059-768x512.jpg 768w, https:\/\/www.scouts-europe.org\/route\/wp-content\/uploads\/sites\/101\/2024\/09\/33B9059-1536x1024.jpg 1536w, https:\/\/www.scouts-europe.org\/route\/wp-content\/uploads\/sites\/101\/2024\/09\/33B9059.jpg 2000w\" sizes=\"(max-width: 1024px) 100vw, 1024px\" \/>\t\t\t\t\t\t\t\t\t\t\t\t\t\t\t<\/div>\n\t\t\t\t<\/div>\n\t\t\t\t\t<\/div>\n\t\t<\/div>\n\t\t\t\t<div class=\"elementor-column elementor-col-50 elementor-inner-column elementor-element elementor-element-d43bc59\" data-id=\"d43bc59\" data-element_type=\"column\" data-e-type=\"column\">\n\t\t\t<div class=\"elementor-widget-wrap elementor-element-populated\">\n\t\t\t\t\t\t<div class=\"elementor-element elementor-element-0986523 elementor-widget elementor-widget-heading\" data-id=\"0986523\" data-element_type=\"widget\" data-e-type=\"widget\" data-widget_type=\"heading.default\">\n\t\t\t\t<div class=\"elementor-widget-container\">\n\t\t\t\t\t<h2 class=\"elementor-heading-title elementor-size-default\">Les formations<\/h2>\t\t\t\t<\/div>\n\t\t\t\t<\/div>\n\t\t\t\t<div class=\"elementor-element elementor-element-c075a08 elementor-widget elementor-widget-text-editor\" data-id=\"c075a08\" data-element_type=\"widget\" data-e-type=\"widget\" data-widget_type=\"text-editor.default\">\n\t\t\t\t<div class=\"elementor-widget-container\">\n\t\t\t\t\t\t\t\t\t<p>Il existe trois sortes de routes-\u00e9coles\u00a0:<\/p><ul><li><strong>Les REAP\u00a0:<\/strong>\u00a0(routes \u00e9coles d\u2019assistants pilotes, 1er degr\u00e9 qui s\u2019adressent aux ACC (chefs d\u2019\u00e9quipes)<\/li><li><strong>Les RECP\u00a0:<\/strong>\u00a0(routes \u00e9coles de chefs de clan pilote, 2\u00e8me degr\u00e9) qui s\u2019adressent aux CC (chefs de clan pilote).<\/li><li><strong>L\u2019ITER\u00a0:<\/strong>\u00a0(3\u00e8me degr\u00e9, signifie \u00ab\u00a0chemin\u00a0\u00bb en latin). Cette route regroupe les chefs de clan chevronn\u00e9s ayant d\u00e9j\u00e0 suivi les routes-\u00e9coles 1er et 2e degr\u00e9. Autour de l\u2019ENR, ces vieux loups nous aident \u00e0 progresser dans les r\u00e9flexions, la p\u00e9dagogie, les travaux en cours pour soutenir l\u2019ensemble de la branche route.<\/li><\/ul>\t\t\t\t\t\t\t\t<\/div>\n\t\t\t\t<\/div>\n\t\t\t\t\t<\/div>\n\t\t<\/div>\n\t\t\t\t\t<\/div>\n\t\t<\/section>\n\t\t\t\t<section class=\"elementor-section elementor-inner-section elementor-element elementor-element-2d6f21a elementor-section-boxed elementor-section-height-default elementor-section-height-default\" data-id=\"2d6f21a\" data-element_type=\"section\" data-e-type=\"section\">\n\t\t\t\t\t\t<div class=\"elementor-container elementor-column-gap-default\">\n\t\t\t\t\t<div class=\"elementor-column elementor-col-50 elementor-inner-column elementor-element elementor-element-ecd72ba\" data-id=\"ecd72ba\" data-element_type=\"column\" data-e-type=\"column\">\n\t\t\t<div class=\"elementor-widget-wrap elementor-element-populated\">\n\t\t\t\t\t\t<div class=\"elementor-element elementor-element-01b6a1c elementor-widget elementor-widget-heading\" data-id=\"01b6a1c\" data-element_type=\"widget\" data-e-type=\"widget\" data-widget_type=\"heading.default\">\n\t\t\t\t<div class=\"elementor-widget-container\">\n\t\t\t\t\t<h2 class=\"elementor-heading-title elementor-size-default\">Les prochaines routes \u00e9coles<\/h2>\t\t\t\t<\/div>\n\t\t\t\t<\/div>\n\t\t\t\t<div class=\"elementor-element elementor-element-6c7f810 elementor-widget elementor-widget-text-editor\" data-id=\"6c7f810\" data-element_type=\"widget\" data-e-type=\"widget\" data-widget_type=\"text-editor.default\">\n\t\t\t\t<div class=\"elementor-widget-container\">\n\t\t\t\t\t\t\t\t\t<ul style=\"direction: ltr;margin-top: 0in;margin-bottom: 0in\" type=\"disc\"><li>Toussaint : du jeudi 23 au jeudi 30 octobre &#8211; Autun &gt; V\u00e9zelay<\/li><li>Jour de l&rsquo;An : du vendredi 26 d\u00e9cembre au samedi 3 janvier &#8211; Jura<\/li><li><span style=\"font-style: inherit;font-weight: inherit\">Hiver 1 (zones A et B) : du 14 au 22 f\u00e9vrier &#8211; Cognac &gt; La Rochelle<\/span><\/li><li>Hiver 2 (zoners B et C) : du 21 f\u00e9vrier au 1er mars &#8211; Vers le mont Saint Michel<\/li><li>P\u00e2ques 1 (zones A et B) : du 11 au 19 avril &#8211; Valence &gt; Avignon (environ)<\/li><li>P\u00e2ques 2 (zones B et C) : du 18 au 26 avril &#8211; Arles &gt; St-Guilhem-le-d\u00e9sert<\/li><li><span style=\"font-style: inherit;font-weight: inherit\">P\u00e2ques 3 (zones B et C) : du 18 au 26 avril &#8211; Auch &gt; Abbaye Ste-Marie de La Garde<\/span><\/li><li>Juin : du 20 au 28 juin &#8211; Savoie<\/li><li><span style=\"font-style: inherit;font-weight: inherit\">Stella Maris 1 : mi-juillet &#8211; ouverture le 15 mars<\/span><\/li><li><span style=\"font-style: inherit;font-weight: inherit\">Stella Maris 2 : fin ao\u00fbt &#8211; ouverture le 15 mars<\/span><\/li><li><span style=\"font-style: inherit;font-weight: inherit\">ITER : 5 au 11 juillet &#8211; Cahors &gt; Valence d&rsquo;Agen<\/span><\/li><\/ul><p>Si tu es int\u00e9ress\u00e9 prend contact avec ton Chef de Clan, Commissaire de District ou ACPrR<\/p>\t\t\t\t\t\t\t\t<\/div>\n\t\t\t\t<\/div>\n\t\t\t\t<div class=\"elementor-element elementor-element-7d41fdd elementor-align-center elementor-widget elementor-widget-ovs_buttons\" data-id=\"7d41fdd\" data-element_type=\"widget\" data-e-type=\"widget\" data-widget_type=\"ovs_buttons.default\">\n\t\t\t\t<div class=\"elementor-widget-container\">\n\t\t\t\t\t\t\t<div class=\"elementor-button-wrapper\">\n\t\t\t<a href=\"http:\/\/route@scouts-europe.org\" target=\"_blank\" class=\"elementor-button-link elementor-button btn_border_slide\" role=\"button\">\n\t\t\t\t\t\t<span class=\"elementor-button-content-wrapper\">\n\t\t\t\t\t\t<span class=\"elementor-button-text\">S'inscrire en Route Ecole<\/span>\n\t\t<\/span>\n\t\t\t<\/a>\n\t\t<\/div>\n\t\t\t\t\t<\/div>\n\t\t\t\t<\/div>\n\t\t\t\t\t<\/div>\n\t\t<\/div>\n\t\t\t\t<div class=\"elementor-column elementor-col-50 elementor-inner-column elementor-element elementor-element-37cc528\" data-id=\"37cc528\" data-element_type=\"column\" data-e-type=\"column\">\n\t\t\t<div class=\"elementor-widget-wrap elementor-element-populated\">\n\t\t\t\t\t\t<div class=\"elementor-element elementor-element-0fc9082 elementor-widget elementor-widget-image\" data-id=\"0fc9082\" data-element_type=\"widget\" data-e-type=\"widget\" data-widget_type=\"image.default\">\n\t\t\t\t<div class=\"elementor-widget-container\">\n\t\t\t\t\t\t\t\t\t\t\t\t\t\t\t<img decoding=\"async\" width=\"1024\" height=\"682\" src=\"https:\/\/www.scouts-europe.org\/route\/wp-content\/uploads\/sites\/101\/2024\/09\/5B6Q0316-1024x682.jpg\" class=\"attachment-large size-large wp-image-587\" alt=\"Fin de route \u00e9cole\" srcset=\"https:\/\/www.scouts-europe.org\/route\/wp-content\/uploads\/sites\/101\/2024\/09\/5B6Q0316-1024x682.jpg 1024w, https:\/\/www.scouts-europe.org\/route\/wp-content\/uploads\/sites\/101\/2024\/09\/5B6Q0316-300x200.jpg 300w, https:\/\/www.scouts-europe.org\/route\/wp-content\/uploads\/sites\/101\/2024\/09\/5B6Q0316-768x512.jpg 768w, https:\/\/www.scouts-europe.org\/route\/wp-content\/uploads\/sites\/101\/2024\/09\/5B6Q0316-1536x1024.jpg 1536w, https:\/\/www.scouts-europe.org\/route\/wp-content\/uploads\/sites\/101\/2024\/09\/5B6Q0316.jpg 2000w\" sizes=\"(max-width: 1024px) 100vw, 1024px\" \/>\t\t\t\t\t\t\t\t\t\t\t\t\t\t\t<\/div>\n\t\t\t\t<\/div>\n\t\t\t\t\t<\/div>\n\t\t<\/div>\n\t\t\t\t\t<\/div>\n\t\t<\/section>\n\t\t\t\t<div class=\"elementor-element elementor-element-d2e30a6 elementor-widget elementor-widget-elementskit-back-to-top\" data-id=\"d2e30a6\" data-element_type=\"widget\" data-e-type=\"widget\" data-widget_type=\"elementskit-back-to-top.default\">\n\t\t\t\t<div class=\"elementor-widget-container\">\n\t\t\t\t\t<div class=\"ekit-wid-con\" >\t\t\t<div class=\"ekit-back-to-top-container ekit-btt progress_indicator\" data-settings=\"{&quot;offset_top&quot;:0,&quot;show_after&quot;:null,&quot;show_scroll&quot;:&quot;&quot;,&quot;style&quot;:&quot;progress_indicator&quot;,&quot;foreground&quot;:&quot;#FF5050&quot;,&quot;background&quot;:&quot;#eee&quot;}\"> \n\t\t\t\t<span class=\"ekit-btt__button \">\n\t\t\t\t\t\t\t\t\t\t\t\t<div class=\"progress_indicator\" >\n\t\t\t\t\t\t\t\t<canvas id=\"canvas-d2e30a6\" class=\"canvas\" data-canvas=\"d2e30a6\"><\/canvas>\n\t\t\t\t\t\t\t\t<span><i aria-hidden=\"true\" class=\"fas fa-arrow-up\"><\/i><\/span>\n\t\t\t\t\t\t\t<\/div>\n\t\t\t\t\t\t\t\t\t\t\t<\/span>\n\t\t\t<\/div>\n\t\t<\/div>\t\t\t\t<\/div>\n\t\t\t\t<\/div>\n\t\t\t\t\t<\/div>\n\t\t<\/div>\n\t\t\t\t\t<\/div>\n\t\t<\/section>\n\t\t\t\t<section class=\"elementor-section elementor-top-section elementor-element elementor-element-9ec85ef elementor-section-boxed elementor-section-height-default elementor-section-height-default\" data-id=\"9ec85ef\" data-element_type=\"section\" data-e-type=\"section\">\n\t\t\t\t\t\t<div class=\"elementor-container elementor-column-gap-default\">\n\t\t\t\t\t<div class=\"elementor-column elementor-col-100 elementor-top-column elementor-element elementor-element-178e65b\" data-id=\"178e65b\" data-element_type=\"column\" data-e-type=\"column\">\n\t\t\t<div class=\"elementor-widget-wrap\">\n\t\t\t\t\t\t\t<\/div>\n\t\t<\/div>\n\t\t\t\t\t<\/div>\n\t\t<\/section>\n\t\t\t\t<\/div>\n\t\t","protected":false},"excerpt":{"rendered":"<p>Les formations Il existe trois sortes de routes-\u00e9coles\u00a0: Les REAP\u00a0:\u00a0(routes \u00e9coles d\u2019assistants pilotes, 1er degr\u00e9 qui s\u2019adressent aux ACC (chefs d\u2019\u00e9quipes) Les RECP\u00a0:\u00a0(routes \u00e9coles de chefs de clan pilote, 2\u00e8me degr\u00e9) qui s\u2019adressent aux CC (chefs de clan pilote). L\u2019ITER\u00a0:\u00a0(3\u00e8me degr\u00e9, signifie \u00ab\u00a0chemin\u00a0\u00bb en latin). Cette route regroupe les chefs de clan chevronn\u00e9s ayant d\u00e9j\u00e0 [&hellip;]<\/p>\n","protected":false},"author":1,"featured_media":0,"parent":52,"menu_order":0,"comment_status":"closed","ping_status":"closed","template":"","meta":{"_seopress_robots_primary_cat":"","_seopress_titles_title":"","_seopress_titles_desc":"","_seopress_robots_index":"","site-sidebar-layout":"no-sidebar","site-content-layout":"page-builder","ast-site-content-layout":"full-width-container","site-content-style":"default","site-sidebar-style":"default","ast-global-header-display":"","ast-banner-title-visibility":"","ast-main-header-display":"","ast-hfb-above-header-display":"","ast-hfb-below-header-display":"","ast-hfb-mobile-header-display":"","site-post-title":"disabled","ast-breadcrumbs-content":"","ast-featured-img":"disabled","footer-sml-layout":"","theme-transparent-header-meta":"default","adv-header-id-meta":"","stick-header-meta":"","header-above-stick-meta":"","header-main-stick-meta":"","header-below-stick-meta":"","astra-migrate-meta-layouts":"set","ast-page-background-enabled":"default","ast-page-background-meta":{"desktop":{"background-color":"var(--ast-global-color-4)","background-image":"","background-repeat":"repeat","background-position":"center center","background-size":"auto","background-attachment":"scroll","background-type":"","background-media":"","overlay-type":"","overlay-color":"","overlay-opacity":"","overlay-gradient":""},"tablet":{"background-color":"","background-image":"","background-repeat":"repeat","background-position":"center center","background-size":"auto","background-attachment":"scroll","background-type":"","background-media":"","overlay-type":"","overlay-color":"","overlay-opacity":"","overlay-gradient":""},"mobile":{"background-color":"","background-image":"","background-repeat":"repeat","background-position":"center center","background-size":"auto","background-attachment":"scroll","background-type":"","background-media":"","overlay-type":"","overlay-color":"","overlay-opacity":"","overlay-gradient":""}},"ast-content-background-meta":{"desktop":{"background-color":"var(--ast-global-color-5)","background-image":"","background-repeat":"repeat","background-position":"center center","background-size":"auto","background-attachment":"scroll","background-type":"","background-media":"","overlay-type":"","overlay-color":"","overlay-opacity":"","overlay-gradient":""},"tablet":{"background-color":"var(--ast-global-color-5)","background-image":"","background-repeat":"repeat","background-position":"center center","background-size":"auto","background-attachment":"scroll","background-type":"","background-media":"","overlay-type":"","overlay-color":"","overlay-opacity":"","overlay-gradient":""},"mobile":{"background-color":"var(--ast-global-color-5)","background-image":"","background-repeat":"repeat","background-position":"center center","background-size":"auto","background-attachment":"scroll","background-type":"","background-media":"","overlay-type":"","overlay-color":"","overlay-opacity":"","overlay-gradient":""}},"footnotes":""},"class_list":["post-277","page","type-page","status-publish","hentry"],"_links":{"self":[{"href":"https:\/\/www.scouts-europe.org\/route\/wp-json\/wp\/v2\/pages\/277","targetHints":{"allow":["GET"]}}],"collection":[{"href":"https:\/\/www.scouts-europe.org\/route\/wp-json\/wp\/v2\/pages"}],"about":[{"href":"https:\/\/www.scouts-europe.org\/route\/wp-json\/wp\/v2\/types\/page"}],"author":[{"embeddable":true,"href":"https:\/\/www.scouts-europe.org\/route\/wp-json\/wp\/v2\/users\/1"}],"replies":[{"embeddable":true,"href":"https:\/\/www.scouts-europe.org\/route\/wp-json\/wp\/v2\/comments?post=277"}],"version-history":[{"count":24,"href":"https:\/\/www.scouts-europe.org\/route\/wp-json\/wp\/v2\/pages\/277\/revisions"}],"predecessor-version":[{"id":1710,"href":"https:\/\/www.scouts-europe.org\/route\/wp-json\/wp\/v2\/pages\/277\/revisions\/1710"}],"up":[{"embeddable":true,"href":"https:\/\/www.scouts-europe.org\/route\/wp-json\/wp\/v2\/pages\/52"}],"wp:attachment":[{"href":"https:\/\/www.scouts-europe.org\/route\/wp-json\/wp\/v2\/media?parent=277"}],"curies":[{"name":"wp","href":"https:\/\/api.w.org\/{rel}","templated":true}]}}